{"id":978,"date":"2016-11-21T11:46:12","date_gmt":"2016-11-21T11:46:12","guid":{"rendered":"https:\/\/agrarias.ufpr.br\/zootecnia\/?page_id=978"},"modified":"2025-04-15T19:22:52","modified_gmt":"2025-04-15T19:22:52","slug":"galeria-de-coordenadores","status":"publish","type":"page","link":"https:\/\/agrarias.ufpr.br\/zootecnia\/galeria-de-coordenadores\/","title":{"rendered":"Galeria de Coordenadores"},"content":{"rendered":"<table style=\"width: 566px\">\n<tbody>\n<tr>\n<td style=\"width: 179px\"><span style=\"color: #0b38a9\">\u00a0<a style=\"color: #0b38a9\" href=\"https:\/\/agrarias.ufpr.br\/zootecnia\/wp-content\/uploads\/sites\/13\/2016\/11\/paulo.jpg\"><img loading=\"lazy\" decoding=\"async\" class=\"alignleft wp-image-981\" src=\"https:\/\/agrarias.ufpr.br\/zootecnia\/wp-content\/uploads\/sites\/13\/2016\/11\/paulo-290x300.jpg\" alt=\"paulo\" width=\"201\" height=\"208\" srcset=\"https:\/\/agrarias.ufpr.br\/zootecnia\/wp-content\/uploads\/sites\/13\/2016\/11\/paulo-290x300.jpg 290w, https:\/\/agrarias.ufpr.br\/zootecnia\/wp-content\/uploads\/sites\/13\/2016\/11\/paulo-250x258.jpg 250w, https:\/\/agrarias.ufpr.br\/zootecnia\/wp-content\/uploads\/sites\/13\/2016\/11\/paulo-116x120.jpg 116w, https:\/\/agrarias.ufpr.br\/zootecnia\/wp-content\/uploads\/sites\/13\/2016\/11\/paulo.jpg 489w\" sizes=\"auto, (max-width: 201px) 100vw, 201px\" \/><\/a><\/span><\/td>\n<td style=\"width: 387px\"><span style=\"color: #0b38a9\">Paulo Rossi Junior <\/span><\/p>\n<p><span style=\"color: #0b38a9\">Departamento de Zootecnia<\/span><\/p>\n<p><span style=\"color: #0b38a9\">Gest\u00e3o 2000 &#8211; 2004<\/span><\/p>\n<p><span style=\"color: #0b38a9\">(41) 3350-5705<\/span><\/p>\n<p><span style=\"color: #0b38a9\">parossi@ufpr.br<\/span><\/td>\n<\/tr>\n<tr>\n<td style=\"width: 179px\"><span style=\"color: #0b38a9\">\u00a0<a style=\"color: #0b38a9\" href=\"https:\/\/agrarias.ufpr.br\/zootecnia\/wp-content\/uploads\/sites\/13\/2016\/11\/dittrich.jpg\"><img loading=\"lazy\" decoding=\"async\" class=\"alignleft wp-image-988\" src=\"https:\/\/agrarias.ufpr.br\/zootecnia\/wp-content\/uploads\/sites\/13\/2016\/11\/dittrich.jpg\" alt=\"dittrich\" width=\"201\" height=\"192\" srcset=\"https:\/\/agrarias.ufpr.br\/zootecnia\/wp-content\/uploads\/sites\/13\/2016\/11\/dittrich.jpg 299w, https:\/\/agrarias.ufpr.br\/zootecnia\/wp-content\/uploads\/sites\/13\/2016\/11\/dittrich-250x239.jpg 250w, https:\/\/agrarias.ufpr.br\/zootecnia\/wp-content\/uploads\/sites\/13\/2016\/11\/dittrich-125x120.jpg 125w\" sizes=\"auto, (max-width: 201px) 100vw, 201px\" \/><\/a><\/span><\/td>\n<td style=\"width: 387px\"><span style=\"color: #0b38a9\">Jo\u00e3o Ricardo Dittrich <\/span><\/p>\n<p><span style=\"color: #0b38a9\">Departamento de Zootecnia<\/span><\/p>\n<p><span style=\"color: #0b38a9\">Gest\u00e3o 2005 &#8211; 2007<\/span><\/p>\n<p><span style=\"color: #0b38a9\">(41) 3350-5625<\/span><\/p>\n<p><span style=\"color: #0b38a9\">dittrich@ufpr.br<\/span><\/td>\n<\/tr>\n<tr>\n<td style=\"width: 179px\"><span style=\"color: #0b38a9\">\u00a0<a style=\"color: #0b38a9\" href=\"https:\/\/agrarias.ufpr.br\/zootecnia\/wp-content\/uploads\/sites\/13\/2016\/11\/maiorka.jpg\"><img loading=\"lazy\" decoding=\"async\" class=\"aligncenter wp-image-989 \" src=\"https:\/\/agrarias.ufpr.br\/zootecnia\/wp-content\/uploads\/sites\/13\/2016\/11\/maiorka.jpg\" alt=\"maiorka\" width=\"201\" height=\"204\" srcset=\"https:\/\/agrarias.ufpr.br\/zootecnia\/wp-content\/uploads\/sites\/13\/2016\/11\/maiorka.jpg 265w, https:\/\/agrarias.ufpr.br\/zootecnia\/wp-content\/uploads\/sites\/13\/2016\/11\/maiorka-250x254.jpg 250w, https:\/\/agrarias.ufpr.br\/zootecnia\/wp-content\/uploads\/sites\/13\/2016\/11\/maiorka-118x120.jpg 118w\" sizes=\"auto, (max-width: 201px) 100vw, 201px\" \/><\/a><\/span><\/td>\n<td style=\"width: 387px\"><span style=\"color: #0b38a9\">Alex Maiorka <\/span><\/p>\n<p><span style=\"color: #0b38a9\">Departamento de Zootecnia<\/span><\/p>\n<p><span style=\"color: #0b38a9\">Gest\u00e3o 2008 &#8211; 2010<\/span><\/p>\n<p><span style=\"color: #0b38a9\">(41) 3350-5732<\/span><\/p>\n<p><span style=\"color: #0b38a9\">amaiorka@ufpr.br<\/span><\/td>\n<\/tr>\n<tr>\n<td style=\"width: 179px\"><span style=\"color: #0b38a9\"> <a href=\"https:\/\/agrarias.ufpr.br\/zootecnia\/wp-content\/uploads\/sites\/13\/2025\/04\/image-1.png\"><img loading=\"lazy\" decoding=\"async\" class=\"alignleft size-full wp-image-2000\" src=\"https:\/\/agrarias.ufpr.br\/zootecnia\/wp-content\/uploads\/sites\/13\/2025\/04\/image-1.png\" alt=\"\" width=\"265\" height=\"258\" srcset=\"https:\/\/agrarias.ufpr.br\/zootecnia\/wp-content\/uploads\/sites\/13\/2025\/04\/image-1.png 265w, https:\/\/agrarias.ufpr.br\/zootecnia\/wp-content\/uploads\/sites\/13\/2025\/04\/image-1-250x243.png 250w, https:\/\/agrarias.ufpr.br\/zootecnia\/wp-content\/uploads\/sites\/13\/2025\/04\/image-1-101x98.png 101w, https:\/\/agrarias.ufpr.br\/zootecnia\/wp-content\/uploads\/sites\/13\/2025\/04\/image-1-59x57.png 59w\" sizes=\"auto, (max-width: 265px) 100vw, 265px\" \/><\/a><\/span><\/td>\n<td style=\"width: 387px\"><span style=\"color: #0b38a9\">Antonio Jo\u00e3o Scandolera <\/span><\/p>\n<p><span style=\"color: #0b38a9\">Departamento de Zootecnia<\/span><\/p>\n<p><span style=\"color: #0b38a9\">Gest\u00e3o 2011 &#8211; 2014<\/span><\/p>\n<p><span style=\"color: #0b38a9\">(41) 3350-5732<\/span><\/p>\n<p><span style=\"color: #0b38a9\">ajscandolera@ufpr.br<\/span><\/td>\n<\/tr>\n<tr>\n<td style=\"width: 179px\"><span style=\"color: #0b38a9\">\u00a0<a style=\"color: #0b38a9\" href=\"https:\/\/agrarias.ufpr.br\/zootecnia\/wp-content\/uploads\/sites\/13\/2016\/11\/rodrigo.jpg\"><img loading=\"lazy\" decoding=\"async\" class=\"alignleft wp-image-992\" src=\"https:\/\/agrarias.ufpr.br\/zootecnia\/wp-content\/uploads\/sites\/13\/2016\/11\/rodrigo-300x285.jpg\" alt=\"rodrigo\" width=\"202\" height=\"192\" srcset=\"https:\/\/agrarias.ufpr.br\/zootecnia\/wp-content\/uploads\/sites\/13\/2016\/11\/rodrigo-300x285.jpg 300w, https:\/\/agrarias.ufpr.br\/zootecnia\/wp-content\/uploads\/sites\/13\/2016\/11\/rodrigo-250x237.jpg 250w, https:\/\/agrarias.ufpr.br\/zootecnia\/wp-content\/uploads\/sites\/13\/2016\/11\/rodrigo-126x120.jpg 126w, https:\/\/agrarias.ufpr.br\/zootecnia\/wp-content\/uploads\/sites\/13\/2016\/11\/rodrigo.jpg 433w\" sizes=\"auto, (max-width: 202px) 100vw, 202px\" \/><\/a><\/span><\/td>\n<td style=\"width: 387px\"><span style=\"color: #0b38a9\">Rodrigo de Almeida Teixeira <\/span><\/p>\n<p><span style=\"color: #0b38a9\">Departamento de Zootecnia<\/span><\/p>\n<p><span style=\"color: #0b38a9\">Gest\u00e3o 2015 &#8211; 2018<\/span><\/p>\n<p><span style=\"color: #0b38a9\">(41) 3350-5710<\/span><\/p>\n<p><span style=\"color: #0b38a9\">rteixeira@ufpr.br<\/span><\/td>\n<\/tr>\n<\/tbody>\n<\/table>\n<table style=\"width: 567px\">\n<tbody>\n<tr>\n<td style=\"width: 183px\" width=\"179\"><span style=\"color: #0b38a9\">\u00a0<a href=\"https:\/\/agrarias.ufpr.br\/zootecnia\/wp-content\/uploads\/sites\/13\/2018\/10\/marcos.jpg\"><img loading=\"lazy\" decoding=\"async\" class=\"alignleft size-full wp-image-1298\" src=\"https:\/\/agrarias.ufpr.br\/zootecnia\/wp-content\/uploads\/sites\/13\/2018\/10\/marcos.jpg\" alt=\"\" width=\"250\" height=\"258\" srcset=\"https:\/\/agrarias.ufpr.br\/zootecnia\/wp-content\/uploads\/sites\/13\/2018\/10\/marcos.jpg 250w, https:\/\/agrarias.ufpr.br\/zootecnia\/wp-content\/uploads\/sites\/13\/2018\/10\/marcos-116x120.jpg 116w\" sizes=\"auto, (max-width: 250px) 100vw, 250px\" \/><\/a><\/span><\/td>\n<td style=\"width: 384px\" width=\"387\"><span style=\"color: #0b38a9\">Marcos Martinez do Vale <\/span><\/p>\n<p><span style=\"color: #0b38a9\">Departamento de Zootecnia<\/span><\/p>\n<p><span style=\"color: #0b38a9\">Gest\u00e3o 2018 &#8211; 2020<\/span><\/p>\n<p><span style=\"color: #0b38a9\">(41) 3350-5821<\/span><\/p>\n<p><span style=\"color: #0b38a9\">marcos.vale@ufpr.br<\/span><\/td>\n<\/tr>\n<\/tbody>\n<\/table>\n<table style=\"width: 565px\">\n<tbody>\n<tr>\n<td style=\"width: 183px\" width=\"179\"><span style=\"color: #0b38a9\"> <img decoding=\"async\" src=\"https:\/\/agrarias.ufpr.br\/zootecnia\/wp-content\/uploads\/sites\/13\/2023\/10\/04.jpg\" \/><\/span><\/td>\n<td style=\"width: 382px\" width=\"387\"><span style=\"color: #0b38a9\">Chayane da Rocha\u00a0<\/span><\/p>\n<p><span style=\"color: #0b38a9\">Departamento de Zootecnia<\/span><\/p>\n<p><span style=\"color: #0b38a9\">Gest\u00e3o 2021 &#8211; 2024<\/span><\/p>\n<p><span style=\"color: #0b38a9\">(41) 3350-5825<\/span><\/p>\n<p><span style=\"color: #0b38a9\">chayane.rocha@ufpr.br<\/span><\/td>\n<\/tr>\n<tr>\n<td style=\"width: 183px\"><span style=\"color: #0b38a9\"><a href=\"https:\/\/agrarias.ufpr.br\/zootecnia\/wp-content\/uploads\/sites\/13\/2025\/01\/rafael-2.jpg\"><img loading=\"lazy\" decoding=\"async\" class=\"alignleft size-full wp-image-1941\" src=\"https:\/\/agrarias.ufpr.br\/zootecnia\/wp-content\/uploads\/sites\/13\/2025\/01\/rafael-2.jpg\" alt=\"\" width=\"305\" height=\"290\" srcset=\"https:\/\/agrarias.ufpr.br\/zootecnia\/wp-content\/uploads\/sites\/13\/2025\/01\/rafael-2.jpg 305w, https:\/\/agrarias.ufpr.br\/zootecnia\/wp-content\/uploads\/sites\/13\/2025\/01\/rafael-2-300x285.jpg 300w, https:\/\/agrarias.ufpr.br\/zootecnia\/wp-content\/uploads\/sites\/13\/2025\/01\/rafael-2-250x238.jpg 250w, https:\/\/agrarias.ufpr.br\/zootecnia\/wp-content\/uploads\/sites\/13\/2025\/01\/rafael-2-103x98.jpg 103w, https:\/\/agrarias.ufpr.br\/zootecnia\/wp-content\/uploads\/sites\/13\/2025\/01\/rafael-2-60x57.jpg 60w\" sizes=\"auto, (max-width: 305px) 100vw, 305px\" \/><\/a><\/span><\/td>\n<td style=\"width: 382px\"><span style=\"color: #0b38a9\">Rafael Henrique Prado Silva <\/span><\/p>\n<p><span style=\"color: #0b38a9\">Departamento de Zootecnia<\/span><\/p>\n<p><span style=\"color: #0b38a9\">Gest\u00e3o 2025 &#8211; 2026<\/span><\/p>\n<p><span style=\"color: #0b38a9\">(41) 3350-5825<\/span><\/p>\n<p><span style=\"color: #0b38a9\">rafaelprado@ufpr.br<\/span><\/td>\n<\/tr>\n<\/tbody>\n<\/table>\n","protected":false},"excerpt":{"rendered":"<p>\u00a0 Paulo Rossi Junior Departamento de Zootecnia Gest\u00e3o 2000 &#8211; 2004 (41) 3350-5705 parossi@ufpr.br \u00a0 Jo\u00e3o Ricardo Dittrich Departamento de Zootecnia Gest\u00e3o 2005 &#8211; 2007 (41) 3350-5625 dittrich@ufpr.br \u00a0 Alex Maiorka Departamento de Zootecnia Gest\u00e3o 2008 &#8211; 2010 (41) 3350-5732 amaiorka@ufpr.br Antonio Jo\u00e3o Scandolera Departamento de Zootecnia Gest\u00e3o 2011 &#8211; 2014 (41) 3350-5732 ajscandolera@ufpr.br \u00a0 [&hellip;]<\/p>\n","protected":false},"author":6,"featured_media":0,"parent":0,"menu_order":0,"comment_status":"closed","ping_status":"closed","template":"","meta":{"footnotes":""},"class_list":["post-978","page","type-page","status-publish","hentry"],"_links":{"self":[{"href":"https:\/\/agrarias.ufpr.br\/zootecnia\/wp-json\/wp\/v2\/pages\/978","targetHints":{"allow":["GET"]}}],"collection":[{"href":"https:\/\/agrarias.ufpr.br\/zootecnia\/wp-json\/wp\/v2\/pages"}],"about":[{"href":"https:\/\/agrarias.ufpr.br\/zootecnia\/wp-json\/wp\/v2\/types\/page"}],"author":[{"embeddable":true,"href":"https:\/\/agrarias.ufpr.br\/zootecnia\/wp-json\/wp\/v2\/users\/6"}],"replies":[{"embeddable":true,"href":"https:\/\/agrarias.ufpr.br\/zootecnia\/wp-json\/wp\/v2\/comments?post=978"}],"version-history":[{"count":26,"href":"https:\/\/agrarias.ufpr.br\/zootecnia\/wp-json\/wp\/v2\/pages\/978\/revisions"}],"predecessor-version":[{"id":2002,"href":"https:\/\/agrarias.ufpr.br\/zootecnia\/wp-json\/wp\/v2\/pages\/978\/revisions\/2002"}],"wp:attachment":[{"href":"https:\/\/agrarias.ufpr.br\/zootecnia\/wp-json\/wp\/v2\/media?parent=978"}],"curies":[{"name":"wp","href":"https:\/\/api.w.org\/{rel}","templated":true}]}}