{"id":75,"date":"2018-11-28T14:27:59","date_gmt":"2018-11-28T14:27:59","guid":{"rendered":"https:\/\/agrarias.ufpr.br\/sacas\/?page_id=75"},"modified":"2019-01-18T19:17:07","modified_gmt":"2019-01-18T19:17:07","slug":"quem-somos","status":"publish","type":"page","link":"https:\/\/agrarias.ufpr.br\/sacas\/quem-somos\/","title":{"rendered":"Quem Somos"},"content":{"rendered":"<p><strong>Quem Somos&nbsp;<\/strong><\/p>\n<p>Quem somos<br \/>\nA equipe que organiza e escreve o conte\u00fado do site<br \/>\nagrarias.ufpr.br\/sacas \u00e9 formada por professores, m\u00e9dicos<br \/>\nveterin\u00e1rios, servidores t\u00e9cnicos, bioqu\u00edmicos, bi\u00f3logos, t\u00e9cnicos de<br \/>\ninform\u00e1tica, alunos de gradua\u00e7\u00e3o, de especializa\u00e7\u00e3o e de<br \/>\np\u00f3s-gradua\u00e7\u00e3o do Laborat\u00f3rio de Patologia Cl\u00ednica Veterin\u00e1ria, que \u00e9<br \/>\nvinculado ao Departamento de Medicina Veterin\u00e1ria, e est\u00e1 localizado<br \/>\ndentro do Setor de Ci\u00eancias Agr\u00e1rias, da Universidade Federal do<br \/>\nParan\u00e1 \u2013 UFPR, Campus Curitiba, Paran\u00e1.<br \/>\nO conte\u00fado desse site \u00e9 fruto do trabalho de mais de 20 anos no<br \/>\nLaborat\u00f3rio de Patologia Cl\u00ednica Veterin\u00e1ria da UFPR, onde s\u00e3o<br \/>\nrealizados diariamente exames em v\u00e1rias esp\u00e9cies de mam\u00edferos,<br \/>\naves e r\u00e9pteis. Os exames s\u00e3o hemograma; perfil bioqu\u00edmico;<br \/>\nurin\u00e1lise; an\u00e1lises de efus\u00e3o, l\u00edquor e l\u00edquido sinovial; exames de<br \/>\nmedula \u00f3ssea (mielograma); pesquisa de anticorpos para Neospora<br \/>\ncaninum, Toxoplasma gondii e Sarcocystis spp.<br \/>\nDurante esses anos, vimos a necessidade de divulgar o<br \/>\nconhecimento sobre o processamento de amostras de sangue de<br \/>\naves, as indica\u00e7\u00f5es dos exames, interpreta\u00e7\u00e3o dos resultados e<br \/>\nidentifica\u00e7\u00e3o das c\u00e9lulas sangu\u00edneas. O n\u00famero de exames solicitados<br \/>\npelos profissionais cresce anualmente, devido ao maior n\u00famero de<br \/>\ncasos como acidentes, traumas e doen\u00e7as nas aves silvestres.<br \/>\nO Brasil est\u00e1 entre os tr\u00eas pa\u00edses do mundo com a maior riqueza<br \/>\nde avifauna, com 1.834 esp\u00e9cies de aves. Destas esp\u00e9cies, 234<br \/>\nocorrem exclusivamente no pa\u00eds e 160 est\u00e3o na Lista Oficial da Fauna<br \/>\nBrasileira Amea\u00e7ada de Extin\u00e7\u00e3o. As interven\u00e7\u00f5es humanas afetaram,<br \/>\nsignificativamente, as esp\u00e9cies de aves que habitam os ecossistemas<br \/>\nnaturais brasileiros e, infelizmente, muitas esp\u00e9cies est\u00e3o amea\u00e7adas.<br \/>\nAs principais amea\u00e7as s\u00e3o a perda e degrada\u00e7\u00e3o de habitats, captura<br \/>\npara o com\u00e9rcio ilegal, polui\u00e7\u00e3o, morte acidental e altera\u00e7\u00f5es na<br \/>\ndin\u00e2mica das esp\u00e9cies nativas.<br \/>\nAs t\u00e9cnicas de processamento do sangue para hemograma e as<br \/>\nc\u00e9lulas sangu\u00edneas de aves s\u00e3o diferentes de mam\u00edferos. No<br \/>\nlaborat\u00f3rio s\u00e3o realizados hemogramas e bioqu\u00edmicos de aves<br \/>\ndoentes e pesquisas com as diferentes esp\u00e9cies de aves silvestres, de<br \/>\nvida livre e de cativeiro, e dom\u00e9sticas. Durante os anos, os monitores<br \/>\ndas disciplinas de Patologia Cl\u00ednica Veterin\u00e1ria e de An\u00e1lises Cl\u00ednicas<br \/>\ne Toxicol\u00f3gicas em Medicina Veterin\u00e1ria organizaram um banco de<br \/>\ndados de hematologia de aves. Os casos cl\u00ednicos e as l\u00e2minas foram<br \/>\nguardadas e cadastradas. Atualmente temos o lamin\u00e1rio did\u00e1tico de<br \/>\nc\u00e9lulas sangu\u00edneas de aves silvestres e dom\u00e9sticas.<br \/>\n\u00c9 importante ressaltar o trabalho e os estudos dos alunos de<br \/>\ngradua\u00e7\u00e3o, inicia\u00e7\u00e3o cient\u00edfica, monitores, alunos de especializa\u00e7\u00e3o e<br \/>\nde p\u00f3s-gradua\u00e7\u00e3o, que desenvolveram seus projetos de pesquisa com<br \/>\naves. V\u00e1rias teses, disserta\u00e7\u00f5es e monografias foram desenvolvidas,<br \/>\ngerando resultados como valores de refer\u00eancia de hematologia e<br \/>\nperfis bioqu\u00edmicos, e de sanidade.<br \/>\nAlguns exemplos dos estudos realizados s\u00e3o: (a) \u201cPar\u00e2metros<br \/>\ncl\u00ednicos e de bioqu\u00edmica s\u00e9rica de pinguins-de-magalh\u00e3es (Spheniscus<br \/>\nmagellanicus) pr\u00e9 e p\u00f3s-reabilita\u00e7\u00e3o\u201d; (b) \u201cPar\u00e2metros hematol\u00f3gicos e<br \/>\nbioqu\u00edmicos em filhotes de papagaio-de-cara-roxa (Amazona<br \/>\nbrasiliensis) saud\u00e1veis e doentes de vida livre no Estado do Paran\u00e1,<br \/>\nBrasil\u201d; (c) \u201cPerfis hematol\u00f3gicos e bioqu\u00edmicos de jacutingas (Aburria<br \/>\njacutinga) mantidas em cativeiro\u201d, com foco em reprodu\u00e7\u00e3o e soltura; (d)<br \/>\n\u201cPar\u00e2metros hematol\u00f3gicos e bioqu\u00edmicos de aves de rapina cativas<br \/>\nde ocorr\u00eancia no Brasil\u201d, com amostras procedentes do Paran\u00e1, Rio<br \/>\nGrande do Sul, Santa Catarina e S\u00e3o Paulo; (e)\u201dPerfis hematol\u00f3gicos<br \/>\ne bioqu\u00edmicos de avestruzes mantidos em diferentes sistemas de<br \/>\nCria\u00e7\u00e3o no Paran\u00e1\u201d.<br \/>\nNesses estudos trabalharam profissionais da UFPR e de v\u00e1rias<br \/>\ninstitui\u00e7\u00f5es parceiras, como a Sociedade de Pesquisa em Vida<br \/>\nSelvagem e Educa\u00e7\u00e3o Ambiental (SPVS), que desenvolve o \u201cProjeto<br \/>\nde Conserva\u00e7\u00e3o do Papagaio-de-cara-roxa\u201d, cujo objetivo \u00e9 contribuir<br \/>\ncom a conserva\u00e7\u00e3o da esp\u00e9cie e de seu habitat. O Centro Nacional de<br \/>\nPesquisa e Conserva\u00e7\u00e3o de Aves Silvestres (CEMAVE\/ICMBio),<br \/>\nvinculado ao Instituto Chico Mendes de Conserva\u00e7\u00e3o da<br \/>\nBiodiversidade (ICMBio). O CEMAVE \u00e9 o \u00f3rg\u00e3o respons\u00e1vel pela<br \/>\navalia\u00e7\u00e3o do estado de conserva\u00e7\u00e3o das aves brasileiras e pela<br \/>\nelabora\u00e7\u00e3o e coordena\u00e7\u00e3o de Planos de A\u00e7\u00e3o Nacionais (PAN) para<br \/>\nconserva\u00e7\u00e3o de esp\u00e9cies de aves brasileiras amea\u00e7adas de extin\u00e7\u00e3o<br \/>\ne das aves migrat\u00f3rias.<br \/>\nNo laborat\u00f3rio tamb\u00e9m s\u00e3o realizados exames de sangue de<br \/>\naves dom\u00e9sticas, como codornas, frangos, pav\u00e3o, patos, marrecos e<br \/>\ngansos dos parques p\u00fablicos de Curitiba, gerando resultados<br \/>\nimportantes, como par\u00e2metros de refer\u00eancia de aves saud\u00e1veis e<br \/>\ndoentes.<br \/>\nDestacamos a experi\u00eancia adquirida durante esses anos com a<br \/>\nrealiza\u00e7\u00e3o dos exames de aves atendidas no Hospital Veterin\u00e1rio da<br \/>\nUFPR. A interpreta\u00e7\u00e3o desses resultados gerou mais conhecimento e<br \/>\ncompreens\u00e3o das v\u00e1rias altera\u00e7\u00f5es que ocorrem com as c\u00e9lulas<br \/>\nsangu\u00edneas, como nas anemias e inflama\u00e7\u00f5es, e nos par\u00e2metros<br \/>\nbioqu\u00edmicos de aves.<br \/>\nExiste uma grande lacuna na oferta dos exames de aves nos<br \/>\nlaborat\u00f3rios do Brasil. Isso ocorre porque h\u00e1 dificuldade em encontrar<br \/>\na descri\u00e7\u00e3o das t\u00e9cnicas hematol\u00f3gicas, a identifica\u00e7\u00e3o e a morfologia<br \/>\ndas c\u00e9lulas sangu\u00edneas (eritr\u00f3citos, leuc\u00f3citos e tromb\u00f3citos), as<br \/>\naltera\u00e7\u00f5es que ocorrem nessas c\u00e9lulas e os valores de refer\u00eancia para<br \/>\naves silvestres brasileiras. Como exemplo, a identifica\u00e7\u00e3o dos<br \/>\nheter\u00f3filos bastonetes, c\u00e9lulas importantes que aparecem nas aves<br \/>\ncom inflama\u00e7\u00e3o aguda, os eritr\u00f3citos policromat\u00f3filos, que aparecem<br \/>\nnas aves com anemia regenerativa, e os hemoparasitas e inclus\u00f5es<br \/>\nque est\u00e3o no citoplasma das c\u00e9lulas.<br \/>\nNo site est\u00e3o as fotos das c\u00e9lulas sangu\u00edneas de aves saud\u00e1veis<br \/>\ne doentes, com identifica\u00e7\u00e3o e legendas em portugu\u00eas. As fotos foram<br \/>\nobtidas do acervo do laborat\u00f3rio, o lamin\u00e1rio did\u00e1tico, dispon\u00edvel para<br \/>\nas atividades desenvolvidas nas aulas pr\u00e1tica dos alunos.<br \/>\nMuitos profissionais n\u00e3o utilizam as ferramentas de diagn\u00f3stico,<br \/>\nhemogramas e testes bioqu\u00edmicos, porque n\u00e3o conseguem encontrar<br \/>\nde maneira pr\u00e1tica e em portugu\u00eas, os valores de refer\u00eancia do<br \/>\neritrograma e leucograma, dos perfis hep\u00e1tico e renal de aves. No site<br \/>\ndisponibilizamos as tabelas com os valores de refer\u00eancia, acesso \u00e0s<br \/>\ndisserta\u00e7\u00f5es e teses geradas na UFPR.<br \/>\nOs casos cl\u00ednicos de aves doentes, com interpreta\u00e7\u00e3o dos<br \/>\nexames, tamb\u00e9m est\u00e3o dispon\u00edveis. A interpreta\u00e7\u00e3o \u00e9 muito<br \/>\nimportante para todos os profissionais que atuam na \u00e1rea. Os exames,<br \/>\nassociados a outros dados, ajudam o profissional no diagn\u00f3stico,<br \/>\nprogn\u00f3stico, conduta no tratamento, fornecem subs\u00eddios para orientar<br \/>\nno manejo e cria\u00e7\u00e3o das aves.<br \/>\nO site foi idealizado para ajudar todos os profissionais que atuam<br \/>\nem laborat\u00f3rio e gostam das c\u00e9lulas e exames das aves!<\/p>\n<p>Prof\u00aa Rosangela Locatelli Dittrich<br \/>\nProfessora das Disciplinas de Patologia Cl\u00ednica Veterin\u00e1ria e de<br \/>\nAn\u00e1lises Cl\u00ednicas e Toxicol\u00f3gicas em Medicina Veterin\u00e1ria<br \/>\nCoordenadora do Laborat\u00f3rio de Patologia Cl\u00ednica Veterin\u00e1ria da<br \/>\nUFPR \u2013 credenciado no CNPq<br \/>\nDepartamento de Medicina Veterin\u00e1ria<br \/>\nUniversidade Federal do Paran\u00e1<br \/>\nEmail: roslocdi@ufpr.br<br \/>\nCurr\u00edculo Lattes:&nbsp;<a href=\"http:\/\/lattes.cnpq.br\/5373594111880302\"><img loading=\"lazy\" decoding=\"async\" class=\"alignnone\" src=\"http:\/\/comunic.sites.ufsc.br\/wp-content\/uploads\/2016\/02\/icon-lattes-1-300x287.png\" alt=\"Resultado de imagem para lattes icon\" width=\"21\" height=\"20\"><\/a>&nbsp;<\/p>\n<p><strong>Parceiros<\/strong><\/p>\n","protected":false},"excerpt":{"rendered":"<p>Quem Somos&nbsp; Quem somos A equipe que organiza e escreve o conte\u00fado do site agrarias.ufpr.br\/sacas \u00e9 formada por professores, m\u00e9dicos veterin\u00e1rios, servidores t\u00e9cnicos, bioqu\u00edmicos, bi\u00f3logos, t\u00e9cnicos de inform\u00e1tica, alunos de gradua\u00e7\u00e3o, de especializa\u00e7\u00e3o e de p\u00f3s-gradua\u00e7\u00e3o do Laborat\u00f3rio de Patologia Cl\u00ednica Veterin\u00e1ria, que \u00e9 vinculado ao Departamento de Medicina Veterin\u00e1ria, e est\u00e1 localizado dentro do [&hellip;]<\/p>\n","protected":false},"author":3,"featured_media":0,"parent":0,"menu_order":0,"comment_status":"closed","ping_status":"closed","template":"","meta":{"footnotes":""},"class_list":["post-75","page","type-page","status-publish","hentry"],"_links":{"self":[{"href":"https:\/\/agrarias.ufpr.br\/sacas\/wp-json\/wp\/v2\/pages\/75","targetHints":{"allow":["GET"]}}],"collection":[{"href":"https:\/\/agrarias.ufpr.br\/sacas\/wp-json\/wp\/v2\/pages"}],"about":[{"href":"https:\/\/agrarias.ufpr.br\/sacas\/wp-json\/wp\/v2\/types\/page"}],"author":[{"embeddable":true,"href":"https:\/\/agrarias.ufpr.br\/sacas\/wp-json\/wp\/v2\/users\/3"}],"replies":[{"embeddable":true,"href":"https:\/\/agrarias.ufpr.br\/sacas\/wp-json\/wp\/v2\/comments?post=75"}],"version-history":[{"count":5,"href":"https:\/\/agrarias.ufpr.br\/sacas\/wp-json\/wp\/v2\/pages\/75\/revisions"}],"predecessor-version":[{"id":262,"href":"https:\/\/agrarias.ufpr.br\/sacas\/wp-json\/wp\/v2\/pages\/75\/revisions\/262"}],"wp:attachment":[{"href":"https:\/\/agrarias.ufpr.br\/sacas\/wp-json\/wp\/v2\/media?parent=75"}],"curies":[{"name":"wp","href":"https:\/\/api.w.org\/{rel}","templated":true}]}}