{"id":286,"date":"2019-01-24T13:59:55","date_gmt":"2019-01-24T13:59:55","guid":{"rendered":"https:\/\/agrarias.ufpr.br\/sacas\/?p=286"},"modified":"2026-03-31T13:07:14","modified_gmt":"2026-03-31T13:07:14","slug":"coruja-do-mato","status":"publish","type":"page","link":"https:\/\/agrarias.ufpr.br\/sacas\/coruja-do-mato\/","title":{"rendered":"Coruja do Mato"},"content":{"rendered":"<ol>\n<li>Par\u00e2metros hematol\u00f3gicos e valores de prote\u00edna plasm\u00e1tica total (PPT) de adultos saud\u00e1veis de Coruja-do-Mato (<em>Strix virgata<\/em>)<\/li>\n<\/ol>\n<table>\n<tbody>\n<tr>\n<td width=\"130\"><strong>Par\u00e2metro<\/strong><\/td>\n<td width=\"106\"><strong>Unidades<\/strong><\/td>\n<td width=\"170\"><strong>M\u00e9dia<\/strong><\/td>\n<\/tr>\n<tr>\n<td width=\"130\"><strong>Hemat\u00f3crito<\/strong><\/td>\n<td width=\"106\">%<\/td>\n<td width=\"170\">29,00<\/td>\n<\/tr>\n<tr>\n<td width=\"130\"><strong>Eritr\u00f3citos<\/strong><\/td>\n<td width=\"106\">X 10<sup>6<\/sup>\/uL<\/td>\n<td width=\"170\">2,17<\/td>\n<\/tr>\n<tr>\n<td width=\"130\"><strong>Hemoglobina<\/strong><\/td>\n<td width=\"106\">g\/dL<\/td>\n<td width=\"170\">12,90<\/td>\n<\/tr>\n<tr>\n<td width=\"130\"><strong>VGM<\/strong><\/td>\n<td width=\"106\">fL<\/td>\n<td width=\"170\">133,64<\/td>\n<\/tr>\n<tr>\n<td width=\"130\"><strong>CHGM<\/strong><\/td>\n<td width=\"106\">%<\/td>\n<td width=\"170\">44,48<\/td>\n<\/tr>\n<tr>\n<td width=\"130\"><strong>HGM<\/strong><\/td>\n<td width=\"106\">pg<\/td>\n<td width=\"170\">59,45<\/td>\n<\/tr>\n<tr>\n<td width=\"130\"><strong>Leuc\u00f3citos totais<\/strong><\/td>\n<td width=\"106\">\/uL<\/td>\n<td width=\"170\">15000,00<\/td>\n<\/tr>\n<tr>\n<td width=\"130\"><strong>Heter\u00f3filos<\/strong><\/td>\n<td width=\"106\">\/uL<\/td>\n<td width=\"170\">10650,00<\/td>\n<\/tr>\n<tr>\n<td width=\"130\"><strong>Linf\u00f3citos<\/strong><\/td>\n<td width=\"106\">\/uL<\/td>\n<td width=\"170\">4050,00<\/td>\n<\/tr>\n<tr>\n<td width=\"130\"><strong>Mon\u00f3citos<\/strong><\/td>\n<td width=\"106\">\/uL<\/td>\n<td width=\"170\">0,00<\/td>\n<\/tr>\n<tr>\n<td width=\"130\"><strong>Eosin\u00f3filos<\/strong><\/td>\n<td width=\"106\">\/uL<\/td>\n<td width=\"170\">0,00<\/td>\n<\/tr>\n<tr>\n<td width=\"130\"><strong>Bas\u00f3filos<\/strong><\/td>\n<td width=\"106\">\/uL<\/td>\n<td width=\"170\">300,00<\/td>\n<\/tr>\n<tr>\n<td width=\"130\"><strong>H:L<\/strong><\/td>\n<td width=\"106\">&nbsp;<\/td>\n<td width=\"170\">2,63<\/td>\n<\/tr>\n<tr>\n<td width=\"130\"><strong>Tromb\u00f3citos<\/strong><\/td>\n<td width=\"106\">\/uL<\/td>\n<td width=\"170\">19530,00<\/td>\n<\/tr>\n<tr>\n<td width=\"130\"><strong>PPT<\/strong><\/td>\n<td width=\"106\">g\/dL<\/td>\n<td width=\"170\">4,80<\/td>\n<\/tr>\n<\/tbody>\n<\/table>\n<p>&nbsp;<\/p>\n<p>&nbsp;<\/p>\n<ol start=\"2\">\n<li>Par\u00e2metros bioqu\u00edmicos s\u00e9ricos de adultos saud\u00e1veis de Coruja-do-Mato (<em>Strix virgata<\/em>)<\/li>\n<\/ol>\n<table>\n<tbody>\n<tr>\n<td width=\"134\"><strong>Par\u00e2metros<\/strong><\/td>\n<td width=\"134\"><strong>Unidades<\/strong><\/td>\n<td width=\"134\"><strong>M\u00e9dia<\/strong><\/td>\n<\/tr>\n<tr>\n<td width=\"134\"><strong>Prote\u00ednas Totais<\/strong><\/td>\n<td width=\"134\">g\/dL<\/td>\n<td width=\"134\">3,60<\/td>\n<\/tr>\n<tr>\n<td width=\"134\"><strong>Albumina<\/strong><\/td>\n<td width=\"134\">g\/dL<\/td>\n<td width=\"134\">1,00<\/td>\n<\/tr>\n<tr>\n<td width=\"134\"><strong>Globulinas<\/strong><\/td>\n<td width=\"134\">g\/dL<\/td>\n<td width=\"134\">2,60<\/td>\n<\/tr>\n<tr>\n<td width=\"134\"><strong>A:G<\/strong><\/td>\n<td width=\"134\">&nbsp;<\/td>\n<td width=\"134\">0,38<\/td>\n<\/tr>\n<tr>\n<td width=\"134\"><strong>AST<\/strong><\/td>\n<td width=\"134\">U\/L<\/td>\n<td width=\"134\">192,30<\/td>\n<\/tr>\n<tr>\n<td width=\"134\"><strong>GGT<\/strong><\/td>\n<td width=\"134\">U\/L<\/td>\n<td width=\"134\">&#8211;<\/td>\n<\/tr>\n<tr>\n<td width=\"134\"><strong>\u00c1cido \u00darico<\/strong><\/td>\n<td width=\"134\">mg\/dL<\/td>\n<td width=\"134\">20,00<\/td>\n<\/tr>\n<tr>\n<td width=\"134\"><strong>Colesterol<\/strong><\/td>\n<td width=\"134\">mg\/dL<\/td>\n<td width=\"134\">&#8211;<\/td>\n<\/tr>\n<tr>\n<td width=\"134\"><strong>Glicose<\/strong><\/td>\n<td width=\"134\">mg\/dL<\/td>\n<td width=\"134\">&#8211;<\/td>\n<\/tr>\n<tr>\n<td width=\"134\"><strong>CK<\/strong><\/td>\n<td width=\"134\">U\/L<\/td>\n<td width=\"134\">&#8211;<\/td>\n<\/tr>\n<tr>\n<td width=\"134\"><strong>LDH<\/strong><\/td>\n<td width=\"134\">U\/L<\/td>\n<td width=\"134\">&#8211;<\/td>\n<\/tr>\n<tr>\n<td width=\"134\"><strong>Ferro<\/strong><\/td>\n<td width=\"134\">ug\/dL<\/td>\n<td width=\"134\">&#8211;<\/td>\n<\/tr>\n<tr>\n<td width=\"134\"><strong>C\u00e1lcio<\/strong><\/td>\n<td width=\"134\">mg\/dL<\/td>\n<td width=\"134\">&#8211;<\/td>\n<\/tr>\n<tr>\n<td width=\"134\"><strong>F\u00f3sforo<\/strong><\/td>\n<td width=\"134\">mg\/dL<\/td>\n<td width=\"134\">&#8211;<\/td>\n<\/tr>\n<tr>\n<td width=\"134\"><strong>Ca:P<\/strong><\/td>\n<td width=\"134\">&nbsp;<\/td>\n<td width=\"134\">&#8211;<\/td>\n<\/tr>\n<tr>\n<td width=\"134\"><strong>Fosfatase Alcalina<\/strong><\/td>\n<td width=\"134\">U\/L<\/td>\n<td width=\"134\">47,60<\/td>\n<\/tr>\n<\/tbody>\n<\/table>\n<p>&nbsp;<\/p>\n","protected":false},"excerpt":{"rendered":"<p>Par\u00e2metros hematol\u00f3gicos e valores de prote\u00edna plasm\u00e1tica total (PPT) de adultos saud\u00e1veis de Coruja-do-Mato (Strix virgata) Par\u00e2metro Unidades M\u00e9dia Hemat\u00f3crito % 29,00 Eritr\u00f3citos X 106\/uL 2,17 Hemoglobina g\/dL 12,90 VGM fL 133,64 CHGM % 44,48 HGM pg 59,45 Leuc\u00f3citos totais \/uL 15000,00 Heter\u00f3filos \/uL 10650,00 Linf\u00f3citos \/uL 4050,00 Mon\u00f3citos \/uL 0,00 Eosin\u00f3filos \/uL 0,00 Bas\u00f3filos [&hellip;]<\/p>\n","protected":false},"author":3,"featured_media":0,"parent":0,"menu_order":0,"comment_status":"open","ping_status":"open","template":"","meta":{"footnotes":""},"class_list":["post-286","page","type-page","status-publish","hentry"],"_links":{"self":[{"href":"https:\/\/agrarias.ufpr.br\/sacas\/wp-json\/wp\/v2\/pages\/286","targetHints":{"allow":["GET"]}}],"collection":[{"href":"https:\/\/agrarias.ufpr.br\/sacas\/wp-json\/wp\/v2\/pages"}],"about":[{"href":"https:\/\/agrarias.ufpr.br\/sacas\/wp-json\/wp\/v2\/types\/page"}],"author":[{"embeddable":true,"href":"https:\/\/agrarias.ufpr.br\/sacas\/wp-json\/wp\/v2\/users\/3"}],"replies":[{"embeddable":true,"href":"https:\/\/agrarias.ufpr.br\/sacas\/wp-json\/wp\/v2\/comments?post=286"}],"version-history":[{"count":1,"href":"https:\/\/agrarias.ufpr.br\/sacas\/wp-json\/wp\/v2\/pages\/286\/revisions"}],"predecessor-version":[{"id":287,"href":"https:\/\/agrarias.ufpr.br\/sacas\/wp-json\/wp\/v2\/pages\/286\/revisions\/287"}],"wp:attachment":[{"href":"https:\/\/agrarias.ufpr.br\/sacas\/wp-json\/wp\/v2\/media?parent=286"}],"curies":[{"name":"wp","href":"https:\/\/api.w.org\/{rel}","templated":true}]}}