{"id":269,"date":"2019-01-24T13:53:26","date_gmt":"2019-01-24T13:53:26","guid":{"rendered":"https:\/\/agrarias.ufpr.br\/sacas\/?page_id=269"},"modified":"2019-01-24T13:53:26","modified_gmt":"2019-01-24T13:53:26","slug":"aguia-cinzenta","status":"publish","type":"page","link":"https:\/\/agrarias.ufpr.br\/sacas\/aguia-cinzenta\/","title":{"rendered":"\u00c1guia cinzenta"},"content":{"rendered":"<ol>\n<li>Par\u00e2metros hematol\u00f3gicos e valores de prote\u00edna plasm\u00e1tica total (PPT) de adultos saud\u00e1veis de \u00c1guia-Cinzenta (<em>Urubitinga coronata<\/em>)<\/li>\n<\/ol>\n<table width=\"578\">\n<tbody>\n<tr>\n<td width=\"144\"><strong>Par\u00e2metro<\/strong><\/td>\n<td width=\"144\"><strong>Unidades<\/strong><\/td>\n<td width=\"144\"><strong>M\u00e9dia<\/strong><\/td>\n<td width=\"144\"><strong>DP<\/strong><\/td>\n<\/tr>\n<tr>\n<td width=\"144\"><strong>Hemat\u00f3crito<\/strong><\/td>\n<td width=\"144\">%<\/td>\n<td width=\"144\">43,50<\/td>\n<td width=\"144\">\u00b13,53<\/td>\n<\/tr>\n<tr>\n<td width=\"144\"><strong>Eritr\u00f3citos<\/strong><\/td>\n<td width=\"144\">X 106\/uL<\/td>\n<td width=\"144\">1,60<\/td>\n<td width=\"144\">\u00b10,29<\/td>\n<\/tr>\n<tr>\n<td width=\"144\"><strong>Hemoglobina<\/strong><\/td>\n<td width=\"144\">g\/dL<\/td>\n<td width=\"144\">10,60<\/td>\n<td width=\"144\">\u00b11,55<\/td>\n<\/tr>\n<tr>\n<td width=\"144\"><strong>VGM<\/strong><\/td>\n<td width=\"144\">fL<\/td>\n<td width=\"144\">275,44<\/td>\n<td width=\"144\">\u00b129,11<\/td>\n<\/tr>\n<tr>\n<td width=\"144\"><strong>CHGM<\/strong><\/td>\n<td width=\"144\">%<\/td>\n<td width=\"144\">24,30<\/td>\n<td width=\"144\">\u00b11,60<\/td>\n<\/tr>\n<tr>\n<td width=\"144\"><strong>HGM<\/strong><\/td>\n<td width=\"144\">pg<\/td>\n<td width=\"144\">66,71<\/td>\n<td width=\"144\">\u00b12,66<\/td>\n<\/tr>\n<tr>\n<td width=\"144\"><strong>Leuc\u00f3citos totais<\/strong><\/td>\n<td width=\"144\">\/uL<\/td>\n<td width=\"144\">10000,00<\/td>\n<td width=\"144\">\u00b11414,21<\/td>\n<\/tr>\n<tr>\n<td width=\"144\"><strong>Heter\u00f3filos<\/strong><\/td>\n<td width=\"144\">\/uL<\/td>\n<td width=\"144\">&nbsp;6645,00<\/td>\n<td width=\"144\">\u00b1869,74<\/td>\n<\/tr>\n<tr>\n<td width=\"144\"><strong>Linf\u00f3citos<\/strong><\/td>\n<td width=\"144\">\/uL<\/td>\n<td width=\"144\">2170,00<\/td>\n<td width=\"144\">\u00b1113,13<\/td>\n<\/tr>\n<tr>\n<td width=\"144\"><strong>Mon\u00f3citos<\/strong><\/td>\n<td width=\"144\">\/uL<\/td>\n<td width=\"144\">100,00<\/td>\n<td width=\"144\">\u00b114,14<\/td>\n<\/tr>\n<tr>\n<td width=\"144\"><strong>Eosin\u00f3filos<\/strong><\/td>\n<td width=\"144\">\/uL<\/td>\n<td width=\"144\">1085,00<\/td>\n<td width=\"144\">\u00b1643,46<\/td>\n<\/tr>\n<tr>\n<td width=\"144\"><strong>Bas\u00f3filos<\/strong><\/td>\n<td width=\"144\">\/uL<\/td>\n<td width=\"144\">&#8211;<\/td>\n<td width=\"144\">&#8211;<\/td>\n<\/tr>\n<tr>\n<td width=\"144\"><strong>H:L<\/strong><\/td>\n<td width=\"144\">&nbsp;<\/td>\n<td width=\"144\">3,08<\/td>\n<td width=\"144\">\u00b10,56<\/td>\n<\/tr>\n<tr>\n<td width=\"144\"><strong>Tromb\u00f3citos<\/strong><\/td>\n<td width=\"144\">\/uL<\/td>\n<td width=\"144\">15235,00<\/td>\n<td width=\"144\">&#8211;<\/td>\n<\/tr>\n<tr>\n<td width=\"144\"><strong>PPT<\/strong><\/td>\n<td width=\"144\">g\/dL<\/td>\n<td width=\"144\">4,60<\/td>\n<td width=\"144\">\u00b10,28<\/td>\n<\/tr>\n<\/tbody>\n<\/table>\n<p>&nbsp;<\/p>\n<p>&nbsp;<\/p>\n<ol start=\"2\">\n<li>Par\u00e2metros bioqu\u00edmicos s\u00e9ricos e fibrinog\u00eanio de adultos saud\u00e1veis de \u00c1guia-Cinzenta (<em>Urubitinga coronata<\/em>)<\/li>\n<\/ol>\n<table width=\"578\">\n<tbody>\n<tr>\n<td width=\"144\"><strong>Par\u00e2metros<\/strong><\/td>\n<td width=\"144\"><strong>Unidades<\/strong><\/td>\n<td width=\"144\"><strong>M\u00e9dia<\/strong><\/td>\n<td width=\"144\"><strong>DP<\/strong><\/td>\n<\/tr>\n<tr>\n<td width=\"144\"><strong>Prote\u00ednas Totais<\/strong><\/td>\n<td width=\"144\">g\/dL<\/td>\n<td width=\"144\">3,70<\/td>\n<td width=\"144\">\u00b10,14<\/td>\n<\/tr>\n<tr>\n<td width=\"144\"><strong>Albumina<\/strong><\/td>\n<td width=\"144\">g\/dL<\/td>\n<td width=\"144\">1,30<\/td>\n<td width=\"144\">\u00b10,00<\/td>\n<\/tr>\n<tr>\n<td width=\"144\"><strong>Globulinas<\/strong><\/td>\n<td width=\"144\">g\/dL<\/td>\n<td width=\"144\">2,40<\/td>\n<td width=\"144\">\u00b10,14<\/td>\n<\/tr>\n<tr>\n<td width=\"144\"><strong>A:G<\/strong><\/td>\n<td width=\"144\">&nbsp;<\/td>\n<td width=\"144\">0,54<\/td>\n<td width=\"144\">\u00b10,03<\/td>\n<\/tr>\n<tr>\n<td width=\"144\"><strong>AST<\/strong><\/td>\n<td width=\"144\">U\/L<\/td>\n<td width=\"144\">171,00<\/td>\n<td width=\"144\">\u00b128,70<\/td>\n<\/tr>\n<tr>\n<td width=\"144\"><strong>GGT<\/strong><\/td>\n<td width=\"144\">U\/L<\/td>\n<td width=\"144\">5,05<\/td>\n<td width=\"144\">\u00b16,43<\/td>\n<\/tr>\n<tr>\n<td width=\"144\"><strong>\u00c1cido \u00darico<\/strong><\/td>\n<td width=\"144\">mg\/dL<\/td>\n<td width=\"144\">8,25<\/td>\n<td width=\"144\">\u00b11,06<\/td>\n<\/tr>\n<tr>\n<td width=\"144\"><strong>Colesterol<\/strong><\/td>\n<td width=\"144\">mg\/dL<\/td>\n<td width=\"144\">184,45<\/td>\n<td width=\"144\">\u00b110,53<\/td>\n<\/tr>\n<tr>\n<td width=\"144\"><strong>Glicose<\/strong><\/td>\n<td width=\"144\">mg\/dL<\/td>\n<td width=\"144\">263,00<\/td>\n<td width=\"144\">\u00b137,75<\/td>\n<\/tr>\n<tr>\n<td width=\"144\"><strong>CK<\/strong><\/td>\n<td width=\"144\">U\/L<\/td>\n<td width=\"144\">837,90<\/td>\n<td width=\"144\">\u00b1631,16<\/td>\n<\/tr>\n<tr>\n<td width=\"144\"><strong>LDH<\/strong><\/td>\n<td width=\"144\">U\/L<\/td>\n<td width=\"144\">1183,35<\/td>\n<td width=\"144\">\u00b1662,06<\/td>\n<\/tr>\n<tr>\n<td width=\"144\"><strong>Ferro<\/strong><\/td>\n<td width=\"144\">ug\/dL<\/td>\n<td width=\"144\">191,10<\/td>\n<td width=\"144\">\u00b133,65<\/td>\n<\/tr>\n<tr>\n<td width=\"144\"><strong>C\u00e1lcio<\/strong><\/td>\n<td width=\"144\">mg\/dL<\/td>\n<td width=\"144\">8,25<\/td>\n<td width=\"144\">\u00b10,63<\/td>\n<\/tr>\n<tr>\n<td width=\"144\"><strong>F\u00f3sforo<\/strong><\/td>\n<td width=\"144\">mg\/dL<\/td>\n<td width=\"144\">3,50<\/td>\n<td width=\"144\">\u00b10,28<\/td>\n<\/tr>\n<tr>\n<td width=\"144\"><strong>Ca:P<\/strong><\/td>\n<td width=\"144\">&nbsp;<\/td>\n<td width=\"144\">2,37<\/td>\n<td width=\"144\">\u00b10,37<\/td>\n<\/tr>\n<tr>\n<td width=\"144\"><strong>Fosfatase Alcalina<\/strong><\/td>\n<td width=\"144\">U\/L<\/td>\n<td width=\"144\">34,00<\/td>\n<td width=\"144\">\u00b12,40<\/td>\n<\/tr>\n<tr>\n<td width=\"144\"><strong>Fibrinog\u00eanio<\/strong><\/td>\n<td width=\"144\">mg\/dL<\/td>\n<td width=\"144\">0,20<\/td>\n<td width=\"144\">\u00b10,00<\/td>\n<\/tr>\n<\/tbody>\n<\/table>\n<p>&nbsp;<\/p>\n","protected":false},"excerpt":{"rendered":"<p>Par\u00e2metros hematol\u00f3gicos e valores de prote\u00edna plasm\u00e1tica total (PPT) de adultos saud\u00e1veis de \u00c1guia-Cinzenta (Urubitinga coronata) Par\u00e2metro Unidades M\u00e9dia DP Hemat\u00f3crito % 43,50 \u00b13,53 Eritr\u00f3citos X 106\/uL 1,60 \u00b10,29 Hemoglobina g\/dL 10,60 \u00b11,55 VGM fL 275,44 \u00b129,11 CHGM % 24,30 \u00b11,60 HGM pg 66,71 \u00b12,66 Leuc\u00f3citos totais \/uL 10000,00 \u00b11414,21 Heter\u00f3filos \/uL &nbsp;6645,00 \u00b1869,74 Linf\u00f3citos [&hellip;]<\/p>\n","protected":false},"author":3,"featured_media":0,"parent":0,"menu_order":0,"comment_status":"closed","ping_status":"closed","template":"","meta":{"footnotes":""},"class_list":["post-269","page","type-page","status-publish","hentry"],"_links":{"self":[{"href":"https:\/\/agrarias.ufpr.br\/sacas\/wp-json\/wp\/v2\/pages\/269","targetHints":{"allow":["GET"]}}],"collection":[{"href":"https:\/\/agrarias.ufpr.br\/sacas\/wp-json\/wp\/v2\/pages"}],"about":[{"href":"https:\/\/agrarias.ufpr.br\/sacas\/wp-json\/wp\/v2\/types\/page"}],"author":[{"embeddable":true,"href":"https:\/\/agrarias.ufpr.br\/sacas\/wp-json\/wp\/v2\/users\/3"}],"replies":[{"embeddable":true,"href":"https:\/\/agrarias.ufpr.br\/sacas\/wp-json\/wp\/v2\/comments?post=269"}],"version-history":[{"count":1,"href":"https:\/\/agrarias.ufpr.br\/sacas\/wp-json\/wp\/v2\/pages\/269\/revisions"}],"predecessor-version":[{"id":270,"href":"https:\/\/agrarias.ufpr.br\/sacas\/wp-json\/wp\/v2\/pages\/269\/revisions\/270"}],"wp:attachment":[{"href":"https:\/\/agrarias.ufpr.br\/sacas\/wp-json\/wp\/v2\/media?parent=269"}],"curies":[{"name":"wp","href":"https:\/\/api.w.org\/{rel}","templated":true}]}}