{"id":9418,"date":"2021-07-07T23:12:31","date_gmt":"2021-07-07T23:12:31","guid":{"rendered":"https:\/\/agrarias.ufpr.br\/pglsf\/?page_id=9418"},"modified":"2026-02-05T13:09:15","modified_gmt":"2026-02-05T13:09:15","slug":"investimento","status":"publish","type":"page","link":"https:\/\/agrarias.ufpr.br\/pglsf\/investimento\/","title":{"rendered":"Investimento"},"content":{"rendered":"\n<p class=\"has-text-align-center\"><strong>INFORMA\u00c7\u00d5ES QUANTO AO VALOR\/PAGAMENTO<\/strong><\/p>\n\n\n\n<ul class=\"wp-block-list\">\n<li>O investimento para o curso \u00e9 de 12 parcelas de R$500,00 (R$6.000,00).<\/li>\n\n\n\n<li>10% das vagas s\u00e3o destinadas a bolsitas que comprovarem car\u00eancia mediante edital de sele\u00e7\u00e3o.<\/li>\n\n\n\n<li>Formas de Pagamento: Boleto banc\u00e1rio ou PayPal para estrangeiros (lembrando que para esta op\u00e7\u00e3o \u00e9 cobrado a taxa adicional de 6,4% no valor de cada mensalidade).<\/li>\n\n\n\n<li>Arrecada\u00e7\u00e3o das mensalidades \u00e9 via Funpar \u2013 Funda\u00e7\u00e3o da Universidade Federal do Paran\u00e1.<\/li>\n\n\n\n<li>A UFPR reserva-se o direito de n\u00e3o proceder a realiza\u00e7\u00e3o do curso no caso do n\u00famero de alunos n\u00e3o atingir o n\u00famero necess\u00e1rio, garantindo integral devolu\u00e7\u00e3o de qualquer valor recolhido a qualquer t\u00edtulo.<\/li>\n<\/ul>\n\n\n\n<p class=\"has-text-align-center\"><strong>Pagamento \u00e0 vista do valor total do curso<\/strong><\/p>\n\n\n\n<ul class=\"wp-block-list\">\n<li>Para pagamento \u00e0 vista do valor total do curso, ser\u00e1 concedido o desconto de 10% para pessoa f\u00edsica e pessoa jur\u00eddica. No caso de desist\u00eancia do curso o valor pago n\u00e3o \u00e9 devolvido.<\/li>\n<\/ul>\n","protected":false},"excerpt":{"rendered":"<p>INFORMA\u00c7\u00d5ES QUANTO AO VALOR\/PAGAMENTO Pagamento \u00e0 vista do valor total do curso<\/p>\n","protected":false},"author":3,"featured_media":0,"parent":0,"menu_order":0,"comment_status":"closed","ping_status":"closed","template":"","meta":{"footnotes":""},"class_list":["post-9418","page","type-page","status-publish","hentry"],"_links":{"self":[{"href":"https:\/\/agrarias.ufpr.br\/pglsf\/wp-json\/wp\/v2\/pages\/9418","targetHints":{"allow":["GET"]}}],"collection":[{"href":"https:\/\/agrarias.ufpr.br\/pglsf\/wp-json\/wp\/v2\/pages"}],"about":[{"href":"https:\/\/agrarias.ufpr.br\/pglsf\/wp-json\/wp\/v2\/types\/page"}],"author":[{"embeddable":true,"href":"https:\/\/agrarias.ufpr.br\/pglsf\/wp-json\/wp\/v2\/users\/3"}],"replies":[{"embeddable":true,"href":"https:\/\/agrarias.ufpr.br\/pglsf\/wp-json\/wp\/v2\/comments?post=9418"}],"version-history":[{"count":26,"href":"https:\/\/agrarias.ufpr.br\/pglsf\/wp-json\/wp\/v2\/pages\/9418\/revisions"}],"predecessor-version":[{"id":10552,"href":"https:\/\/agrarias.ufpr.br\/pglsf\/wp-json\/wp\/v2\/pages\/9418\/revisions\/10552"}],"wp:attachment":[{"href":"https:\/\/agrarias.ufpr.br\/pglsf\/wp-json\/wp\/v2\/media?parent=9418"}],"curies":[{"name":"wp","href":"https:\/\/api.w.org\/{rel}","templated":true}]}}