{"id":9038,"date":"2021-04-15T16:31:15","date_gmt":"2021-04-15T16:31:15","guid":{"rendered":"https:\/\/agrarias.ufpr.br\/pglsf\/?page_id=9038"},"modified":"2026-02-05T14:18:11","modified_gmt":"2026-02-05T14:18:11","slug":"cristiano-nunes-nesi","status":"publish","type":"page","link":"https:\/\/agrarias.ufpr.br\/pglsf\/cristiano-nunes-nesi\/","title":{"rendered":"Cristiano Nunes Nesi"},"content":{"rendered":"\n<p>Pesquisador da Empresa de Pesquisa Agropecu\u00e1ria e Extens\u00e3o Rural de Santa Catarina (EPAGRI)<\/p>\n\n\n\n<p><strong>Forma\u00e7\u00e3o Acad\u00eamica<\/strong><\/p>\n\n\n\n<p>Dr. em Agronomia, UFPR (2013)<\/p>\n\n\n\n<p>M.Sc. em Agronomia, USP (2002)<\/p>\n\n\n\n<p>Eng. Agr\u00f4nomo, UDESC (1999)<\/p>\n\n\n\n<p>Matem\u00e1tico, UNIPLAC (1998)<\/p>\n\n\n\n<p><strong>\u00c1rea de Atua\u00e7\u00e3o<\/strong><\/p>\n\n\n\n<p>Estat\u00edstica Experimental<\/p>\n\n\n\n<p><strong>Disciplinas Ministradas<\/strong><\/p>\n\n\n\n<p><a href=\"https:\/\/agrarias.ufpr.br\/pglsf\/estatistica-e-experimentacao-aplicadas-a-fitossanidade\/\">Estat\u00edstica e Experimenta\u00e7\u00e3o Aplicadas \u00e0 Fitossanidade<\/a><\/p>\n\n\n\n<p><a href=\"https:\/\/agrarias.ufpr.br\/pglsf\/tcc\/\">Orientador de Trabalho de Conclus\u00e3o de Curso (TCC)<\/a><\/p>\n\n\n\n<p><strong>Publica\u00e7\u00f5es<\/strong><\/p>\n\n\n\n<p><strong><a href=\"http:\/\/lattes.cnpq.br\/1995167158037657\"><img loading=\"lazy\" decoding=\"async\" class=\"alignnone wp-image-742\" src=\"https:\/\/agrarias.ufpr.br\/fitotecnia\/wp-content\/uploads\/sites\/26\/2016\/03\/icon_lattes.png\" alt=\"icon_lattes\" width=\"30\" height=\"29\"><\/a>&nbsp;<span style=\"color: #008000;\"><a style=\"color: #008000;\" href=\"http:\/\/lattes.cnpq.br\/1995167158037657\">Lattes<\/a><\/span>&nbsp;&nbsp;&nbsp;<a href=\"https:\/\/www.researchgate.net\/profile\/Cristiano-Nesi\"><img loading=\"lazy\" decoding=\"async\" class=\"alignnone wp-image-1136 size-full\" src=\"https:\/\/agrarias.ufpr.br\/fitotecnia\/wp-content\/uploads\/sites\/26\/2016\/03\/apple-touch-icon-180x180-e1459453504744.png\" alt=\"apple-touch-icon-180x180\" width=\"29\" height=\"29\"><\/a>&nbsp;<a href=\"https:\/\/www.researchgate.net\/profile\/Cristiano-Nesi\"><span style=\"color: #008000;\">Research Gate<\/span><\/a>&nbsp;<a href=\"https:\/\/orcid.org\/0000-0002-8642-3236\"><img loading=\"lazy\" decoding=\"async\" class=\"alignnone wp-image-3185\" src=\"https:\/\/agrarias.ufpr.br\/pgapv\/wp-content\/uploads\/sites\/39\/2021\/02\/unnamed.jpg\" alt=\"\" width=\"93\" height=\"37\"><\/a><\/strong><\/p>\n\n\n\n<p><strong>Contatos<\/strong><\/p>\n\n\n\n<p><img loading=\"lazy\" decoding=\"async\" class=\"alignnone wp-image-757\" src=\"https:\/\/agrarias.ufpr.br\/fitotecnia\/wp-content\/uploads\/sites\/26\/2016\/03\/email-small-.jpg\" alt=\"email small\" width=\"22\" height=\"22\">&nbsp;cristiano@epagri.sc.gov.br<\/p>\n\n\n\n<p><img loading=\"lazy\" decoding=\"async\" class=\"wp-image-758 alignnone\" src=\"https:\/\/agrarias.ufpr.br\/fitotecnia\/wp-content\/uploads\/sites\/26\/2016\/03\/telefone.png\" alt=\"telefone\" width=\"22\" height=\"22\">&nbsp;(49) 3324-3346<\/p>\n","protected":false},"excerpt":{"rendered":"<p>Pesquisador da Empresa de Pesquisa Agropecu\u00e1ria e Extens\u00e3o Rural de Santa Catarina (EPAGRI) Forma\u00e7\u00e3o Acad\u00eamica Dr. em Agronomia, UFPR (2013) M.Sc. em Agronomia, USP (2002) Eng. Agr\u00f4nomo, UDESC (1999) Matem\u00e1tico, UNIPLAC (1998) \u00c1rea de Atua\u00e7\u00e3o Estat\u00edstica Experimental Disciplinas Ministradas Estat\u00edstica e Experimenta\u00e7\u00e3o Aplicadas \u00e0 Fitossanidade Orientador de Trabalho de Conclus\u00e3o de Curso (TCC) Publica\u00e7\u00f5es &nbsp;Lattes&nbsp;&nbsp;&nbsp;&nbsp;Research [&hellip;]<\/p>\n","protected":false},"author":3,"featured_media":0,"parent":0,"menu_order":0,"comment_status":"closed","ping_status":"closed","template":"","meta":{"footnotes":""},"class_list":["post-9038","page","type-page","status-publish","hentry"],"_links":{"self":[{"href":"https:\/\/agrarias.ufpr.br\/pglsf\/wp-json\/wp\/v2\/pages\/9038","targetHints":{"allow":["GET"]}}],"collection":[{"href":"https:\/\/agrarias.ufpr.br\/pglsf\/wp-json\/wp\/v2\/pages"}],"about":[{"href":"https:\/\/agrarias.ufpr.br\/pglsf\/wp-json\/wp\/v2\/types\/page"}],"author":[{"embeddable":true,"href":"https:\/\/agrarias.ufpr.br\/pglsf\/wp-json\/wp\/v2\/users\/3"}],"replies":[{"embeddable":true,"href":"https:\/\/agrarias.ufpr.br\/pglsf\/wp-json\/wp\/v2\/comments?post=9038"}],"version-history":[{"count":8,"href":"https:\/\/agrarias.ufpr.br\/pglsf\/wp-json\/wp\/v2\/pages\/9038\/revisions"}],"predecessor-version":[{"id":10581,"href":"https:\/\/agrarias.ufpr.br\/pglsf\/wp-json\/wp\/v2\/pages\/9038\/revisions\/10581"}],"wp:attachment":[{"href":"https:\/\/agrarias.ufpr.br\/pglsf\/wp-json\/wp\/v2\/media?parent=9038"}],"curies":[{"name":"wp","href":"https:\/\/api.w.org\/{rel}","templated":true}]}}