{"id":9036,"date":"2021-04-15T16:30:33","date_gmt":"2021-04-15T16:30:33","guid":{"rendered":"https:\/\/agrarias.ufpr.br\/pglsf\/?page_id=9036"},"modified":"2026-02-05T14:18:06","modified_gmt":"2026-02-05T14:18:06","slug":"arthur-arrobas-martins-barroso","status":"publish","type":"page","link":"https:\/\/agrarias.ufpr.br\/pglsf\/arthur-arrobas-martins-barroso\/","title":{"rendered":"Arthur Arrobas Martins Barroso"},"content":{"rendered":"\n<p>Prof. do Departamento de Fitotecnia e Fitossanidade da Universidade Federal do Paran\u00e1 (UFPR)<\/p>\n\n\n\n<p><strong>Forma\u00e7\u00e3o Acad\u00eamica<\/strong><\/p>\n\n\n\n<p>Dr. em Ci\u00eancias (Produ\u00e7\u00e3o Vegetal), UNESP e IFEVA (2017)<\/p>\n\n\n\n<p>M.Sc. em Ci\u00eancias (Fitotecnia), USP (2014)<\/p>\n\n\n\n<p>Eng. Agr\u00f4nomo, UNESP (2012)<\/p>\n\n\n\n<p><strong>\u00c1rea de Atua\u00e7\u00e3o<\/strong><\/p>\n\n\n\n<p>Biologia e Manejo de Plantas Daninhas<\/p>\n\n\n\n<p><strong>Disciplinas Ministradas<\/strong><\/p>\n\n\n\n<p><a href=\"https:\/\/agrarias.ufpr.br\/pglsf\/controle-quimico-de-plantas-daninhas\/\">Controle Qu\u00edmico de Plantas Daninhas<\/a><\/p>\n\n\n\n<p><a href=\"https:\/\/agrarias.ufpr.br\/pglsf\/fundamentos-em-matologia\/\">Fundamentos em Matologia<\/a><\/p>\n\n\n\n<p><a href=\"https:\/\/agrarias.ufpr.br\/pglsf\/tcc\/\">Orientador de Trabalho de Conclus\u00e3o de Curso (TCC)<\/a><\/p>\n\n\n\n<p><strong>Publica\u00e7\u00f5es<\/strong><\/p>\n\n\n\n<p><strong><a href=\"http:\/\/buscatextual.cnpq.br\/buscatextual\/visualizacv.do?metodo=apresentar&amp;id=K4213703D8\"><img loading=\"lazy\" decoding=\"async\" class=\"alignnone wp-image-742\" src=\"https:\/\/agrarias.ufpr.br\/fitotecnia\/wp-content\/uploads\/sites\/26\/2016\/03\/icon_lattes.png\" alt=\"icon_lattes\" width=\"30\" height=\"29\"><\/a>&nbsp;<a href=\"http:\/\/buscatextual.cnpq.br\/buscatextual\/visualizacv.do?metodo=apresentar&amp;id=K4213703D8\"><span style=\"color: #008000;\">Lattes<\/span>&nbsp;<\/a>&nbsp;&nbsp;<a href=\"http:\/\/www.researchgate.net\/profile\/Arthur_Barroso\"><img loading=\"lazy\" decoding=\"async\" class=\"alignnone wp-image-1136 size-full\" src=\"https:\/\/agrarias.ufpr.br\/fitotecnia\/wp-content\/uploads\/sites\/26\/2016\/03\/apple-touch-icon-180x180-e1459453504744.png\" alt=\"apple-touch-icon-180x180\" width=\"29\" height=\"29\"><\/a>&nbsp;<a href=\"http:\/\/www.researchgate.net\/profile\/Arthur_Barroso\"><span style=\"color: #008000;\">Research Gate&nbsp;<\/span><\/a><a href=\"https:\/\/orcid.org\/0000-0001-7687-1396\"><img loading=\"lazy\" decoding=\"async\" class=\"alignnone wp-image-3185\" src=\"https:\/\/agrarias.ufpr.br\/pgapv\/wp-content\/uploads\/sites\/39\/2021\/02\/unnamed.jpg\" alt=\"\" width=\"93\" height=\"37\"><\/a><\/strong><\/p>\n\n\n\n<p><strong>Contatos<\/strong><\/p>\n\n\n\n<p><img loading=\"lazy\" decoding=\"async\" class=\"alignnone wp-image-757\" src=\"https:\/\/agrarias.ufpr.br\/fitotecnia\/wp-content\/uploads\/sites\/26\/2016\/03\/email-small-.jpg\" alt=\"email small\" width=\"22\" height=\"22\">&nbsp;arrobas@ufpr.br<\/p>\n\n\n\n<p><img loading=\"lazy\" decoding=\"async\" class=\"wp-image-758 alignnone\" src=\"https:\/\/agrarias.ufpr.br\/fitotecnia\/wp-content\/uploads\/sites\/26\/2016\/03\/telefone.png\" alt=\"telefone\" width=\"22\" height=\"22\">&nbsp;(41) 3350-5645<\/p>\n","protected":false},"excerpt":{"rendered":"<p>Prof. do Departamento de Fitotecnia e Fitossanidade da Universidade Federal do Paran\u00e1 (UFPR) Forma\u00e7\u00e3o Acad\u00eamica Dr. em Ci\u00eancias (Produ\u00e7\u00e3o Vegetal), UNESP e IFEVA (2017) M.Sc. em Ci\u00eancias (Fitotecnia), USP (2014) Eng. Agr\u00f4nomo, UNESP (2012) \u00c1rea de Atua\u00e7\u00e3o Biologia e Manejo de Plantas Daninhas Disciplinas Ministradas Controle Qu\u00edmico de Plantas Daninhas Fundamentos em Matologia Orientador de [&hellip;]<\/p>\n","protected":false},"author":3,"featured_media":0,"parent":0,"menu_order":0,"comment_status":"closed","ping_status":"closed","template":"","meta":{"footnotes":""},"class_list":["post-9036","page","type-page","status-publish","hentry"],"_links":{"self":[{"href":"https:\/\/agrarias.ufpr.br\/pglsf\/wp-json\/wp\/v2\/pages\/9036","targetHints":{"allow":["GET"]}}],"collection":[{"href":"https:\/\/agrarias.ufpr.br\/pglsf\/wp-json\/wp\/v2\/pages"}],"about":[{"href":"https:\/\/agrarias.ufpr.br\/pglsf\/wp-json\/wp\/v2\/types\/page"}],"author":[{"embeddable":true,"href":"https:\/\/agrarias.ufpr.br\/pglsf\/wp-json\/wp\/v2\/users\/3"}],"replies":[{"embeddable":true,"href":"https:\/\/agrarias.ufpr.br\/pglsf\/wp-json\/wp\/v2\/comments?post=9036"}],"version-history":[{"count":7,"href":"https:\/\/agrarias.ufpr.br\/pglsf\/wp-json\/wp\/v2\/pages\/9036\/revisions"}],"predecessor-version":[{"id":10580,"href":"https:\/\/agrarias.ufpr.br\/pglsf\/wp-json\/wp\/v2\/pages\/9036\/revisions\/10580"}],"wp:attachment":[{"href":"https:\/\/agrarias.ufpr.br\/pglsf\/wp-json\/wp\/v2\/media?parent=9036"}],"curies":[{"name":"wp","href":"https:\/\/api.w.org\/{rel}","templated":true}]}}