{"id":9034,"date":"2021-04-15T16:30:03","date_gmt":"2021-04-15T16:30:03","guid":{"rendered":"https:\/\/agrarias.ufpr.br\/pglsf\/?page_id=9034"},"modified":"2021-05-06T16:44:30","modified_gmt":"2021-05-06T16:44:30","slug":"alfredo-junior-paiola-albrecht","status":"publish","type":"page","link":"https:\/\/agrarias.ufpr.br\/pglsf\/alfredo-junior-paiola-albrecht\/","title":{"rendered":"Alfredo Junior Paiola Albrecht"},"content":{"rendered":"<p>Prof. do Departamento de Ci\u00eancias Agron\u00f4micas da Universidade Federal do Paran\u00e1 (UFPR) \u2013 Setor Palotina<\/p>\n<p><strong><b>Forma\u00e7\u00e3o Acad\u00eamica<\/b><\/strong><\/p>\n<p>Dr. em Fitotecnia USP\/ESALQ (2016)<\/p>\n<p>MBA em Agroneg\u00f3cios USP\/ESALQ (2015)<\/p>\n<p>M.Sc. em Fitotecnia USP\/ESALQ (2014)<\/p>\n<p>Eng. Agr\u00f4nomo, UEM (2011)<\/p>\n<p><strong><b>\u00c1rea de Atua\u00e7\u00e3o<\/b><\/strong><\/p>\n<p>Biologia e Manejo de Plantas Daninhas<\/p>\n<p><strong><b>Disciplina Ministrada<\/b><\/strong><\/p>\n<p><a href=\"https:\/\/agrarias.ufpr.br\/pglsf\/tcc\/\">Orientador de Trabalho de Conclus\u00e3o de Curso (TCC)<\/a><\/p>\n<p><strong><b>Publica\u00e7\u00f5es<\/b><\/strong><\/p>\n<p><strong><b><a href=\"http:\/\/lattes.cnpq.br\/2567582971674205\"><img loading=\"lazy\" decoding=\"async\" class=\"alignnone wp-image-742\" src=\"https:\/\/agrarias.ufpr.br\/fitotecnia\/wp-content\/uploads\/sites\/26\/2016\/03\/icon_lattes.png\" alt=\"icon_lattes\" width=\"30\" height=\"29\" \/>\u00a0<\/a><\/b><\/strong><span style=\"color: #008000\"><a style=\"color: #008000\" href=\"http:\/\/lattes.cnpq.br\/2567582971674205\"><strong><b>Lattes<\/b><\/strong><\/a><\/span><strong><b>\u00a0 \u00a0<a href=\"https:\/\/www.researchgate.net\/profile\/Alfredo_Albrecht\"><img loading=\"lazy\" decoding=\"async\" class=\"alignnone wp-image-1136 size-full\" src=\"https:\/\/agrarias.ufpr.br\/fitotecnia\/wp-content\/uploads\/sites\/26\/2016\/03\/apple-touch-icon-180x180-e1459453504744.png\" alt=\"apple-touch-icon-180x180\" width=\"29\" height=\"29\" \/>\u00a0<\/a><\/b><\/strong><a href=\"https:\/\/www.researchgate.net\/profile\/Alfredo_Albrecht\"><strong><b><span style=\"color: #008000\">Research Gate<\/span>\u00a0\u00a0<\/b><\/strong><\/a><a href=\"https:\/\/orcid.org\/0000-0002-8390-3381\"><img loading=\"lazy\" decoding=\"async\" class=\"alignnone wp-image-3185\" src=\"https:\/\/agrarias.ufpr.br\/pgapv\/wp-content\/uploads\/sites\/39\/2021\/02\/unnamed.jpg\" alt=\"\" width=\"93\" height=\"37\" \/><\/a><\/p>\n<p><strong>Contatos<\/strong><\/p>\n<p><img decoding=\"async\" src=\"https:\/\/agrarias.ufpr.br\/fitotecnia\/wp-content\/uploads\/sites\/26\/2016\/03\/email-small-.jpg\" alt=\"email small\" \/>\u00a0ajpalbrecht@ufpr.br<\/p>\n<p><img loading=\"lazy\" decoding=\"async\" class=\"wp-image-758 alignnone\" src=\"https:\/\/agrarias.ufpr.br\/fitotecnia\/wp-content\/uploads\/sites\/26\/2016\/03\/telefone.png\" alt=\"telefone\" width=\"22\" height=\"22\" \/>\u00a0(44) 3211-1314<\/p>\n","protected":false},"excerpt":{"rendered":"<p>Prof. do Departamento de Ci\u00eancias Agron\u00f4micas da Universidade Federal do Paran\u00e1 (UFPR) \u2013 Setor Palotina Forma\u00e7\u00e3o Acad\u00eamica Dr. em Fitotecnia USP\/ESALQ (2016) MBA em Agroneg\u00f3cios USP\/ESALQ (2015) M.Sc. em Fitotecnia USP\/ESALQ (2014) Eng. Agr\u00f4nomo, UEM (2011) \u00c1rea de Atua\u00e7\u00e3o Biologia e Manejo de Plantas Daninhas Disciplina Ministrada Orientador de Trabalho de Conclus\u00e3o de Curso (TCC) [&hellip;]<\/p>\n","protected":false},"author":3,"featured_media":0,"parent":0,"menu_order":0,"comment_status":"closed","ping_status":"closed","template":"","meta":{"footnotes":""},"class_list":["post-9034","page","type-page","status-publish","hentry"],"_links":{"self":[{"href":"https:\/\/agrarias.ufpr.br\/pglsf\/wp-json\/wp\/v2\/pages\/9034","targetHints":{"allow":["GET"]}}],"collection":[{"href":"https:\/\/agrarias.ufpr.br\/pglsf\/wp-json\/wp\/v2\/pages"}],"about":[{"href":"https:\/\/agrarias.ufpr.br\/pglsf\/wp-json\/wp\/v2\/types\/page"}],"author":[{"embeddable":true,"href":"https:\/\/agrarias.ufpr.br\/pglsf\/wp-json\/wp\/v2\/users\/3"}],"replies":[{"embeddable":true,"href":"https:\/\/agrarias.ufpr.br\/pglsf\/wp-json\/wp\/v2\/comments?post=9034"}],"version-history":[{"count":7,"href":"https:\/\/agrarias.ufpr.br\/pglsf\/wp-json\/wp\/v2\/pages\/9034\/revisions"}],"predecessor-version":[{"id":9692,"href":"https:\/\/agrarias.ufpr.br\/pglsf\/wp-json\/wp\/v2\/pages\/9034\/revisions\/9692"}],"wp:attachment":[{"href":"https:\/\/agrarias.ufpr.br\/pglsf\/wp-json\/wp\/v2\/media?parent=9034"}],"curies":[{"name":"wp","href":"https:\/\/api.w.org\/{rel}","templated":true}]}}