{"id":9021,"date":"2021-04-15T16:23:12","date_gmt":"2021-04-15T16:23:12","guid":{"rendered":"https:\/\/agrarias.ufpr.br\/pglsf\/?page_id=9021"},"modified":"2026-02-05T13:13:22","modified_gmt":"2026-02-05T13:13:22","slug":"legislacao-fitossanitaria","status":"publish","type":"page","link":"https:\/\/agrarias.ufpr.br\/pglsf\/legislacao-fitossanitaria\/","title":{"rendered":"Legisla\u00e7\u00e3o Fitossanit\u00e1ria"},"content":{"rendered":"\n<p><strong>Ementa<\/strong><\/p>\n\n\n\n<p>Estudo aprofundado da legisla\u00e7\u00e3o fitossanit\u00e1ria: Lei de agrot\u00f3xicos, com \u00eanfase em procedimento para registro de agrot\u00f3xicos, receitu\u00e1rio agron\u00f4mico e regras para com\u00e9rcio e uso dos produtos; Normativas federais sobre as pragas quarenten\u00e1rias presentes no Pa\u00eds e processo e certifica\u00e7\u00e3o fitossanit\u00e1ria de origem e consolidada.<\/p>\n\n\n\n<p><strong>Semestre\/M\u00f3dulo<\/strong><\/p>\n\n\n\n<p>1\u00b0<\/p>\n\n\n\n<p><strong>Carga hor\u00e1ria<\/strong><\/p>\n\n\n\n<p>60 h<\/p>\n\n\n\n<p><strong>Professor<\/strong><\/p>\n\n\n\n<p><a href=\"https:\/\/agrarias.ufpr.br\/pglsf\/renato-rezende-young-blood\/\">Renato Rezende Young Blood<\/a><\/p>\n\n\n\n<p><strong>Refer\u00eancias bibliogr\u00e1ficas <\/strong><\/p>\n\n\n\n<p><a href=\"http:\/\/www.adapar.pr.gov.br\/sites\/adapar\/arquivos_restritos\/files\/documento\/2020-10\/lf_1_lei_7802_de_1989.pdf\"><strong>Lei Federal n\u00ba 7.802<\/strong><\/a><strong> de 11 de julho de 1989<br><\/strong>Disp\u00f5e sobre a pesquisa, a experimenta\u00e7\u00e3o, a produ\u00e7\u00e3o, a embalagem e rotulagem, o transporte, o armazenamento, a comercializa\u00e7\u00e3o, a propaganda comercial, a utiliza\u00e7\u00e3o, a importa\u00e7\u00e3o, a exporta\u00e7\u00e3o, o destino final dos res\u00edduos e embalagens, o registro, a classifica\u00e7\u00e3o, o controle, a inspe\u00e7\u00e3o e a fiscaliza\u00e7\u00e3o de agrot\u00f3xicos, seus componentes e afins, e d\u00e1 outras provid\u00eancias.<\/p>\n\n\n\n<p><a href=\"http:\/\/www.adapar.pr.gov.br\/sites\/adapar\/arquivos_restritos\/files\/documento\/2020-10\/lf_2_decreto_4074_de_2002.pdf\"><strong>Decreto Federal n\u00ba 4.074<\/strong><\/a><strong> de 04 de janeiro de 2002<br><\/strong>Regulamenta a Lei n\u00ba 7.802, de 11 de julho de 1989, que disp\u00f5e sobre a pesquisa, a experimenta\u00e7\u00e3o, a produ\u00e7\u00e3o, a embalagem e rotulagem, o transporte, o armazenamento, a comercializa\u00e7\u00e3o, a propaganda comercial, a utiliza\u00e7\u00e3o, a importa\u00e7\u00e3o, a exporta\u00e7\u00e3o, o destino final dos res\u00edduos e embalagens, o registro, a classifica\u00e7\u00e3o, o controle, a inspe\u00e7\u00e3o e a fiscaliza\u00e7\u00e3o de agrot\u00f3xicos, seus componentes e afins, e d\u00e1 outras provid\u00eancias.<\/p>\n\n\n\n<p><a href=\"http:\/\/www.adapar.pr.gov.br\/sites\/adapar\/arquivos_restritos\/files\/documento\/2020-10\/in_mapa_28_16.pdf\"><strong>Instru\u00e7\u00e3o Normativa MAPA n\u00ba 28<\/strong><\/a><strong>, de 24\/08\/2016<br><\/strong>Aprova a Norma T\u00e9cnica para a utiliza\u00e7\u00e3o da Permiss\u00e3o de Tr\u00e2nsito de Vegetais &#8211; PTV.<\/p>\n\n\n\n<p><a href=\"http:\/\/www.adapar.pr.gov.br\/sites\/adapar\/arquivos_restritos\/files\/documento\/2020-10\/in_mapa_33_16.pdf\"><strong>Instru\u00e7\u00e3o Normativa MAPA n\u00ba 33<\/strong><\/a><strong>, de 24\/08\/2016<br><\/strong>Aprova a Norma T\u00e9cnica para a utiliza\u00e7\u00e3o do Certificado Fitossanit\u00e1rio de Origem &#8211; CFO e do Certificado Fitossanit\u00e1rio de Origem Consolidado &#8211; CFOC.<\/p>\n\n\n\n<p><a href=\"http:\/\/www.adapar.pr.gov.br\/sites\/adapar\/arquivos_restritos\/files\/documento\/2020-10\/in_mapa_45_18.pdf\"><strong>Instru\u00e7\u00e3o Normativa MAPA n\u00ba 45<\/strong><\/a><strong>, de 22\/08\/2018<br><\/strong>Estabelece regras e procedimentos para elabora\u00e7\u00e3o, atualiza\u00e7\u00e3o e divulga\u00e7\u00e3o das listas de Pragas Quarenten\u00e1rias Ausentes, Pragas Quarenten\u00e1rias Presentes e Pragas N\u00e3o Quarenten\u00e1rias Regulamentadas.<\/p>\n\n\n\n<p><a href=\"http:\/\/www.adapar.pr.gov.br\/sites\/adapar\/arquivos_restritos\/files\/documento\/2020-10\/in_mapa_38_18_dez_18.pdf\"><strong>Instru\u00e7\u00e3o Normativa SDA\/MAPA n\u00ba 38<\/strong><\/a><strong>, de 01\/10\/2018<br><\/strong>Estabelece a lista de Pragas Quarenten\u00e1rias Presentes (PQP) para o Brasil.<\/p>\n\n\n\n<p><a href=\"http:\/\/www.adapar.pr.gov.br\/sites\/adapar\/arquivos_restritos\/files\/documento\/2020-10\/in_mapa_39_2018_atualizada.pdf\"><strong>Instru\u00e7\u00e3o Normativa SDA\/MAPA n\u00ba 39<\/strong><\/a><strong>, de 01\/10\/2018<br><\/strong>Estabelece a lista de Pragas Quarenten\u00e1rias Ausentes (PQA) para o Brasil.<\/p>\n\n\n\n<p><a href=\"http:\/\/www.adapar.pr.gov.br\/sites\/adapar\/arquivos_restritos\/files\/documento\/2020-10\/in_mapa_57_18.pdf\"><strong>Instru\u00e7\u00e3o Normativa SDA\/MAPA n\u00ba 57<\/strong><\/a><strong>, de 10\/12\/2018<br><\/strong>Altera a Instru\u00e7\u00e3o Normativa SDA\/MAPA n\u00ba 38, de 01\/10\/2018.<\/p>\n","protected":false},"excerpt":{"rendered":"<p>Ementa Estudo aprofundado da legisla\u00e7\u00e3o fitossanit\u00e1ria: Lei de agrot\u00f3xicos, com \u00eanfase em procedimento para registro de agrot\u00f3xicos, receitu\u00e1rio agron\u00f4mico e regras para com\u00e9rcio e uso dos produtos; Normativas federais sobre as pragas quarenten\u00e1rias presentes no Pa\u00eds e processo e certifica\u00e7\u00e3o fitossanit\u00e1ria de origem e consolidada. Semestre\/M\u00f3dulo 1\u00b0 Carga hor\u00e1ria 60 h Professor Renato Rezende Young [&hellip;]<\/p>\n","protected":false},"author":3,"featured_media":0,"parent":0,"menu_order":0,"comment_status":"closed","ping_status":"closed","template":"","meta":{"footnotes":""},"class_list":["post-9021","page","type-page","status-publish","hentry"],"_links":{"self":[{"href":"https:\/\/agrarias.ufpr.br\/pglsf\/wp-json\/wp\/v2\/pages\/9021","targetHints":{"allow":["GET"]}}],"collection":[{"href":"https:\/\/agrarias.ufpr.br\/pglsf\/wp-json\/wp\/v2\/pages"}],"about":[{"href":"https:\/\/agrarias.ufpr.br\/pglsf\/wp-json\/wp\/v2\/types\/page"}],"author":[{"embeddable":true,"href":"https:\/\/agrarias.ufpr.br\/pglsf\/wp-json\/wp\/v2\/users\/3"}],"replies":[{"embeddable":true,"href":"https:\/\/agrarias.ufpr.br\/pglsf\/wp-json\/wp\/v2\/comments?post=9021"}],"version-history":[{"count":3,"href":"https:\/\/agrarias.ufpr.br\/pglsf\/wp-json\/wp\/v2\/pages\/9021\/revisions"}],"predecessor-version":[{"id":10559,"href":"https:\/\/agrarias.ufpr.br\/pglsf\/wp-json\/wp\/v2\/pages\/9021\/revisions\/10559"}],"wp:attachment":[{"href":"https:\/\/agrarias.ufpr.br\/pglsf\/wp-json\/wp\/v2\/media?parent=9021"}],"curies":[{"name":"wp","href":"https:\/\/api.w.org\/{rel}","templated":true}]}}