{"id":9018,"date":"2021-04-15T16:22:13","date_gmt":"2021-04-15T16:22:13","guid":{"rendered":"https:\/\/agrarias.ufpr.br\/pglsf\/?page_id=9018"},"modified":"2026-02-05T13:13:50","modified_gmt":"2026-02-05T13:13:50","slug":"controle-quimico-de-plantas-daninhas","status":"publish","type":"page","link":"https:\/\/agrarias.ufpr.br\/pglsf\/controle-quimico-de-plantas-daninhas\/","title":{"rendered":"Controle Qu\u00edmico de Plantas Daninhas"},"content":{"rendered":"\n<p><strong>Ementa<\/strong><\/p>\n\n\n\n<p>Intera\u00e7\u00e3o herbicidas, plantas e ambiente. Mecanismos de a\u00e7\u00e3o e resist\u00eancia de plantas aos herbicidas.<\/p>\n\n\n\n<p><strong>Semestre\/M\u00f3dulo<\/strong><\/p>\n\n\n\n<p>2\u00b0<\/p>\n\n\n\n<p><strong>Carga hor\u00e1ria<\/strong><\/p>\n\n\n\n<p>60 h<\/p>\n\n\n\n<p><strong>Professor<\/strong><\/p>\n\n\n\n<p>Arthur Arrobas Martins Barroso<\/p>\n\n\n\n<p><strong>Refer\u00eancias bibliogr\u00e1ficas:<\/strong><\/p>\n\n\n\n<p>BARROSO, A.A.M.; MUARATA, A.T. Matologia: estudos sobre plantas daninhas. 1ed. Jaboticabal: F\u00e1brica da Palavra, 2021. 547p.<\/p>\n\n\n\n<p>BECKIE, H.J.; Harker, K.N. Our top 10 herbicide-resistant weeds management practices. Pest management Science, v.73, 2017.<\/p>\n\n\n\n<p>HAWKINS, N.J. et al. The evolutionary origins of pesticide resistance. Biological reviews, v.94, 2019.<\/p>\n\n\n\n<p>JUGULAM, M.; SHYAM, C. Non-target site resistance to herbicides: recent developments. Plants, v.8, 2019.<\/p>\n\n\n\n<p>MONQUEIRO, P.A. Manejo de Plantas Daninhas nas Culturas Agr\u00edcolas. Rima, 2014. 288p.<\/p>\n\n\n\n<p>MURPHY, B.P.; TRANEL, P.J. Target-site mutations conferring herbicide resistance. Plants, v.8, 2019.<\/p>\n\n\n\n<p>RODRIGUES, B.N.; ALMEIDA, F.S. Guia de Herbicidas. Midiograf, 2018, 7ed. 763p.<\/p>\n","protected":false},"excerpt":{"rendered":"<p>Ementa Intera\u00e7\u00e3o herbicidas, plantas e ambiente. Mecanismos de a\u00e7\u00e3o e resist\u00eancia de plantas aos herbicidas. Semestre\/M\u00f3dulo 2\u00b0 Carga hor\u00e1ria 60 h Professor Arthur Arrobas Martins Barroso Refer\u00eancias bibliogr\u00e1ficas: BARROSO, A.A.M.; MUARATA, A.T. Matologia: estudos sobre plantas daninhas. 1ed. Jaboticabal: F\u00e1brica da Palavra, 2021. 547p. BECKIE, H.J.; Harker, K.N. Our top 10 herbicide-resistant weeds management practices. [&hellip;]<\/p>\n","protected":false},"author":3,"featured_media":0,"parent":0,"menu_order":0,"comment_status":"closed","ping_status":"closed","template":"","meta":{"footnotes":""},"class_list":["post-9018","page","type-page","status-publish","hentry"],"_links":{"self":[{"href":"https:\/\/agrarias.ufpr.br\/pglsf\/wp-json\/wp\/v2\/pages\/9018","targetHints":{"allow":["GET"]}}],"collection":[{"href":"https:\/\/agrarias.ufpr.br\/pglsf\/wp-json\/wp\/v2\/pages"}],"about":[{"href":"https:\/\/agrarias.ufpr.br\/pglsf\/wp-json\/wp\/v2\/types\/page"}],"author":[{"embeddable":true,"href":"https:\/\/agrarias.ufpr.br\/pglsf\/wp-json\/wp\/v2\/users\/3"}],"replies":[{"embeddable":true,"href":"https:\/\/agrarias.ufpr.br\/pglsf\/wp-json\/wp\/v2\/comments?post=9018"}],"version-history":[{"count":4,"href":"https:\/\/agrarias.ufpr.br\/pglsf\/wp-json\/wp\/v2\/pages\/9018\/revisions"}],"predecessor-version":[{"id":10565,"href":"https:\/\/agrarias.ufpr.br\/pglsf\/wp-json\/wp\/v2\/pages\/9018\/revisions\/10565"}],"wp:attachment":[{"href":"https:\/\/agrarias.ufpr.br\/pglsf\/wp-json\/wp\/v2\/media?parent=9018"}],"curies":[{"name":"wp","href":"https:\/\/api.w.org\/{rel}","templated":true}]}}