{"id":9005,"date":"2021-04-15T16:18:23","date_gmt":"2021-04-15T16:18:23","guid":{"rendered":"https:\/\/agrarias.ufpr.br\/pglsf\/?page_id=9005"},"modified":"2026-02-05T13:13:36","modified_gmt":"2026-02-05T13:13:36","slug":"fundamentos-em-entomologia","status":"publish","type":"page","link":"https:\/\/agrarias.ufpr.br\/pglsf\/fundamentos-em-entomologia\/","title":{"rendered":"Fundamentos em Entomologia"},"content":{"rendered":"\n<p><strong>Ementa<\/strong><\/p>\n\n\n\n<p>Origem e import\u00e2ncia. No\u00e7\u00f5es de fisiologia e morfologia de insetos. Intera\u00e7\u00e3o artr\u00f3podes-plantas. Identifica\u00e7\u00e3o e biologia de pragas de plantas cultivadas. Comunica\u00e7\u00e3o qu\u00edmica entre insetos. T\u00e9cnicas de monitoramento de pragas. Princ\u00edpios gerais de controle. Manejo Integrado de Pragas (MIP).<\/p>\n\n\n\n<p><strong>Semestre\/M\u00f3dulo<\/strong><\/p>\n\n\n\n<p>1\u00b0<\/p>\n\n\n\n<p><strong>Carga hor\u00e1ria<\/strong><\/p>\n\n\n\n<p>75 h<\/p>\n\n\n\n<p><strong>Professores<\/strong><\/p>\n\n\n\n<p><a href=\"https:\/\/agrarias.ufpr.br\/pglsf\/joatan-machado-da-rosa\/\">Joatan Machado da Rosa <\/a><\/p>\n\n\n\n<p><a href=\"https:\/\/agrarias.ufpr.br\/pglsf\/maria-aparecida-cassilha-zawadneak\/\">Maria Aparecida Cassilha Zawadneak<\/a><\/p>\n\n\n\n<p><strong>Refer\u00eancias bibliogr\u00e1ficas<\/strong><strong>&nbsp;<\/strong><\/p>\n\n\n\n<p>BALDIN, E.L.L.; VENDRAMIM, J.D.; LOUREN\u00c7\u00c3O, A.L. Resist\u00eancia de plantas a insetos: fundamentos e aplica\u00e7\u00f5es. Piracicaba: FEALQ, 2019. 493p.<\/p>\n\n\n\n<p>BERNARDI, D.; BOTTON, M.; NAVA, D.E.; ZAWADNEAK, M.A.C. Guia para a identifica\u00e7\u00e3o e monitoramento de pragas e seus inimigos naturais em morangueiro. Bras\u00edlia, DF: Embrapa, 2015. 46 p.<\/p>\n\n\n\n<p>GALLO, D.; NAKANO, O.; SILVEIRA NETO, S.; CARVALHO, R.P.L.; BATISTA, G.C.; BERTI FILHO, E.; PARRA, J.R.P.; ZUCCHI, R.A.; ALVES, S.B.; VENDRAMIM, J.D.; MARCHINI, L.C.; LOPES, J.R.S.; OMOTO, C. Entomologia Agr\u00edcola. Piracicaba: FEALQ, 2002. 920p.<\/p>\n\n\n\n<p>GULLAN PJ, CRANSTON PS. Insetos: fundamentos da entomologia. 5. ed. Rio de Janeiro: Gen\/Editora Roca; 2017, 912p.<\/p>\n\n\n\n<p>MORAES, G.J.; FLECHTMANN, C.H.W. Manual de acarologia: acarologia b\u00e1sica e \u00e1caros de plantas cultivadas no Brasil. Ribeir\u00e3o Preto: Holos, 2008. 288p.<\/p>\n\n\n\n<p>PEDIGO, L.P. Entomology and Pest Management. Upper Saddle River: Person Prentice Hall, 2009. 784p.<\/p>\n\n\n\n<p>PINTO, A.S.; PARRA, J.R.P.; OLIVEIRA, H.N. Guia de campo de pragas e insetos ben\u00e9ficos da soja. Piracicaba: CP 2, 2008.<\/p>\n\n\n\n<p>PINTO, A.S.; PARRA, J.R.P.; OLIVEIRA, H.N. Guia ilustrado de pragas e insetos ben\u00e9ficos dos milho e sorgo. Ribeir\u00e3o Preto: A.S. Pinto, 2004.<\/p>\n\n\n\n<p>VILELA, E.F.; ZUCCHI, R.A.; CANTOR, F. Pragas introduzidas no Brasil: insetos e \u00e1caros. Piracicaba: FEALQ, 2015. 908p.<\/p>\n","protected":false},"excerpt":{"rendered":"<p>Ementa Origem e import\u00e2ncia. No\u00e7\u00f5es de fisiologia e morfologia de insetos. Intera\u00e7\u00e3o artr\u00f3podes-plantas. Identifica\u00e7\u00e3o e biologia de pragas de plantas cultivadas. Comunica\u00e7\u00e3o qu\u00edmica entre insetos. T\u00e9cnicas de monitoramento de pragas. Princ\u00edpios gerais de controle. Manejo Integrado de Pragas (MIP). Semestre\/M\u00f3dulo 1\u00b0 Carga hor\u00e1ria 75 h Professores Joatan Machado da Rosa Maria Aparecida Cassilha Zawadneak Refer\u00eancias [&hellip;]<\/p>\n","protected":false},"author":3,"featured_media":0,"parent":0,"menu_order":0,"comment_status":"closed","ping_status":"closed","template":"","meta":{"footnotes":""},"class_list":["post-9005","page","type-page","status-publish","hentry"],"_links":{"self":[{"href":"https:\/\/agrarias.ufpr.br\/pglsf\/wp-json\/wp\/v2\/pages\/9005","targetHints":{"allow":["GET"]}}],"collection":[{"href":"https:\/\/agrarias.ufpr.br\/pglsf\/wp-json\/wp\/v2\/pages"}],"about":[{"href":"https:\/\/agrarias.ufpr.br\/pglsf\/wp-json\/wp\/v2\/types\/page"}],"author":[{"embeddable":true,"href":"https:\/\/agrarias.ufpr.br\/pglsf\/wp-json\/wp\/v2\/users\/3"}],"replies":[{"embeddable":true,"href":"https:\/\/agrarias.ufpr.br\/pglsf\/wp-json\/wp\/v2\/comments?post=9005"}],"version-history":[{"count":5,"href":"https:\/\/agrarias.ufpr.br\/pglsf\/wp-json\/wp\/v2\/pages\/9005\/revisions"}],"predecessor-version":[{"id":10562,"href":"https:\/\/agrarias.ufpr.br\/pglsf\/wp-json\/wp\/v2\/pages\/9005\/revisions\/10562"}],"wp:attachment":[{"href":"https:\/\/agrarias.ufpr.br\/pglsf\/wp-json\/wp\/v2\/media?parent=9005"}],"curies":[{"name":"wp","href":"https:\/\/api.w.org\/{rel}","templated":true}]}}