{"id":8910,"date":"2021-04-08T18:47:13","date_gmt":"2021-04-08T18:47:13","guid":{"rendered":"https:\/\/agrarias.ufpr.br\/pglsf\/?page_id=8910"},"modified":"2026-02-05T13:26:19","modified_gmt":"2026-02-05T13:26:19","slug":"docentes","status":"publish","type":"page","link":"https:\/\/agrarias.ufpr.br\/pglsf\/docentes\/","title":{"rendered":"Docentes"},"content":{"rendered":"\n<div style=\"height:30px\" aria-hidden=\"true\" class=\"wp-block-spacer\"><\/div>\n\n\n\n<div class=\"wp-block-media-text is-stacked-on-mobile\" style=\"grid-template-columns:15% auto\"><figure class=\"wp-block-media-text__media\"><img loading=\"lazy\" decoding=\"async\" width=\"140\" height=\"224\" src=\"https:\/\/agrarias.ufpr.br\/pglsf\/wp-content\/uploads\/sites\/48\/2021\/04\/arthur2.jpg\" alt=\"\" class=\"wp-image-9225 size-full\" srcset=\"https:\/\/agrarias.ufpr.br\/pglsf\/wp-content\/uploads\/sites\/48\/2021\/04\/arthur2.jpg 140w, https:\/\/agrarias.ufpr.br\/pglsf\/wp-content\/uploads\/sites\/48\/2021\/04\/arthur2-75x120.jpg 75w\" sizes=\"auto, (max-width: 140px) 100vw, 140px\" \/><\/figure><div class=\"wp-block-media-text__content\">\n<p><strong><a href=\"https:\/\/agrarias.ufpr.br\/pglsf\/arthur-arrobas-martins-barroso\/\">Arthur Arrobas Martins Barroso<\/a><\/strong><\/p>\n\n\n\n<p>Prof. do Departamento de Fitotecnia e Fitossanidade da Universidade Federal do Paran\u00e1 (UFPR)<\/p>\n\n\n\n<p>Biologia e Manejo de Plantas Daninhas<\/p>\n\n\n\n<p><img loading=\"lazy\" decoding=\"async\" class=\"\" src=\"https:\/\/agrarias.ufpr.br\/fitotecnia\/wp-content\/uploads\/sites\/26\/2016\/03\/email-small-.jpg\" alt=\"email small\" width=\"22\" height=\"22\"> arrobas@ufpr.br&nbsp; &nbsp; <img loading=\"lazy\" decoding=\"async\" src=\"https:\/\/agrarias.ufpr.br\/fitotecnia\/wp-content\/uploads\/sites\/26\/2016\/03\/telefone.png\" alt=\"telefone\" width=\"22\" height=\"22\"> (41) 3350-5645<\/p>\n<\/div><\/div>\n\n\n\n<div style=\"height:30px\" aria-hidden=\"true\" class=\"wp-block-spacer\"><\/div>\n\n\n\n<div class=\"wp-block-media-text is-stacked-on-mobile\" style=\"grid-template-columns:15% auto\"><figure class=\"wp-block-media-text__media\"><img loading=\"lazy\" decoding=\"async\" width=\"140\" height=\"224\" src=\"https:\/\/agrarias.ufpr.br\/pglsf\/wp-content\/uploads\/sites\/48\/2021\/04\/cristiano.fw_.png\" alt=\"\" class=\"wp-image-8938 size-full\" srcset=\"https:\/\/agrarias.ufpr.br\/pglsf\/wp-content\/uploads\/sites\/48\/2021\/04\/cristiano.fw_.png 140w, https:\/\/agrarias.ufpr.br\/pglsf\/wp-content\/uploads\/sites\/48\/2021\/04\/cristiano.fw_-75x120.png 75w\" sizes=\"auto, (max-width: 140px) 100vw, 140px\" \/><\/figure><div class=\"wp-block-media-text__content\">\n<p><strong><a href=\"https:\/\/agrarias.ufpr.br\/pglsf\/cristiano-nunes-nesi\/\">Cristiano Nunes Nesi<\/a><\/strong><\/p>\n\n\n\n<p>Pesquisador da Empresa de Pesquisa Agropecu\u00e1ria e Extens\u00e3o Rural de Santa Catarina (EPAGRI)<\/p>\n\n\n\n<p>Estat\u00edstica Experimental<\/p>\n\n\n\n<p><img loading=\"lazy\" decoding=\"async\" class=\"\" src=\"https:\/\/agrarias.ufpr.br\/fitotecnia\/wp-content\/uploads\/sites\/26\/2016\/03\/email-small-.jpg\" alt=\"email small\" width=\"22\" height=\"22\"> cristiano@epagri.sc.gov.br&nbsp; &nbsp; <img loading=\"lazy\" decoding=\"async\" src=\"https:\/\/agrarias.ufpr.br\/fitotecnia\/wp-content\/uploads\/sites\/26\/2016\/03\/telefone.png\" alt=\"telefone\" width=\"22\" height=\"22\"> (49) 3324-3346<\/p>\n<\/div><\/div>\n\n\n\n<div style=\"height:30px\" aria-hidden=\"true\" class=\"wp-block-spacer\"><\/div>\n\n\n\n<div class=\"wp-block-media-text is-stacked-on-mobile\" style=\"grid-template-columns:15% auto\"><figure class=\"wp-block-media-text__media\"><img loading=\"lazy\" decoding=\"async\" width=\"140\" height=\"224\" src=\"https:\/\/agrarias.ufpr.br\/pglsf\/wp-content\/uploads\/sites\/48\/2022\/08\/daniel.jpg\" alt=\"\" class=\"wp-image-9578 size-full\" srcset=\"https:\/\/agrarias.ufpr.br\/pglsf\/wp-content\/uploads\/sites\/48\/2022\/08\/daniel.jpg 140w, https:\/\/agrarias.ufpr.br\/pglsf\/wp-content\/uploads\/sites\/48\/2022\/08\/daniel-75x120.jpg 75w\" sizes=\"auto, (max-width: 140px) 100vw, 140px\" \/><\/figure><div class=\"wp-block-media-text__content\">\n<p><a href=\"https:\/\/agrarias.ufpr.br\/pglsf\/daniel-bernardi\/\"><strong>Daniel Bernardi\u00a0<\/strong><\/a><\/p>\n\n\n\n<p>Prof. do Departamento de Fitossanidade da Universidade Federal de Pelotas (UFPel)<\/p>\n\n\n\n<p>Entomologia<\/p>\n\n\n\n<p><img loading=\"lazy\" decoding=\"async\" class=\"\" src=\"https:\/\/agrarias.ufpr.br\/fitotecnia\/wp-content\/uploads\/sites\/26\/2016\/03\/email-small-.jpg\" alt=\"email small\" width=\"22\" height=\"22\"> dbernardi2004@yahoo.com.br&nbsp; &nbsp; <img loading=\"lazy\" decoding=\"async\" src=\"https:\/\/agrarias.ufpr.br\/fitotecnia\/wp-content\/uploads\/sites\/26\/2016\/03\/telefone.png\" alt=\"telefone\" width=\"22\" height=\"22\"> (53) 3275-7382<\/p>\n<\/div><\/div>\n\n\n\n<div style=\"height:30px\" aria-hidden=\"true\" class=\"wp-block-spacer\"><\/div>\n\n\n\n<div class=\"wp-block-media-text is-stacked-on-mobile\" style=\"grid-template-columns:15% auto\"><figure class=\"wp-block-media-text__media\"><img loading=\"lazy\" decoding=\"async\" width=\"683\" height=\"1024\" src=\"https:\/\/agrarias.ufpr.br\/pglsf\/wp-content\/uploads\/sites\/48\/2025\/10\/Henrique_da_Silva_100x150-683x1024.jpg\" alt=\"\" class=\"wp-image-10477 size-full\" srcset=\"https:\/\/agrarias.ufpr.br\/pglsf\/wp-content\/uploads\/sites\/48\/2025\/10\/Henrique_da_Silva_100x150-683x1024.jpg 683w, https:\/\/agrarias.ufpr.br\/pglsf\/wp-content\/uploads\/sites\/48\/2025\/10\/Henrique_da_Silva_100x150-200x300.jpg 200w, https:\/\/agrarias.ufpr.br\/pglsf\/wp-content\/uploads\/sites\/48\/2025\/10\/Henrique_da_Silva_100x150-768x1152.jpg 768w, https:\/\/agrarias.ufpr.br\/pglsf\/wp-content\/uploads\/sites\/48\/2025\/10\/Henrique_da_Silva_100x150-1024x1536.jpg 1024w, https:\/\/agrarias.ufpr.br\/pglsf\/wp-content\/uploads\/sites\/48\/2025\/10\/Henrique_da_Silva_100x150-429x643.jpg 429w, https:\/\/agrarias.ufpr.br\/pglsf\/wp-content\/uploads\/sites\/48\/2025\/10\/Henrique_da_Silva_100x150-250x375.jpg 250w, https:\/\/agrarias.ufpr.br\/pglsf\/wp-content\/uploads\/sites\/48\/2025\/10\/Henrique_da_Silva_100x150-80x120.jpg 80w, https:\/\/agrarias.ufpr.br\/pglsf\/wp-content\/uploads\/sites\/48\/2025\/10\/Henrique_da_Silva_100x150.jpg 1210w\" sizes=\"auto, (max-width: 683px) 100vw, 683px\" \/><\/figure><div class=\"wp-block-media-text__content\">\n<p><a href=\"https:\/\/agrarias.ufpr.br\/pglsf\/henrique-da-silva-silveira-duarte\/\"><strong>Henrique da Silva Silveira Duarte (Coordenador)\u00a0<\/strong><\/a><\/p>\n\n\n\n<p>Prof. do Departamento de Fitotecnia e Fitossanidade da Universidade Federal do Paran\u00e1 (UFPR)<\/p>\n\n\n\n<p>Fitopatologia<\/p>\n\n\n\n<p><img loading=\"lazy\" decoding=\"async\" src=\"https:\/\/agrarias.ufpr.br\/fitotecnia\/wp-content\/uploads\/sites\/26\/2016\/03\/email-small-.jpg\" alt=\"email small\" width=\"22\" height=\"22\"> henriqueduarte@ufpr.br&nbsp; &nbsp;&nbsp;<img loading=\"lazy\" decoding=\"async\" src=\"https:\/\/agrarias.ufpr.br\/fitotecnia\/wp-content\/uploads\/sites\/26\/2016\/03\/telefone.png\" alt=\"telefone\" width=\"22\" height=\"22\">&nbsp;(41) 3350-5684<\/p>\n<\/div><\/div>\n\n\n\n<div style=\"height:30px\" aria-hidden=\"true\" class=\"wp-block-spacer\"><\/div>\n\n\n\n<div class=\"wp-block-media-text is-stacked-on-mobile\" style=\"grid-template-columns:15% auto\"><figure class=\"wp-block-media-text__media\"><img loading=\"lazy\" decoding=\"async\" width=\"140\" height=\"224\" src=\"https:\/\/agrarias.ufpr.br\/pglsf\/wp-content\/uploads\/sites\/48\/2025\/04\/joatan140224.jpg\" alt=\"\" class=\"wp-image-10240 size-full\" srcset=\"https:\/\/agrarias.ufpr.br\/pglsf\/wp-content\/uploads\/sites\/48\/2025\/04\/joatan140224.jpg 140w, https:\/\/agrarias.ufpr.br\/pglsf\/wp-content\/uploads\/sites\/48\/2025\/04\/joatan140224-75x120.jpg 75w\" sizes=\"auto, (max-width: 140px) 100vw, 140px\" \/><\/figure><div class=\"wp-block-media-text__content\">\n<p><a href=\"https:\/\/agrarias.ufpr.br\/pglsf\/joatan-machado-da-rosa\/\"><strong>Joatan Machado da Rosa<\/strong><\/a><\/p>\n\n\n\n<p>Prof. do Departamento de Patologia B\u00e1sica da Universidade Federal do Paran\u00e1 (UFPR)<\/p>\n\n\n\n<p>Entomologia<\/p>\n\n\n\n<p><img loading=\"lazy\" decoding=\"async\" src=\"https:\/\/agrarias.ufpr.br\/fitotecnia\/wp-content\/uploads\/sites\/26\/2016\/03\/email-small-.jpg\" alt=\"email small\" width=\"22\" height=\"22\"> joatanmachado@ufpr.br&nbsp; &nbsp;&nbsp;<img loading=\"lazy\" decoding=\"async\" src=\"https:\/\/agrarias.ufpr.br\/fitotecnia\/wp-content\/uploads\/sites\/26\/2016\/03\/telefone.png\" alt=\"telefone\" width=\"22\" height=\"22\">&nbsp;(41) 3361-1698<\/p>\n<\/div><\/div>\n\n\n\n<div style=\"height:30px\" aria-hidden=\"true\" class=\"wp-block-spacer\"><\/div>\n\n\n\n<div class=\"wp-block-media-text is-stacked-on-mobile\" style=\"grid-template-columns:15% auto\"><figure class=\"wp-block-media-text__media\"><img loading=\"lazy\" decoding=\"async\" width=\"140\" height=\"224\" src=\"https:\/\/agrarias.ufpr.br\/pglsf\/wp-content\/uploads\/sites\/48\/2021\/04\/larissa140227.fw_.png\" alt=\"\" class=\"wp-image-8927 size-full\" srcset=\"https:\/\/agrarias.ufpr.br\/pglsf\/wp-content\/uploads\/sites\/48\/2021\/04\/larissa140227.fw_.png 140w, https:\/\/agrarias.ufpr.br\/pglsf\/wp-content\/uploads\/sites\/48\/2021\/04\/larissa140227.fw_-75x120.png 75w\" sizes=\"auto, (max-width: 140px) 100vw, 140px\" \/><\/figure><div class=\"wp-block-media-text__content\">\n<p><a href=\"https:\/\/agrarias.ufpr.br\/pglsf\/louise-larissa-may-de-mio\/\"><strong>Louise Larissa May De Mio<\/strong><\/a><\/p>\n\n\n\n<p>Profa. do Departamento de Fitotecnia e Fitossanidade da Universidade Federal do Paran\u00e1 (UFPR)<\/p>\n\n\n\n<p>Fitopatologia<\/p>\n\n\n\n<p><img loading=\"lazy\" decoding=\"async\" src=\"https:\/\/agrarias.ufpr.br\/fitotecnia\/wp-content\/uploads\/sites\/26\/2016\/03\/email-small-.jpg\" alt=\"email small\" width=\"22\" height=\"22\"> maydemio@ufpr.br&nbsp; &nbsp;&nbsp;<img loading=\"lazy\" decoding=\"async\" src=\"https:\/\/agrarias.ufpr.br\/fitotecnia\/wp-content\/uploads\/sites\/26\/2016\/03\/telefone.png\" alt=\"telefone\" width=\"22\" height=\"22\">&nbsp;(41) 3350-5736<\/p>\n<\/div><\/div>\n\n\n\n<div style=\"height:30px\" aria-hidden=\"true\" class=\"wp-block-spacer\"><\/div>\n\n\n\n<div class=\"wp-block-media-text is-stacked-on-mobile\" style=\"grid-template-columns:15% auto\"><figure class=\"wp-block-media-text__media\"><img loading=\"lazy\" decoding=\"async\" width=\"140\" height=\"224\" src=\"https:\/\/agrarias.ufpr.br\/pglsf\/wp-content\/uploads\/sites\/48\/2025\/04\/cida.jpg\" alt=\"\" class=\"wp-image-10242 size-full\" srcset=\"https:\/\/agrarias.ufpr.br\/pglsf\/wp-content\/uploads\/sites\/48\/2025\/04\/cida.jpg 140w, https:\/\/agrarias.ufpr.br\/pglsf\/wp-content\/uploads\/sites\/48\/2025\/04\/cida-75x120.jpg 75w\" sizes=\"auto, (max-width: 140px) 100vw, 140px\" \/><\/figure><div class=\"wp-block-media-text__content\">\n<p><a href=\"https:\/\/agrarias.ufpr.br\/pglsf\/maria-aparecida-cassilha-zawadneak\/\"><strong>Maria Aparecida Cassilha Zawadneak<\/strong><\/a><\/p>\n\n\n\n<p>Profa. do Departamento de Patologia B\u00e1sica da Universidade Federal do Paran\u00e1 (UFPR)<\/p>\n\n\n\n<p>Entomologia<\/p>\n\n\n\n<p><img loading=\"lazy\" decoding=\"async\" src=\"https:\/\/agrarias.ufpr.br\/fitotecnia\/wp-content\/uploads\/sites\/26\/2016\/03\/email-small-.jpg\" alt=\"email small\" width=\"22\" height=\"22\">&nbsp;mazawa@ufpr&nbsp; &nbsp;<img loading=\"lazy\" decoding=\"async\" src=\"https:\/\/agrarias.ufpr.br\/fitotecnia\/wp-content\/uploads\/sites\/26\/2016\/03\/telefone.png\" alt=\"telefone\" width=\"22\" height=\"22\"> (41) 3361-1697\/1700<\/p>\n<\/div><\/div>\n\n\n\n<div style=\"height:30px\" aria-hidden=\"true\" class=\"wp-block-spacer\"><\/div>\n\n\n\n<div class=\"wp-block-media-text is-stacked-on-mobile\" style=\"grid-template-columns:15% auto\"><figure class=\"wp-block-media-text__media\"><img loading=\"lazy\" decoding=\"async\" width=\"140\" height=\"224\" src=\"https:\/\/agrarias.ufpr.br\/pglsf\/wp-content\/uploads\/sites\/48\/2021\/04\/renata.jpg\" alt=\"\" class=\"wp-image-8930 size-full\" srcset=\"https:\/\/agrarias.ufpr.br\/pglsf\/wp-content\/uploads\/sites\/48\/2021\/04\/renata.jpg 140w, https:\/\/agrarias.ufpr.br\/pglsf\/wp-content\/uploads\/sites\/48\/2021\/04\/renata-75x120.jpg 75w\" sizes=\"auto, (max-width: 140px) 100vw, 140px\" \/><\/figure><div class=\"wp-block-media-text__content\">\n<p><a href=\"https:\/\/agrarias.ufpr.br\/pglsf\/renata-faier-caleario\/\"><strong>Renata Faier Calegario<\/strong><\/a><\/p>\n\n\n\n<p>Profa. do Departamento de Fitotecnia e Fitossanidade da Universidade Federal do Paran\u00e1 (UFPR)<\/p>\n\n\n\n<p>Fitopatologia<\/p>\n\n\n\n<p><img loading=\"lazy\" decoding=\"async\" src=\"https:\/\/agrarias.ufpr.br\/fitotecnia\/wp-content\/uploads\/sites\/26\/2016\/03\/email-small-.jpg\" alt=\"email small\" width=\"22\" height=\"22\">&nbsp;renata.faier@ufpr.br&nbsp; &nbsp;<img loading=\"lazy\" decoding=\"async\" src=\"https:\/\/agrarias.ufpr.br\/fitotecnia\/wp-content\/uploads\/sites\/26\/2016\/03\/telefone.png\" alt=\"telefone\" width=\"22\" height=\"22\">&nbsp;(41) 3350-5715<\/p>\n<\/div><\/div>\n\n\n\n<div style=\"height:30px\" aria-hidden=\"true\" class=\"wp-block-spacer\"><\/div>\n\n\n\n<div class=\"wp-block-media-text is-stacked-on-mobile\" style=\"grid-template-columns:15% auto\"><figure class=\"wp-block-media-text__media\"><img loading=\"lazy\" decoding=\"async\" width=\"140\" height=\"224\" src=\"https:\/\/agrarias.ufpr.br\/pglsf\/wp-content\/uploads\/sites\/48\/2021\/04\/renato-resende.jpg\" alt=\"\" class=\"wp-image-8932 size-full\" srcset=\"https:\/\/agrarias.ufpr.br\/pglsf\/wp-content\/uploads\/sites\/48\/2021\/04\/renato-resende.jpg 140w, https:\/\/agrarias.ufpr.br\/pglsf\/wp-content\/uploads\/sites\/48\/2021\/04\/renato-resende-75x120.jpg 75w\" sizes=\"auto, (max-width: 140px) 100vw, 140px\" \/><\/figure><div class=\"wp-block-media-text__content\">\n<p><a href=\"https:\/\/agrarias.ufpr.br\/pglsf\/renato-rezende-young-blood\/\"><strong>Renato Rezende Young Blood<\/strong><\/a><\/p>\n\n\n\n<p>Gerente de Sanidade Vegetal da Ag\u00eancia de Defesa Agropecu\u00e1ria do Paran\u00e1 (ADAPAR)<\/p>\n\n\n\n<p>Defesa Sanit\u00e1ria Vegetal<\/p>\n\n\n\n<p><img loading=\"lazy\" decoding=\"async\" src=\"https:\/\/agrarias.ufpr.br\/fitotecnia\/wp-content\/uploads\/sites\/26\/2016\/03\/email-small-.jpg\" alt=\"email small\" width=\"22\" height=\"22\">&nbsp;renatoblood@adapar.pr.gov.br&nbsp; &nbsp;<img loading=\"lazy\" decoding=\"async\" src=\"https:\/\/agrarias.ufpr.br\/fitotecnia\/wp-content\/uploads\/sites\/26\/2016\/03\/telefone.png\" alt=\"telefone\" width=\"22\" height=\"22\"> (41) 3313-4109<\/p>\n<\/div><\/div>\n\n\n\n<div style=\"height:30px\" aria-hidden=\"true\" class=\"wp-block-spacer\"><\/div>\n\n\n\n<div class=\"wp-block-media-text is-stacked-on-mobile\" style=\"grid-template-columns:15% auto\"><figure class=\"wp-block-media-text__media\"><img loading=\"lazy\" decoding=\"async\" width=\"140\" height=\"224\" src=\"https:\/\/agrarias.ufpr.br\/pglsf\/wp-content\/uploads\/sites\/48\/2021\/04\/rone.fw_.png\" alt=\"\" class=\"wp-image-8937 size-full\" srcset=\"https:\/\/agrarias.ufpr.br\/pglsf\/wp-content\/uploads\/sites\/48\/2021\/04\/rone.fw_.png 140w, https:\/\/agrarias.ufpr.br\/pglsf\/wp-content\/uploads\/sites\/48\/2021\/04\/rone.fw_-75x120.png 75w\" sizes=\"auto, (max-width: 140px) 100vw, 140px\" \/><\/figure><div class=\"wp-block-media-text__content\">\n<p><a href=\"https:\/\/agrarias.ufpr.br\/pglsf\/rone-batista-de-oliveira\/\"><strong>Rone Batista de Oliveira<\/strong><\/a><\/p>\n\n\n\n<p>Prof. do Centro de Ci\u00eancias Agr\u00e1rias da Universidade Estadual do Norte do Paran\u00e1 (UENP)<\/p>\n\n\n\n<p>Tecnologia de Aplica\u00e7\u00e3o de Agrot\u00f3xicos<\/p>\n\n\n\n<p><img loading=\"lazy\" decoding=\"async\" src=\"https:\/\/agrarias.ufpr.br\/fitotecnia\/wp-content\/uploads\/sites\/26\/2016\/03\/email-small-.jpg\" alt=\"email small\" width=\"22\" height=\"22\">&nbsp;rone@uenp.edu.br&nbsp;&nbsp;<img loading=\"lazy\" decoding=\"async\" src=\"https:\/\/agrarias.ufpr.br\/fitotecnia\/wp-content\/uploads\/sites\/26\/2016\/03\/telefone.png\" alt=\"telefone\" width=\"22\" height=\"22\"> (43) 3542-8046<\/p>\n<\/div><\/div>\n\n\n\n<div style=\"height:30px\" aria-hidden=\"true\" class=\"wp-block-spacer\"><\/div>\n\n\n\n<div class=\"wp-block-media-text is-stacked-on-mobile\" style=\"grid-template-columns:15% auto\"><figure class=\"wp-block-media-text__media\"><img loading=\"lazy\" decoding=\"async\" width=\"140\" height=\"224\" src=\"https:\/\/agrarias.ufpr.br\/pglsf\/wp-content\/uploads\/sites\/48\/2021\/04\/sergio140224.jpg\" alt=\"\" class=\"wp-image-9238 size-full\" srcset=\"https:\/\/agrarias.ufpr.br\/pglsf\/wp-content\/uploads\/sites\/48\/2021\/04\/sergio140224.jpg 140w, https:\/\/agrarias.ufpr.br\/pglsf\/wp-content\/uploads\/sites\/48\/2021\/04\/sergio140224-75x120.jpg 75w\" sizes=\"auto, (max-width: 140px) 100vw, 140px\" \/><\/figure><div class=\"wp-block-media-text__content\">\n<p><a href=\"https:\/\/agrarias.ufpr.br\/pglsf\/sergio-miguel-mazaro\/\"><strong>S\u00e9rgio Miguel Mazaro<\/strong><\/a><\/p>\n\n\n\n<p>Prof. da Universidade Tecnol\u00f3gica Federal do Paran\u00e1 (UTFPR)<\/p>\n\n\n\n<p>Fitopatologia<\/p>\n\n\n\n<p><img loading=\"lazy\" decoding=\"async\" src=\"https:\/\/agrarias.ufpr.br\/fitotecnia\/wp-content\/uploads\/sites\/26\/2016\/03\/email-small-.jpg\" alt=\"email small\" width=\"22\" height=\"22\">&nbsp;sergio@utfpr.edu.br&nbsp; <img loading=\"lazy\" decoding=\"async\" src=\"https:\/\/agrarias.ufpr.br\/fitotecnia\/wp-content\/uploads\/sites\/26\/2016\/03\/telefone.png\" alt=\"telefone\" width=\"22\" height=\"22\"> (46) 3536-8900<\/p>\n<\/div><\/div>\n\n\n\n<div style=\"height:30px\" aria-hidden=\"true\" class=\"wp-block-spacer\"><\/div>\n","protected":false},"excerpt":{"rendered":"<p>Arthur Arrobas Martins Barroso Prof. do Departamento de Fitotecnia e Fitossanidade da Universidade Federal do Paran\u00e1 (UFPR) Biologia e Manejo de Plantas Daninhas arrobas@ufpr.br&nbsp; &nbsp; (41) 3350-5645 Cristiano Nunes Nesi Pesquisador da Empresa de Pesquisa Agropecu\u00e1ria e Extens\u00e3o Rural de Santa Catarina (EPAGRI) Estat\u00edstica Experimental cristiano@epagri.sc.gov.br&nbsp; &nbsp; (49) 3324-3346 Daniel Bernardi\u00a0 Prof. do Departamento de [&hellip;]<\/p>\n","protected":false},"author":3,"featured_media":0,"parent":0,"menu_order":0,"comment_status":"closed","ping_status":"closed","template":"","meta":{"footnotes":""},"class_list":["post-8910","page","type-page","status-publish","hentry"],"_links":{"self":[{"href":"https:\/\/agrarias.ufpr.br\/pglsf\/wp-json\/wp\/v2\/pages\/8910","targetHints":{"allow":["GET"]}}],"collection":[{"href":"https:\/\/agrarias.ufpr.br\/pglsf\/wp-json\/wp\/v2\/pages"}],"about":[{"href":"https:\/\/agrarias.ufpr.br\/pglsf\/wp-json\/wp\/v2\/types\/page"}],"author":[{"embeddable":true,"href":"https:\/\/agrarias.ufpr.br\/pglsf\/wp-json\/wp\/v2\/users\/3"}],"replies":[{"embeddable":true,"href":"https:\/\/agrarias.ufpr.br\/pglsf\/wp-json\/wp\/v2\/comments?post=8910"}],"version-history":[{"count":114,"href":"https:\/\/agrarias.ufpr.br\/pglsf\/wp-json\/wp\/v2\/pages\/8910\/revisions"}],"predecessor-version":[{"id":10736,"href":"https:\/\/agrarias.ufpr.br\/pglsf\/wp-json\/wp\/v2\/pages\/8910\/revisions\/10736"}],"wp:attachment":[{"href":"https:\/\/agrarias.ufpr.br\/pglsf\/wp-json\/wp\/v2\/media?parent=8910"}],"curies":[{"name":"wp","href":"https:\/\/api.w.org\/{rel}","templated":true}]}}