{"id":8879,"date":"2021-04-08T18:17:52","date_gmt":"2021-04-08T18:17:52","guid":{"rendered":"https:\/\/agrarias.ufpr.br\/pglsf\/?page_id=8879"},"modified":"2026-04-01T15:45:54","modified_gmt":"2026-04-01T18:45:54","slug":"inscricoes","status":"publish","type":"page","link":"https:\/\/agrarias.ufpr.br\/pglsf\/inscricoes\/","title":{"rendered":"Inscri\u00e7\u00f5es"},"content":{"rendered":"\n<p class=\"justificado\">Venha se tornar especialista em Fitossanidade pela UFPR! Esta \u00e9 uma \u00f3tima oportunidade para graduados e para quem est\u00e1 se formando. O curso pode ser feito concomitante com a gradua\u00e7\u00e3o, podendo ser apresentado o diploma da gradua\u00e7\u00e3o apenas ao final do curso de p\u00f3s-gradua\u00e7\u00e3o.<\/p>\n\n\n\n<p class=\"justificado\">A qualifica\u00e7\u00e3o de profissionais na \u00e1rea de fitossanidade \u00e9 uma necessidade cada vez maior no competitivo mercado nacional e internacional. Para atender a essa demanda, a Universidade Federal do Paran\u00e1 oferta o curso de P\u00f3s-Gradua\u00e7\u00e3o Lato Sensu em Fitossanidade.<\/p>\n\n\n\n<p class=\"justificado\"><strong>A pr\u00f3xima turma tem previs\u00e3o de in\u00edcio em mar\u00e7o\/2026 e est\u00e1 com as pr\u00e9-inscri\u00e7\u00f5es abertas (<a href=\"https:\/\/ufpr.pecca.com.br\/pos-graduacao-lato-sensu-em-fitossanidade\/\">https:\/\/ufpr.pecca.com.br\/pos-graduacao-lato-sensu-em-fitossanidade\/<\/a>).<\/strong><\/p>\n\n\n\n<p class=\"justificado\">O objetivo do curso de especializa\u00e7\u00e3o \u00e9 qualificar profissionais na \u00e1rea de Fitossanidade para uma agricultura moderna, sustent\u00e1vel e economicamente vi\u00e1vel. Por meio do curso, pretende-se promover a atualiza\u00e7\u00e3o e aplica\u00e7\u00e3o dos conhecimentos t\u00e9cnicos relativos \u00e0 legisla\u00e7\u00e3o fitossanit\u00e1ria, tecnologia de aplica\u00e7\u00e3o de produtos qu\u00edmicos e biol\u00f3gicos, planejamento experimental, fitopatologia, entomologia e matologia. Tamb\u00e9m pretende consolidar a prote\u00e7\u00e3o de plantas frente a t\u00e9cnicas agr\u00edcolas sustent\u00e1veis, visando a conserva\u00e7\u00e3o e melhoria do ambiente de produ\u00e7\u00e3o. Idealizado por docentes de diferentes \u00e1reas, o curso \u00e9 ofertado na modalidade de ensino a dist\u00e2ncia (EAD), seguindo modelo semipresencial dividido em dois m\u00f3dulos. Cada m\u00f3dulo tem sete disciplinas, ofertadas \u00e0 dist\u00e2ncia. Ao final de cada m\u00f3dulo, \u00e9 realizado o encontro presencial, com participa\u00e7\u00e3o obrigat\u00f3ria.<\/p>\n\n\n\n<p class=\"justificado\">O corpo docente \u00e9 formado por professores de diferentes \u00e1reas de atua\u00e7\u00e3o: Universidade Federal do Paran\u00e1 (UFPR), Empresa de Pesquisa Agropecu\u00e1ria e Extens\u00e3o Rural de Santa Catarina (EPAGRI), Universidade Estadual do Norte do Paran\u00e1 (UENP), Ag\u00eancia de Defesa Agropecu\u00e1ria do Paran\u00e1 (ADAPAR), Universidade Tecnol\u00f3gica Federal do Paran\u00e1 (UTFPR) e Universidade Federal de Pelotas (UFPel). O curso de P\u00f3s-Gradua\u00e7\u00e3o Lato Sensu em Fitossanidade \u00e9 ofertado pelo Departamento de Fitotecnia e Fitossanidade da UFPR em parceria com Programa de Educa\u00e7\u00e3o Continuada em Ci\u00eancias Agr\u00e1rias (PECCA) da UFPR.<\/p>\n\n\n\n<p class=\"justificado\"><strong>Informa\u00e7\u00f5es gerais:<\/strong><\/p>\n\n\n\n<p class=\"justificado\"><strong>Previs\u00e3o de abertura<\/strong>: mar\u00e7o\/2026<br><strong>Dura\u00e7\u00e3o<\/strong>: 24 meses<br><strong>Carga hor\u00e1ria:<\/strong>&nbsp;795 horas<br><strong>Formato das aulas:<\/strong>&nbsp;V\u00eddeo aulas gravadas e ao menos duas aulas s\u00edncronas (palestras e esclarecimentos de d\u00favidas) por disciplina, com dois encontros presenciais obrigat\u00f3rios.<br><strong>Investimento:<\/strong> 12 parcelas de R$ 500,00 (quinhentos reais). Desconto de 10% para pagamentos \u00e0 vista<\/p>\n\n\n\n<p>Mais informa\u00e7\u00f5es sobre o curso est\u00e3o no site&nbsp;<a style=\"font-weight: var( --e-global-typography-text-font-weight ); background-color: #ffffff;\" href=\"https:\/\/agrarias.ufpr.br\/pglsf\/\">https:\/\/agrarias.ufpr.br\/pglsf\/<\/a><\/p>\n\n\n\n<p><strong>Aproveite e acompanhe nossas redes sociais:<\/strong><\/p>\n\n\n\n<p><strong>Instagram:<\/strong>&nbsp;<a href=\"https:\/\/www.instagram.com\/latosensufitossanidadeufpr\/\" target=\"_blank\" rel=\"noopener\">@latosensufitossanidadeufpr<\/a>\/<a href=\"https:\/\/www.instagram.com\/peccaufpr\/\" target=\"_blank\" rel=\"noopener\">@peccaufpr<\/a><\/p>\n\n\n\n<p><strong>Facebook:<\/strong>&nbsp;<a href=\"https:\/\/agrarias.ufpr.br\/pglsf\/noticias\/abertas-as-pre-inscricoes-para-a-especializacao-em-fitossanidade-da-ufpr-turma-2023\/www.facebook.com\/peccaufpr\/\" target=\"_blank\" rel=\"noopener\">www.facebook.com\/peccaufpr\/<\/a><\/p>\n\n\n\n<p class=\"justificado\"><strong>Linkedin:<\/strong>&nbsp;<a href=\"http:\/\/www.linkedin.com\/in\/pecca-ufpr\/\">www.linkedin.com\/in\/pecca-ufpr\/<\/a>&nbsp;e&nbsp;<a href=\"https:\/\/www.linkedin.com\/in\/henrique-da-silva-silveira-duarte-b7663822\/\">https:\/\/www.linkedin.com\/in\/henrique-da-silva-silveira-duarte-b7663822\/<\/a><\/p>\n\n\n\n<p class=\"justificado\"><strong>Site:<\/strong>&nbsp;<a href=\"http:\/\/ufpr.pecca.com.br\/\" target=\"_blank\" rel=\"noopener\">http:\/\/ufpr.pecca.com.br\/<\/a><\/p>\n\n\n\n<p class=\"justificado\"><strong>Telefone:<\/strong>&nbsp;(41) 99218-2624 (WhatsApp)<\/p>\n","protected":false},"excerpt":{"rendered":"<p>Venha se tornar especialista em Fitossanidade pela UFPR! Esta \u00e9 uma \u00f3tima oportunidade para graduados e para quem est\u00e1 se formando. O curso pode ser feito concomitante com a gradua\u00e7\u00e3o, podendo ser apresentado o diploma da gradua\u00e7\u00e3o apenas ao final do curso de p\u00f3s-gradua\u00e7\u00e3o. A qualifica\u00e7\u00e3o de profissionais na \u00e1rea de fitossanidade \u00e9 uma necessidade [&hellip;]<\/p>\n","protected":false},"author":3,"featured_media":0,"parent":0,"menu_order":0,"comment_status":"closed","ping_status":"closed","template":"","meta":{"footnotes":""},"class_list":["post-8879","page","type-page","status-publish","hentry"],"_links":{"self":[{"href":"https:\/\/agrarias.ufpr.br\/pglsf\/wp-json\/wp\/v2\/pages\/8879","targetHints":{"allow":["GET"]}}],"collection":[{"href":"https:\/\/agrarias.ufpr.br\/pglsf\/wp-json\/wp\/v2\/pages"}],"about":[{"href":"https:\/\/agrarias.ufpr.br\/pglsf\/wp-json\/wp\/v2\/types\/page"}],"author":[{"embeddable":true,"href":"https:\/\/agrarias.ufpr.br\/pglsf\/wp-json\/wp\/v2\/users\/3"}],"replies":[{"embeddable":true,"href":"https:\/\/agrarias.ufpr.br\/pglsf\/wp-json\/wp\/v2\/comments?post=8879"}],"version-history":[{"count":75,"href":"https:\/\/agrarias.ufpr.br\/pglsf\/wp-json\/wp\/v2\/pages\/8879\/revisions"}],"predecessor-version":[{"id":10739,"href":"https:\/\/agrarias.ufpr.br\/pglsf\/wp-json\/wp\/v2\/pages\/8879\/revisions\/10739"}],"wp:attachment":[{"href":"https:\/\/agrarias.ufpr.br\/pglsf\/wp-json\/wp\/v2\/media?parent=8879"}],"curies":[{"name":"wp","href":"https:\/\/api.w.org\/{rel}","templated":true}]}}