{"id":8870,"date":"2021-04-08T18:15:37","date_gmt":"2021-04-08T18:15:37","guid":{"rendered":"https:\/\/agrarias.ufpr.br\/pglsf\/?page_id=8870"},"modified":"2026-02-05T13:07:15","modified_gmt":"2026-02-05T13:07:15","slug":"objetivos","status":"publish","type":"page","link":"https:\/\/agrarias.ufpr.br\/pglsf\/objetivos\/","title":{"rendered":"Objetivos"},"content":{"rendered":"\n<p><b>Objetivo geral<\/b><\/p>\n\n\n\n<ul class=\"wp-block-list\">\n<li>Qualificar profissionais na \u00e1rea de Fitossanidade para uma agricultura moderna, sustent\u00e1vel e economicamente vi\u00e1vel.<\/li>\n<\/ul>\n\n\n\n<p><b>Objetivos espec\u00edficos <\/b><\/p>\n\n\n\n<ul class=\"wp-block-list\">\n<li>Ampliar o n\u00famero de profissionais qualificados com curso superior na \u00e1rea de Ci\u00eancias Agr\u00e1rias.<\/li>\n\n\n\n<li>Promover a atualiza\u00e7\u00e3o e aplica\u00e7\u00e3o dos conhecimentos t\u00e9cnicos relativos \u00e0 legisla\u00e7\u00e3o fitossanit\u00e1ria, tecnologia de aplica\u00e7\u00e3o, planejamento experimental, fitopatologia, entomologia e matologia.<\/li>\n\n\n\n<li>Atender a uma demanda cada vez mais crescente no pa\u00eds quanto a melhor qualifica\u00e7\u00e3o de profissional na \u00e1rea de fitossanidade em resposta \u00e0s exig\u00eancias do competitivo mercado nacional e internacional e desafios t\u00e9cnicos atuais.<\/li>\n\n\n\n<li>Consolidar a prote\u00e7\u00e3o de plantas frente a t\u00e9cnicas agr\u00edcolas sustent\u00e1veis, visando a conserva\u00e7\u00e3o e melhoria do ambiente de produ\u00e7\u00e3o.<\/li>\n\n\n\n<li>Trocar conhecimentos e estabelecer rede de contatos.<\/li>\n<\/ul>\n","protected":false},"excerpt":{"rendered":"<p>Objetivo geral Objetivos espec\u00edficos<\/p>\n","protected":false},"author":3,"featured_media":0,"parent":0,"menu_order":0,"comment_status":"closed","ping_status":"closed","template":"","meta":{"footnotes":""},"class_list":["post-8870","page","type-page","status-publish","hentry"],"_links":{"self":[{"href":"https:\/\/agrarias.ufpr.br\/pglsf\/wp-json\/wp\/v2\/pages\/8870","targetHints":{"allow":["GET"]}}],"collection":[{"href":"https:\/\/agrarias.ufpr.br\/pglsf\/wp-json\/wp\/v2\/pages"}],"about":[{"href":"https:\/\/agrarias.ufpr.br\/pglsf\/wp-json\/wp\/v2\/types\/page"}],"author":[{"embeddable":true,"href":"https:\/\/agrarias.ufpr.br\/pglsf\/wp-json\/wp\/v2\/users\/3"}],"replies":[{"embeddable":true,"href":"https:\/\/agrarias.ufpr.br\/pglsf\/wp-json\/wp\/v2\/comments?post=8870"}],"version-history":[{"count":4,"href":"https:\/\/agrarias.ufpr.br\/pglsf\/wp-json\/wp\/v2\/pages\/8870\/revisions"}],"predecessor-version":[{"id":10550,"href":"https:\/\/agrarias.ufpr.br\/pglsf\/wp-json\/wp\/v2\/pages\/8870\/revisions\/10550"}],"wp:attachment":[{"href":"https:\/\/agrarias.ufpr.br\/pglsf\/wp-json\/wp\/v2\/media?parent=8870"}],"curies":[{"name":"wp","href":"https:\/\/api.w.org\/{rel}","templated":true}]}}