{"id":8,"date":"2021-04-08T17:48:10","date_gmt":"2021-04-08T17:48:10","guid":{"rendered":"https:\/\/agrarias.ufpr.br\/pglsf\/?page_id=8"},"modified":"2026-04-01T15:48:26","modified_gmt":"2026-04-01T18:48:26","slug":"aspectos-academicos","status":"publish","type":"page","link":"https:\/\/agrarias.ufpr.br\/pglsf\/aspectos-academicos\/","title":{"rendered":"Aspectos Acad\u00eamicos"},"content":{"rendered":"\n<p><strong>Vagas<\/strong><\/p>\n\n\n\n<p>150<\/p>\n\n\n\n<p><strong>Dura\u00e7\u00e3o <\/strong><\/p>\n\n\n\n<p class=\"justificado\">O curso tem dura\u00e7\u00e3o m\u00e1xima de 24 meses (01\/03\/2025 a 29\/02\/2027). Durante os primeiros 14 meses s\u00e3o ofertadas as disciplinas, sendo do 15\u00ba ao 20\u00ba m\u00eas o aluno dever\u00e1 elaborar o Trabalho de Conclus\u00e3o de Curso (TCC). Do 21\u00ba ao 24\u00ba m\u00eas \u00e9 para os tr\u00e2mites e fechamento do curso.<\/p>\n\n\n\n<p><strong>Carga Hor\u00e1ria<\/strong><\/p>\n\n\n\n<p>795 horas<\/p>\n\n\n\n<p><strong>M\u00f3dulos (Semestres)<\/strong><\/p>\n\n\n\n<p class=\"justificado\">O curso \u00e9 dividido em 2 m\u00f3dulos. Em cada m\u00f3dulo tem 7 disciplinas, sendo inicialmente ofertadas \u00e0 dist\u00e2ncia e ao final de cada m\u00f3dulo tem o encontro presencial.<\/p>\n\n\n\n<p><strong>Disciplinas&nbsp;<\/strong><\/p>\n\n\n\n<p class=\"justificado\">As 14 disciplinas s\u00e3o ofertadas seguindo um calend\u00e1rio predefinido. Durante os dias programados para cada disciplina o aluno dever\u00e1 ler a apostila, assistir \u00e0s aulas gravadas (ass\u00edncronas), assistir as aulas ao vivo (s\u00edncrona) com a participa\u00e7\u00e3o de palestrantes apresentando temas relevantes e para que sejam sanadas d\u00favidas quanto ao conte\u00fado, participar das atividades disponibilizadas como f\u00f3rum de discuss\u00e3o (10% da nota final) e fazer a primeira prova (question\u00e1rio) que vale 40% da nota final . A parte das disciplinas referente ao ensino a dist\u00e2ncia (EaD) s\u00e3o de conte\u00fados de base e mais te\u00f3ricos para dar a fundamenta\u00e7\u00e3o b\u00e1sica para o melhor aproveitamento do conte\u00fado principalmente nos encontros presenciais. Durante o curso mais de 30 palestrantes s\u00e3o convidados tanto para as aulas s\u00edncronas quanto para o encontro presencial.<\/p>\n\n\n\n<p><strong>Encontros Presenciais<\/strong><\/p>\n\n\n\n<p class=\"justificado\">Ao final de cada m\u00f3dulo tem o encontro presencial na <strong>UFPR &#8211; Curitiba<\/strong> durante 5 dias (segunda a sexta-feira) com os objetivos de discutir e apresentar um conhecimento mais aplicado levando em considera\u00e7\u00e3o que o conhecimento b\u00e1sico foi adquirido nas aulas EaD, conhecer os alunos pessoalmente melhorando a network, al\u00e9m da troca de experi\u00eancias e conhecimento entre docente e aluno (profissional). \u00c9 obrigat\u00f3ria a presen\u00e7a nos dois encontros presenciais. Na impossibilidade de n\u00e3o comparecimento em uns dos encontros presenciais, o aluno poder\u00e1 participar do encontro presencial na turma do ano seguinte. A segunda prova de cada disciplina \u00e9 aplicada ao final de cada dia do encontro presencial.<\/p>\n\n\n\n<p><strong>Avalia\u00e7\u00f5es<\/strong><\/p>\n\n\n\n<p class=\"justificado\">A nota final da disciplina \u00e9 composta por 50% referente ao forum e question\u00e1rio durante o per\u00edodo EaD e os outros 50% referente a segunda prova aplicada durante o encontro presencial. Para aprova\u00e7\u00e3o \u00e9 necess\u00e1rio nota m\u00e9dia igual ou superior a 70%. De 0 at\u00e9 40% o aluno \u00e9 reprovado e de 41 a 69 o aluno fica em recupera\u00e7\u00e3o. Em caso de recupera\u00e7\u00e3o, \u00e9 aplicada uma prova de 2\u00aa chamada a qual o aluno dever\u00e1 obter nota igual ou superior a 70%.<\/p>\n\n\n\n<p><strong>TCC<\/strong><\/p>\n\n\n\n<p class=\"justificado\">O TCC deve ser finalizado ap\u00f3s a conclus\u00e3o das disciplinas (15\u00ba ao 20\u00ba m\u00eas do in\u00edcio do curso). \u00c9 ofertada uma disciplina intitulada <a href=\"https:\/\/agrarias.ufpr.br\/pglsf\/trabalho-de-conclusao-de-curso\/\">Introdu\u00e7\u00e3o ao&nbsp;Trabalho de Conclus\u00e3o de Curso<\/a> para ajudar aos alunos sobre como elaborar o TCC.&nbsp; Ao discente que obtiver aprova\u00e7\u00e3o em todas as disciplinas e no TCC \u00e9 concedido o Certificado de Especialista pela UFPR. Ao discente que optar por n\u00e3o realizar o TCC, mas que obtiver aprova\u00e7\u00e3o em todas as disciplinas \u00e9 concedido o Certificado de Aperfei\u00e7oamento pela UFPR. Os <a href=\"https:\/\/agrarias.ufpr.br\/pglsf\/orientadores-de-tcc\/\">orientadores de TCC<\/a> podem ser professores do curso, profissionais que participam do curso especificamente para a orienta\u00e7\u00e3o de TCC e profissionais externos ao curso desde que tenha no m\u00ednimo mestrado dentro da \u00e1rea pretendida para o TCC, e que seja aprovado pela coordena\u00e7\u00e3o do curso.<\/p>\n","protected":false},"excerpt":{"rendered":"<p>Vagas 150 Dura\u00e7\u00e3o O curso tem dura\u00e7\u00e3o m\u00e1xima de 24 meses (01\/03\/2025 a 29\/02\/2027). Durante os primeiros 14 meses s\u00e3o ofertadas as disciplinas, sendo do 15\u00ba ao 20\u00ba m\u00eas o aluno dever\u00e1 elaborar o Trabalho de Conclus\u00e3o de Curso (TCC). Do 21\u00ba ao 24\u00ba m\u00eas \u00e9 para os tr\u00e2mites e fechamento do curso. Carga Hor\u00e1ria [&hellip;]<\/p>\n","protected":false},"author":3,"featured_media":0,"parent":0,"menu_order":0,"comment_status":"closed","ping_status":"closed","template":"","meta":{"footnotes":""},"class_list":["post-8","page","type-page","status-publish","hentry"],"_links":{"self":[{"href":"https:\/\/agrarias.ufpr.br\/pglsf\/wp-json\/wp\/v2\/pages\/8","targetHints":{"allow":["GET"]}}],"collection":[{"href":"https:\/\/agrarias.ufpr.br\/pglsf\/wp-json\/wp\/v2\/pages"}],"about":[{"href":"https:\/\/agrarias.ufpr.br\/pglsf\/wp-json\/wp\/v2\/types\/page"}],"author":[{"embeddable":true,"href":"https:\/\/agrarias.ufpr.br\/pglsf\/wp-json\/wp\/v2\/users\/3"}],"replies":[{"embeddable":true,"href":"https:\/\/agrarias.ufpr.br\/pglsf\/wp-json\/wp\/v2\/comments?post=8"}],"version-history":[{"count":31,"href":"https:\/\/agrarias.ufpr.br\/pglsf\/wp-json\/wp\/v2\/pages\/8\/revisions"}],"predecessor-version":[{"id":10741,"href":"https:\/\/agrarias.ufpr.br\/pglsf\/wp-json\/wp\/v2\/pages\/8\/revisions\/10741"}],"wp:attachment":[{"href":"https:\/\/agrarias.ufpr.br\/pglsf\/wp-json\/wp\/v2\/media?parent=8"}],"curies":[{"name":"wp","href":"https:\/\/api.w.org\/{rel}","templated":true}]}}