{"id":315,"date":"2018-07-04T13:25:33","date_gmt":"2018-07-04T13:25:33","guid":{"rendered":"https:\/\/agrarias.ufpr.br\/pgapv\/?page_id=315"},"modified":"2026-02-04T20:17:07","modified_gmt":"2026-02-04T20:17:07","slug":"apv-7035-topicos-especiais-ii-hibridacao-da-cana-de-acucar","status":"publish","type":"page","link":"https:\/\/agrarias.ufpr.br\/pgapven\/apv-7035-topicos-especiais-ii-hibridacao-da-cana-de-acucar\/","title":{"rendered":"AGRO 7036 \u2013 Special Topics II \u2013 Sugarcane Hybridation"},"content":{"rendered":"\n<p><span style=\"font-family: helvetica, arial, sans-serif;\"><strong>Level<\/strong><\/span><\/p>\n\n\n\n<p><span style=\"font-family: helvetica, arial, sans-serif;\">Master\/Doctor<\/span><\/p>\n\n\n\n<p><span style=\"font-family: helvetica, arial, sans-serif;\"><strong>Credits <\/strong><\/span><\/p>\n\n\n\n<p><span style=\"font-family: helvetica, arial, sans-serif;\">02 (30 h)<\/span><\/p>\n\n\n\n<p><span style=\"font-family: helvetica, arial, sans-serif;\"><strong>Content<\/strong><\/span><\/p>\n\n\n\n<p><span style=\"font-size: 12pt; font-family: helvetica, arial, sans-serif;\">Flowering of sugarcane. Artificial flowering induction. Types of crossings. Criteria for choosing parents to cross. Processing and storage of sugarcane seeds. Interspecific hybridizations.<\/span><\/p>\n\n\n\n<p><span style=\"font-family: helvetica, arial, sans-serif;\"><strong>Professor<\/strong><\/span><\/p>\n\n\n\n<p><span style=\"font-family: helvetica, arial, sans-serif;\"><a href=\"https:\/\/agrarias.ufpr.br\/pgapv\/joao-carlos-bespalhok-filho\/\">Jo\u00e3o Carlos Bespalhok Filho<\/a><\/span><\/p>\n\n\n\n<p><span style=\"font-family: helvetica, arial, sans-serif;\"><strong>References<\/strong><\/span><\/p>\n\n\n\n<p><span style=\"font-family: helvetica, arial, sans-serif;\">ARALDI, R., SILVA, F.M.L., ONO, E.O.; RODRIGUES, J.D. Florescimento em cana-de-a\u00e7\u00facar.&nbsp;<strong>Ci\u00eancia Rural.<\/strong>&nbsp;2010, v. 3, p. 694-702.<\/span><\/p>\n\n\n\n<p><span style=\"font-family: helvetica, arial, sans-serif;\">CESNIK, R.; MIOCQUE, J.&nbsp;<strong>Melhoramento da cana-de-a\u00e7\u00facar<\/strong>. Bras\u00edlia: Embrapa Informa\u00e7\u00f5es Tecnol\u00f3gicas, 2004.<\/span><\/p>\n\n\n\n<p><span style=\"font-family: helvetica, arial, sans-serif;\">LANDELL, M.G.A.; BRESSIANI, A. Melhoramento gen\u00e9tico, caracteriza\u00e7\u00e3o e manejo varietal. In: MINARDO-MIRANDA, L.L.; VASCONCELOS, A.C.M.; LANDELL, M.G.A. (Ed.)&nbsp;<strong>Cana-de-a\u00e7\u00facar.<\/strong>&nbsp;Campinas: Instituto Agron\u00f4mico, 2008, p. 101-155.<\/span><\/p>\n\n\n\n<p><span style=\"font-family: helvetica, arial, sans-serif;\">MATSUOKA, S.; GARCIA, A.A.F.; ARIZONO, H. Melhoramento da Cana-de-a\u00e7\u00facar<strong>.&nbsp;<\/strong>In: BOR\u00c9M, A.(Org.).&nbsp;<strong>Melhoramento de esp\u00e9cies cultivadas<\/strong>. Vi\u00e7osa: Editora da Universidade Federal de Vi\u00e7osa, 1999. v. 1, p. 205 \u2013 252.<\/span><\/p>\n\n\n\n<p><span style=\"font-family: helvetica, arial, sans-serif;\">MING, R.; MOORE, P.H.; WU, K.K.; D\u00b4HONT, A.; TOMAS, T. Sugarcane Improvement through Breeding and Biotechnology.&nbsp;<strong>Plant Breeding Reviews<\/strong>, New York, USA, v. 27, 2006.<\/span><\/p>\n","protected":false},"excerpt":{"rendered":"<p>Level Master\/Doctor Credits 02 (30 h) Content Flowering of sugarcane. Artificial flowering induction. Types of crossings. Criteria for choosing parents to cross. Processing and storage of sugarcane seeds. Interspecific hybridizations. Professor Jo\u00e3o Carlos Bespalhok Filho References ARALDI, R., SILVA, F.M.L., ONO, E.O.; RODRIGUES, J.D. Florescimento em cana-de-a\u00e7\u00facar.&nbsp;Ci\u00eancia Rural.&nbsp;2010, v. 3, p. 694-702. CESNIK, R.; MIOCQUE, [&hellip;]<\/p>\n","protected":false},"author":3,"featured_media":0,"parent":0,"menu_order":0,"comment_status":"closed","ping_status":"closed","template":"","meta":{"footnotes":""},"class_list":["post-315","page","type-page","status-publish","hentry"],"_links":{"self":[{"href":"https:\/\/agrarias.ufpr.br\/pgapven\/wp-json\/wp\/v2\/pages\/315","targetHints":{"allow":["GET"]}}],"collection":[{"href":"https:\/\/agrarias.ufpr.br\/pgapven\/wp-json\/wp\/v2\/pages"}],"about":[{"href":"https:\/\/agrarias.ufpr.br\/pgapven\/wp-json\/wp\/v2\/types\/page"}],"author":[{"embeddable":true,"href":"https:\/\/agrarias.ufpr.br\/pgapven\/wp-json\/wp\/v2\/users\/3"}],"replies":[{"embeddable":true,"href":"https:\/\/agrarias.ufpr.br\/pgapven\/wp-json\/wp\/v2\/comments?post=315"}],"version-history":[{"count":9,"href":"https:\/\/agrarias.ufpr.br\/pgapven\/wp-json\/wp\/v2\/pages\/315\/revisions"}],"predecessor-version":[{"id":32342,"href":"https:\/\/agrarias.ufpr.br\/pgapven\/wp-json\/wp\/v2\/pages\/315\/revisions\/32342"}],"wp:attachment":[{"href":"https:\/\/agrarias.ufpr.br\/pgapven\/wp-json\/wp\/v2\/media?parent=315"}],"curies":[{"name":"wp","href":"https:\/\/api.w.org\/{rel}","templated":true}]}}