{"id":256,"date":"2018-07-04T12:32:21","date_gmt":"2018-07-04T12:32:21","guid":{"rendered":"https:\/\/agrarias.ufpr.br\/pgapv\/?page_id=256"},"modified":"2026-02-04T20:17:33","modified_gmt":"2026-02-04T20:17:33","slug":"agro-7016-manejo-de-especies-frutiferas-de-clima-temperado","status":"publish","type":"page","link":"https:\/\/agrarias.ufpr.br\/pgapven\/agro-7016-manejo-de-especies-frutiferas-de-clima-temperado\/","title":{"rendered":"AGRO 7016 \u2013 Temperate Fruits Management"},"content":{"rendered":"\n<p><span style=\"font-family: helvetica, arial, sans-serif; font-size: 12pt;\"><strong>Level<\/strong><\/span><\/p>\n\n\n\n<p><span style=\"font-family: helvetica, arial, sans-serif; font-size: 12pt;\">Master\/Doctoral<\/span><\/p>\n\n\n\n<p><span style=\"font-family: helvetica, arial, sans-serif; font-size: 12pt;\"><strong>Credits<\/strong><\/span><\/p>\n\n\n\n<p><span style=\"font-family: helvetica, arial, sans-serif; font-size: 12pt;\">04 (60 h)<\/span><\/p>\n\n\n\n<p><span style=\"font-family: helvetica, arial, sans-serif; font-size: 12pt;\"><strong>Content:<\/strong><\/span><\/p>\n\n\n\n<p class=\"Normal_Web_ tm12\"><span style=\"font-family: helvetica, arial, sans-serif;\">Analysis of agroclimatic zoning for temperate fruit trees in the Paran\u00e1 State. Study of the growth and fruiting habit of the main temperate climate fruit species. Phenological characterization of species. Definition and understanding of the dormancy process and its implications for fruit production and orchard management. Approach to abiotic factors that hinder fruit production, consequences and ways of mitigation. Analysis of pruning and training systems of perennial plants. Application of plant growth regulators and their effects on growth and fruiting.<\/span><\/p>\n\n\n\n<p class=\"Normal_Web_ tm9\"><span style=\"font-family: helvetica, arial, sans-serif; font-size: 12pt;\"><b>Professor<\/b><\/span><\/p>\n\n\n\n<p class=\"Normal_Web_ tm9\"><span style=\"font-family: helvetica, arial, sans-serif; font-size: 12pt;\"><a href=\"https:\/\/agrarias.ufpr.br\/pgapven\/luiz-antonio-biasi\/\"><span class=\"tm11\">Luiz Antonio Biasi<\/span><\/a><\/span><\/p>\n\n\n\n<p><span style=\"font-family: helvetica, arial, sans-serif; font-size: 12pt;\"><strong>References<\/strong><\/span><\/p>\n\n\n\n<p><span style=\"font-family: helvetica, arial, sans-serif;\">BEAUVIEUX, R.; WENDEN, B.; DIRLEWANGER, E. Bud dormancy in perennial fruit tree species: a pivotal role for oxidative cues. Frontiers in Plant Science, v.9, e-657, 2018.&nbsp;&nbsp;&nbsp;<\/span><\/p>\n\n\n\n<p><span style=\"font-family: helvetica, arial, sans-serif;\">BOTELHO, R.V.; PIO, R.; AYUB, R.A. Comp\u00eandio da cultura da pereira. 1. ed. Curitiba: Brazil Publishing, 2019. 182p.<\/span><\/p>\n\n\n\n<p><span style=\"font-family: helvetica, arial, sans-serif;\">EPAGRI. A cultura da macieira. Florian\u00f3polis: EPAGRI 2002. 743p.&nbsp;<\/span><\/p>\n\n\n\n<p><span style=\"font-family: helvetica, arial, sans-serif;\">IONESCU, I.A.; MOLLER, B.L.; SANCHEZ-PEREZ, R. Chemical control of flowering time. Journal of Experimental Botany, v. 68, n. 3, p. 369\u2013382, 2017.<\/span><\/p>\n\n\n\n<p><span style=\"font-family: helvetica, arial, sans-serif;\">KISHINO, A.Y.; CARVALHO, S.L.C. de; ROBERTO, S.R. Viticultura Tropical: o sistema de produ\u00e7\u00e3o de uvas de mesa do Paran\u00e1. Londrina: IAPAR. 2019. 709p.<\/span><\/p>\n\n\n\n<p><span style=\"font-family: helvetica, arial, sans-serif;\">KRETZSCHMAR, A. A.; RUFATO, L.; PELIZZA, T. R.; RUFATO, A.R.; ANTUNES, L.E.C; RASEIRA, M.C.B.; VIZZOTTO, M.; PAGOT, E.; LIMA, C.S.M.; MUNIZ, J.; RIBEIRO, R.S. Pequenas<\/span><\/p>\n\n\n\n<p><span style=\"font-family: helvetica, arial, sans-serif;\">PETRI, J.L.; HAVERROTH, F.J.; LEITE, G.B.; SEZERINO, A.A.; COUTO, M. Reguladores de crescimento para frut\u00edferas de clima temperado. Florian\u00f3polis: Epagri, 2016, 141p.<\/span><\/p>\n\n\n\n<p><span style=\"font-family: helvetica, arial, sans-serif;\">PETRI, J.L.; SEZERINO, A.A.; PASA, M.S.; HAWERROTH, F.J. Raleio de frutos na cultura da macieira. Florian\u00f3polis: Epagri, 2017. 61p. (Epagri. Boletim T\u00e9cnico, 179).<\/span><\/p>\n\n\n\n<p><span style=\"font-family: helvetica, arial, sans-serif;\">PIO, R. Cultivo de fruteiras de clima temperado em regi\u00f5es subtropicais e tropicais. 2 ed. Lavras: Ed. UFLA, 2018. 681p.<\/span><\/p>\n\n\n\n<p><span style=\"font-family: helvetica, arial, sans-serif;\">PIO, R.; SOUZA, F.B.M.; KALCSITS, L.; BISI, R.B.; FARIAS, D.H. Advances in the production of temperate fruits in the tropics. Acta Scientiarum. Agronomy, v. 41, e39549, 2019.<\/span><\/p>\n\n\n\n<p><span style=\"font-family: helvetica, arial, sans-serif;\">RASEIRA, M.C.B.; PEREIRA, J.F.M.; CARVALHO, F.L.C. Pessegueiro. Bras\u00edlia: Embrapa, 2014. 776 p.<\/span><\/p>\n\n\n\n<p><span style=\"font-family: helvetica, arial, sans-serif;\">RUFATO, L.; KRETZSCHMAR, A.A.; BOGO, A. A cultura da pereira. Florian\u00f3polis: DIOESC, 2012. 247p.<\/span><\/p>\n","protected":false},"excerpt":{"rendered":"<p>Level Master\/Doctoral Credits 04 (60 h) Content: Analysis of agroclimatic zoning for temperate fruit trees in the Paran\u00e1 State. Study of the growth and fruiting habit of the main temperate climate fruit species. Phenological characterization of species. Definition and understanding of the dormancy process and its implications for fruit production and orchard management. Approach to [&hellip;]<\/p>\n","protected":false},"author":3,"featured_media":0,"parent":0,"menu_order":0,"comment_status":"closed","ping_status":"closed","template":"","meta":{"footnotes":""},"class_list":["post-256","page","type-page","status-publish","hentry"],"_links":{"self":[{"href":"https:\/\/agrarias.ufpr.br\/pgapven\/wp-json\/wp\/v2\/pages\/256","targetHints":{"allow":["GET"]}}],"collection":[{"href":"https:\/\/agrarias.ufpr.br\/pgapven\/wp-json\/wp\/v2\/pages"}],"about":[{"href":"https:\/\/agrarias.ufpr.br\/pgapven\/wp-json\/wp\/v2\/types\/page"}],"author":[{"embeddable":true,"href":"https:\/\/agrarias.ufpr.br\/pgapven\/wp-json\/wp\/v2\/users\/3"}],"replies":[{"embeddable":true,"href":"https:\/\/agrarias.ufpr.br\/pgapven\/wp-json\/wp\/v2\/comments?post=256"}],"version-history":[{"count":10,"href":"https:\/\/agrarias.ufpr.br\/pgapven\/wp-json\/wp\/v2\/pages\/256\/revisions"}],"predecessor-version":[{"id":32347,"href":"https:\/\/agrarias.ufpr.br\/pgapven\/wp-json\/wp\/v2\/pages\/256\/revisions\/32347"}],"wp:attachment":[{"href":"https:\/\/agrarias.ufpr.br\/pgapven\/wp-json\/wp\/v2\/media?parent=256"}],"curies":[{"name":"wp","href":"https:\/\/api.w.org\/{rel}","templated":true}]}}