{"id":244,"date":"2018-07-04T11:53:34","date_gmt":"2018-07-04T11:53:34","guid":{"rendered":"https:\/\/agrarias.ufpr.br\/pgapv\/?page_id=244"},"modified":"2018-07-04T11:53:34","modified_gmt":"2018-07-04T11:53:34","slug":"apv-7011-fisiologia-da-reproducao-vegetal","status":"publish","type":"page","link":"https:\/\/agrarias.ufpr.br\/pgapven\/apv-7011-fisiologia-da-reproducao-vegetal\/","title":{"rendered":"APV 7011 &#8211; FISIOLOGIA DA REPRODU\u00c7\u00c3O VEGETAL"},"content":{"rendered":"<p><img loading=\"lazy\" decoding=\"async\" class=\"alignnone size-medium wp-image-196\" src=\"https:\/\/agrarias.ufpr.br\/pgapv\/wp-content\/uploads\/sites\/39\/2018\/07\/foto-pos-gd-logo-maior-300x108.jpg\" alt=\"foto-pos-gd-logo-maior\" width=\"300\" height=\"108\"><\/p>\n<table width=\"532\">\n<tbody>\n<tr>\n<td width=\"532\">N\u00edvel: MESTRADO\/DOUTORADO<\/td>\n<\/tr>\n<tr>\n<td width=\"532\">Natureza: SEMESTRAL<\/td>\n<\/tr>\n<tr>\n<td width=\"532\">Carga Hor\u00e1ria: 60 horas (60 te\u00f3ricas)<\/td>\n<\/tr>\n<tr>\n<td width=\"532\">Cr\u00e9dito: 04<\/td>\n<\/tr>\n<tr>\n<td width=\"532\">Ementa: Fitocromo. Rea\u00e7\u00f5es de alta energia. Fotoperiodismo. Vernaliza\u00e7\u00e3o.<\/p>\n<p>Est\u00edmulo da flora\u00e7\u00e3o. Dorm\u00eancia de gemas. Aspectos fisiol\u00f3gicos da propaga\u00e7\u00e3o.<\/td>\n<\/tr>\n<tr>\n<td width=\"532\">Cursos para os quais \u00e9 ministrado: &nbsp;<\/p>\n<p>Agronomia-Produ\u00e7\u00e3o Vegetal; Bot\u00e2nica<\/td>\n<\/tr>\n<tr>\n<td width=\"532\">Professor Respons\u00e1vel: Profa Dra. Katia Christina Zuffellato Ribas<\/td>\n<\/tr>\n<\/tbody>\n<\/table>\n","protected":false},"excerpt":{"rendered":"<p>N\u00edvel: MESTRADO\/DOUTORADO Natureza: SEMESTRAL Carga Hor\u00e1ria: 60 horas (60 te\u00f3ricas) Cr\u00e9dito: 04 Ementa: Fitocromo. Rea\u00e7\u00f5es de alta energia. Fotoperiodismo. Vernaliza\u00e7\u00e3o. Est\u00edmulo da flora\u00e7\u00e3o. Dorm\u00eancia de gemas. Aspectos fisiol\u00f3gicos da propaga\u00e7\u00e3o. Cursos para os quais \u00e9 ministrado: &nbsp; Agronomia-Produ\u00e7\u00e3o Vegetal; Bot\u00e2nica Professor Respons\u00e1vel: Profa Dra. Katia Christina Zuffellato Ribas<\/p>\n","protected":false},"author":3,"featured_media":0,"parent":0,"menu_order":0,"comment_status":"closed","ping_status":"closed","template":"","meta":{"footnotes":""},"class_list":["post-244","page","type-page","status-publish","hentry"],"_links":{"self":[{"href":"https:\/\/agrarias.ufpr.br\/pgapven\/wp-json\/wp\/v2\/pages\/244","targetHints":{"allow":["GET"]}}],"collection":[{"href":"https:\/\/agrarias.ufpr.br\/pgapven\/wp-json\/wp\/v2\/pages"}],"about":[{"href":"https:\/\/agrarias.ufpr.br\/pgapven\/wp-json\/wp\/v2\/types\/page"}],"author":[{"embeddable":true,"href":"https:\/\/agrarias.ufpr.br\/pgapven\/wp-json\/wp\/v2\/users\/3"}],"replies":[{"embeddable":true,"href":"https:\/\/agrarias.ufpr.br\/pgapven\/wp-json\/wp\/v2\/comments?post=244"}],"version-history":[{"count":0,"href":"https:\/\/agrarias.ufpr.br\/pgapven\/wp-json\/wp\/v2\/pages\/244\/revisions"}],"wp:attachment":[{"href":"https:\/\/agrarias.ufpr.br\/pgapven\/wp-json\/wp\/v2\/media?parent=244"}],"curies":[{"name":"wp","href":"https:\/\/api.w.org\/{rel}","templated":true}]}}