{"id":1682,"date":"2018-09-25T19:15:42","date_gmt":"2018-09-25T19:15:42","guid":{"rendered":"https:\/\/agrarias.ufpr.br\/pgapv\/?page_id=1682"},"modified":"2026-02-04T20:16:41","modified_gmt":"2026-02-04T20:16:41","slug":"agro-7038-avancos-na-cadeia-produtiva-de-frutiferas-subtropicais-e-tropicais","status":"publish","type":"page","link":"https:\/\/agrarias.ufpr.br\/pgapven\/agro-7038-avancos-na-cadeia-produtiva-de-frutiferas-subtropicais-e-tropicais\/","title":{"rendered":"AGRO 7042 &#8211; Subtropical And Tropical Fruit Chain Production Advances"},"content":{"rendered":"\n<p><span style=\"font-family: helvetica, arial, sans-serif; font-size: 12pt;\"><strong>Level<\/strong><\/span><\/p>\n\n\n\n<p><span style=\"font-family: helvetica, arial, sans-serif; font-size: 12pt;\">Master\/Doctoral<\/span><\/p>\n\n\n\n<p><span style=\"font-family: helvetica, arial, sans-serif; font-size: 12pt;\"><strong>Credits<\/strong><\/span><\/p>\n\n\n\n<p><span style=\"font-family: helvetica, arial, sans-serif; font-size: 12pt;\">04 (60 h)<\/span><\/p>\n\n\n\n<p><span style=\"font-family: helvetica, arial, sans-serif; font-size: 12pt;\"><strong>Content:<\/strong><\/span><\/p>\n\n\n\n<p><span style=\"font-family: helvetica, arial, sans-serif;\">Current status and perpectives for the production chain of subtropical and tropical fruit trees. Brazilian fruit exports. Management and novel technologies for fruit tree cultivation, such as Citrus, Avocado, Persimmon, Fig, Banana, Passion Fruit, and other fruit trees of regional importance.<\/span><\/p>\n\n\n\n<p><span style=\"font-family: helvetica, arial, sans-serif; font-size: 12pt;\"><strong>Professor<\/strong><\/span><\/p>\n\n\n\n<p><span style=\"font-family: helvetica, arial, sans-serif; font-size: 12pt;\"><a href=\"https:\/\/agrarias.ufpr.br\/pgapven\/mauro-brasil-dias-tofanelli\/\">Mauro Brasil Dias Tofanelli<\/a><\/span><\/p>\n\n\n\n<p><span style=\"font-family: helvetica, arial, sans-serif; font-size: 12pt;\"><strong>References<\/strong><\/span><\/p>\n\n\n\n<p><span style=\"font-family: helvetica, arial, sans-serif;\">ALVES, E.J. A cultura da banana: aspectos t\u00e9cnicos, socioecon\u00f4micos e agroindustriais. 2. ed. rev. Bras\u00edlia: Embrapa, 1999. 585p.<\/span><\/p>\n\n\n\n<p><span style=\"font-family: helvetica, arial, sans-serif;\">BRUCKNER, C.H.; PICAN\u00c7O, M.C. Maracuj\u00e1: tecnologia de produ\u00e7\u00e3o, p\u00f3s-colheita, agroind\u00fastria, mercado. Porto Alegre: Cinco Continentes, 2001. 472p.<\/span><\/p>\n\n\n\n<p><span style=\"font-family: helvetica, arial, sans-serif;\">CASTRO, P.R.C.; KLUGE, R.A. (Coords.). Ecofisiologia de fruteiras tropicais: abacaxizeiro, maracujazeiro, mangueira, bananeira, cacaueiro. S\u00e3o Paulo: Nobel, 1998. 111p.<\/span><\/p>\n\n\n\n<p><span style=\"font-family: helvetica, arial, sans-serif;\">CUNHA SOBRINHO, A. P. da; MAGALH\u00c3ES, A. F. de J.; SOUZA, A. da S.; PASSOS, O. S.; SOARES FILHO, W. dos S. (Ed.). Cultura dos citros. Bras\u00edlia: Embrapa, v.1, 2013. 399p.<\/span><\/p>\n\n\n\n<p><span style=\"font-family: helvetica, arial, sans-serif;\">EMPRESA DE PESQUISA AGROPECU\u00c1RIA DE MINAS GERAIS. EPAMIG. Figueira. Informe Agropecu\u00e1rio. Belo Horizonte, v.18, n.188, p.1-60, 1997.<\/span><\/p>\n\n\n\n<p><span style=\"font-family: helvetica, arial, sans-serif;\">KOLLER, O.C. Abacate: produ\u00e7\u00e3o de mudas, instala\u00e7\u00e3o e manejo de pomares, colheita e p\u00f3s-colheita. Porto Alegre: Cinco Continentes, 2002. 149p.<\/span><\/p>\n\n\n\n<p><span style=\"font-family: helvetica, arial, sans-serif;\">KOLLER, O.C. (Org.). Citricultura 1. laranja: tecnologia de produ\u00e7\u00e3o, p\u00f3s-colheita, industrializa\u00e7\u00e3o e comercializa\u00e7\u00e3o. Porto Alegre: Cinco Continentes, 2006. 396p.<\/span><\/p>\n\n\n\n<p><span style=\"font-family: helvetica, arial, sans-serif;\">KOLLER, O.C. (Coord.). Citricultura: cultura de tangerinas \u2013 tecnoloiga de produ\u00e7\u00e3o, p\u00f3s-colheita e industrializa\u00e7\u00e3o. Porto Alegre: R\u00edgel, 2009. 400p.<\/span><\/p>\n\n\n\n<p><span style=\"font-family: helvetica, arial, sans-serif;\">MARTINS, F. P.; PEREIRA, F. M. Cultura do caquizeiro. Jaboticabal: FUNEP, 1989. 71p.<\/span><\/p>\n\n\n\n<p><span style=\"font-family: helvetica, arial, sans-serif;\">MEDEIROS, A.R.M. de. Figueira (Ficus carica L.) do plantio ao processamento caseiro. Pelotas: Embrapa Clima Temperado, 2002. 16p. (Circular T\u00e9cnica, 35).<\/span><\/p>\n\n\n\n<p><span style=\"font-family: helvetica, arial, sans-serif;\">SAMPAIO, A.C. (Coord.). Goiaba: do plantio \u00e0 comercializa\u00e7\u00e3o. Campinas: CATI, 2011. 214p.<\/span><\/p>\n\n\n\n<p><span style=\"font-family: helvetica, arial, sans-serif;\">SILVA, C.R. de R. e. Fruticultura comercial: fruticultura tropical. Lavras: UFLA\/Faepe, 2001. 178p.<\/span><\/p>\n\n\n\n<p><span style=\"font-family: helvetica, arial, sans-serif;\">SIM\u00c3O, S. Tratado de fruticultura. Piracicaba: Fealq, 1998. 780p.<\/span><\/p>\n\n\n\n<p><span style=\"font-family: helvetica, arial, sans-serif;\">SANTOS-SEREJO, J.A. dos; DANTAS, J.L.L.; SAMPAIO, C.V.; COELHO, Y. da S. Fruticultura tropical: esp\u00e9cies regionais e ex\u00f3ticas. Bras\u00edlia: Embrapa Informa\u00e7\u00e3o Tecnol\u00f3gica, 2009. 509p.<\/span><\/p>\n","protected":false},"excerpt":{"rendered":"<p>Level Master\/Doctoral Credits 04 (60 h) Content: Current status and perpectives for the production chain of subtropical and tropical fruit trees. Brazilian fruit exports. Management and novel technologies for fruit tree cultivation, such as Citrus, Avocado, Persimmon, Fig, Banana, Passion Fruit, and other fruit trees of regional importance. Professor Mauro Brasil Dias Tofanelli References ALVES, [&hellip;]<\/p>\n","protected":false},"author":3,"featured_media":0,"parent":0,"menu_order":0,"comment_status":"closed","ping_status":"closed","template":"","meta":{"footnotes":""},"class_list":["post-1682","page","type-page","status-publish","hentry"],"_links":{"self":[{"href":"https:\/\/agrarias.ufpr.br\/pgapven\/wp-json\/wp\/v2\/pages\/1682","targetHints":{"allow":["GET"]}}],"collection":[{"href":"https:\/\/agrarias.ufpr.br\/pgapven\/wp-json\/wp\/v2\/pages"}],"about":[{"href":"https:\/\/agrarias.ufpr.br\/pgapven\/wp-json\/wp\/v2\/types\/page"}],"author":[{"embeddable":true,"href":"https:\/\/agrarias.ufpr.br\/pgapven\/wp-json\/wp\/v2\/users\/3"}],"replies":[{"embeddable":true,"href":"https:\/\/agrarias.ufpr.br\/pgapven\/wp-json\/wp\/v2\/comments?post=1682"}],"version-history":[{"count":8,"href":"https:\/\/agrarias.ufpr.br\/pgapven\/wp-json\/wp\/v2\/pages\/1682\/revisions"}],"predecessor-version":[{"id":32339,"href":"https:\/\/agrarias.ufpr.br\/pgapven\/wp-json\/wp\/v2\/pages\/1682\/revisions\/32339"}],"wp:attachment":[{"href":"https:\/\/agrarias.ufpr.br\/pgapven\/wp-json\/wp\/v2\/media?parent=1682"}],"curies":[{"name":"wp","href":"https:\/\/api.w.org\/{rel}","templated":true}]}}

<p><span style="font-family: helvetica, arial, sans-serif; font-size: 12pt;"><strong>Level</strong></span></p>



<p><span style="font-family: helvetica, arial, sans-serif; font-size: 12pt;">Master/Doctoral</span></p>



<p><span style="font-family: helvetica, arial, sans-serif; font-size: 12pt;"><strong>Credits</strong></span></p>



<p><span style="font-family: helvetica, arial, sans-serif; font-size: 12pt;">04 (60 h)</span></p>



<p><span style="font-family: helvetica, arial, sans-serif; font-size: 12pt;"><strong>Content:</strong></span></p>



<p><span style="font-family: helvetica, arial, sans-serif;">Current status and perpectives for the production chain of subtropical and tropical fruit trees. Brazilian fruit exports. Management and novel technologies for fruit tree cultivation, such as Citrus, Avocado, Persimmon, Fig, Banana, Passion Fruit, and other fruit trees of regional importance.</span></p>



<p><span style="font-family: helvetica, arial, sans-serif; font-size: 12pt;"><strong>Professor</strong></span></p>



<p><span style="font-family: helvetica, arial, sans-serif; font-size: 12pt;"><a href="https://agrarias.ufpr.br/pgapven/mauro-brasil-dias-tofanelli/">Mauro Brasil Dias Tofanelli</a></span></p>



<p><span style="font-family: helvetica, arial, sans-serif; font-size: 12pt;"><strong>References</strong></span></p>



<p><span style="font-family: helvetica, arial, sans-serif;">ALVES, E.J. A cultura da banana: aspectos técnicos, socioeconômicos e agroindustriais. 2. ed. rev. Brasília: Embrapa, 1999. 585p.</span></p>



<p><span style="font-family: helvetica, arial, sans-serif;">BRUCKNER, C.H.; PICANÇO, M.C. Maracujá: tecnologia de produção, pós-colheita, agroindústria, mercado. Porto Alegre: Cinco Continentes, 2001. 472p.</span></p>



<p><span style="font-family: helvetica, arial, sans-serif;">CASTRO, P.R.C.; KLUGE, R.A. (Coords.). Ecofisiologia de fruteiras tropicais: abacaxizeiro, maracujazeiro, mangueira, bananeira, cacaueiro. São Paulo: Nobel, 1998. 111p.</span></p>



<p><span style="font-family: helvetica, arial, sans-serif;">CUNHA SOBRINHO, A. P. da; MAGALHÃES, A. F. de J.; SOUZA, A. da S.; PASSOS, O. S.; SOARES FILHO, W. dos S. (Ed.). Cultura dos citros. Brasília: Embrapa, v.1, 2013. 399p.</span></p>



<p><span style="font-family: helvetica, arial, sans-serif;">EMPRESA DE PESQUISA AGROPECUÁRIA DE MINAS GERAIS. EPAMIG. Figueira. Informe Agropecuário. Belo Horizonte, v.18, n.188, p.1-60, 1997.</span></p>



<p><span style="font-family: helvetica, arial, sans-serif;">KOLLER, O.C. Abacate: produção de mudas, instalação e manejo de pomares, colheita e pós-colheita. Porto Alegre: Cinco Continentes, 2002. 149p.</span></p>



<p><span style="font-family: helvetica, arial, sans-serif;">KOLLER, O.C. (Org.). Citricultura 1. laranja: tecnologia de produção, pós-colheita, industrialização e comercialização. Porto Alegre: Cinco Continentes, 2006. 396p.</span></p>



<p><span style="font-family: helvetica, arial, sans-serif;">KOLLER, O.C. (Coord.). Citricultura: cultura de tangerinas – tecnoloiga de produção, pós-colheita e industrialização. Porto Alegre: Rígel, 2009. 400p.</span></p>



<p><span style="font-family: helvetica, arial, sans-serif;">MARTINS, F. P.; PEREIRA, F. M. Cultura do caquizeiro. Jaboticabal: FUNEP, 1989. 71p.</span></p>



<p><span style="font-family: helvetica, arial, sans-serif;">MEDEIROS, A.R.M. de. Figueira (Ficus carica L.) do plantio ao processamento caseiro. Pelotas: Embrapa Clima Temperado, 2002. 16p. (Circular Técnica, 35).</span></p>



<p><span style="font-family: helvetica, arial, sans-serif;">SAMPAIO, A.C. (Coord.). Goiaba: do plantio à comercialização. Campinas: CATI, 2011. 214p.</span></p>



<p><span style="font-family: helvetica, arial, sans-serif;">SILVA, C.R. de R. e. Fruticultura comercial: fruticultura tropical. Lavras: UFLA/Faepe, 2001. 178p.</span></p>



<p><span style="font-family: helvetica, arial, sans-serif;">SIMÃO, S. Tratado de fruticultura. Piracicaba: Fealq, 1998. 780p.</span></p>



<p><span style="font-family: helvetica, arial, sans-serif;">SANTOS-SEREJO, J.A. dos; DANTAS, J.L.L.; SAMPAIO, C.V.; COELHO, Y. da S. Fruticultura tropical: espécies regionais e exóticas. Brasília: Embrapa Informação Tecnológica, 2009. 509p.</span></p>
