{"id":92,"date":"2018-05-29T17:05:25","date_gmt":"2018-05-29T17:05:25","guid":{"rendered":"https:\/\/agrarias.ufpr.br\/pgapv\/?page_id=92"},"modified":"2025-04-24T12:41:48","modified_gmt":"2025-04-24T12:41:48","slug":"disciplinas","status":"publish","type":"page","link":"https:\/\/agrarias.ufpr.br\/pgapv\/disciplinas\/","title":{"rendered":"Disciplinas"},"content":{"rendered":"<p style=\"text-align: center\"><strong><a href=\"https:\/\/agrarias.ufpr.br\/pgapv\/wp-content\/uploads\/sites\/39\/2025\/03\/Planejam-Aulas-2025_1-Sem.pdf\">Grade Hor\u00e1ria &#8211; 1\u00ba semestre\/2025<\/a><br \/>\n<\/strong><\/p>\n<p style=\"text-align: center\">Ensalamento 1\u00ba semestre\/2025 (Departamento de Fitotecnia e Fitossanidade) &#8211; Salas dispon\u00edveis ao PGAPV<\/p>\n<p><strong>Disciplinas Transversais PRPPG &#8211; suspensa no 1\u00ba semestre\/2025<\/strong><\/p>\n<div><\/div>\n<div>\n<h2><\/h2>\n<h2>Gerais<\/h2>\n<p><a href=\"https:\/\/agrarias.ufpr.br\/pgapv\/agro-7010-estatistica-experimental\/\">AGRO 7010 &#8211; Estat\u00edstica Experimental<\/a><\/p>\n<p><a href=\"https:\/\/agrarias.ufpr.br\/pgapv\/agro-7027-pratica-docente-i\/\">AGRO 7027 &#8211; Pr\u00e1tica Docente I<\/a><\/p>\n<p><a href=\"https:\/\/agrarias.ufpr.br\/pgapv\/agro7028-pratica-docente-ii\/\">AGRO 7028 &#8211; Pr\u00e1tica Docente II<\/a><\/p>\n<p><a href=\"https:\/\/agrarias.ufpr.br\/pgapv\/agro-7032-seminarios-i\/\">AGRO 7032 &#8211; Semin\u00e1rios I: Metodologia Cient\u00edfica<\/a><\/p>\n<p><a href=\"https:\/\/agrarias.ufpr.br\/pgapv\/agro-7033-seminarios-ii\/\">AGRO 7033 &#8211; Semin\u00e1rios II<\/a><\/p>\n<p><a href=\"https:\/\/agrarias.ufpr.br\/pgapv\/agro-7036-topicos-especiais-ii-introducao-a-estatistica\/\">AGRO 7036 &#8211; T\u00f3picos Especiais II &#8211; Introdu\u00e7\u00e3o \u00e0 Estat\u00edstica<\/a><\/p>\n<p><a href=\"https:\/\/agrarias.ufpr.br\/pgapv\/agro-7038-topicos-especiais-iv-analises-avancadas-em-epidemiologia-usando-o-r\/\">AGRO 7038 &#8211; T\u00f3picos Especiais IV &#8211; An\u00e1lises Avan\u00e7adas em Epidemiologia usando o R<\/a><\/p>\n<h2>Prote\u00e7\u00e3o de Plantas e Seguran\u00e7a Ambiental<\/h2>\n<\/div>\n<p><a href=\"https:\/\/agrarias.ufpr.br\/pgapv\/agro-7004-controle-de-doencas-de-plantas\/\">AGRO 7004 &#8211; Controle de Doen\u00e7as de Plantas<\/a><\/p>\n<p><a href=\"https:\/\/agrarias.ufpr.br\/pgapv\/apv-7004-diagnose-de-doencas-de-plantas\/\">AGRO 7005 &#8211; Diagnose de Doen\u00e7as de Plantas<\/a><\/p>\n<p><a href=\"https:\/\/agrarias.ufpr.br\/pgapv\/agro-7009-epidemiologia-de-doencas-de-plantas\/\">AGRO 7009 &#8211; Epidemiologia para o Manejo de Doen\u00e7as de Plantas<\/a><\/p>\n<p><a href=\"https:\/\/agrarias.ufpr.br\/pgapv\/agro-7015-fungos-fitopatogenicos\/\">AGRO 7015<span class=\"tm6\">\u00a0&#8211; Fungos Fitopatog\u00eanicos<\/span><\/a><\/p>\n<p><a href=\"https:\/\/agrarias.ufpr.br\/pgapv\/agro7016-manejo-integrado-de-pragas\/\">AGRO 7017 &#8211; Manejo Integrado de Pragas<\/a><\/p>\n<p><a href=\"https:\/\/agrarias.ufpr.br\/pgapv\/agro7017-matologia-2\/\">AGRO 7018 &#8211; Matologia<\/a><\/p>\n<p><a href=\"https:\/\/agrarias.ufpr.br\/pgapv\/agro-7024-patologia-de-sementes\/\"><span class=\"tm8\">AGRO 7024<\/span><span class=\"tm8\">\u00a0&#8211;\u00a0<\/span><span class=\"tm6\">Patologia de Sementes<\/span><\/a><\/p>\n<p><a href=\"https:\/\/agrarias.ufpr.br\/pgapv\/agro-7037-topicos-especiais-iii-toxicologia-de-agrotoxicos-e-metodos-alternativos-no-controle-de-insetos-praga\/\">AGRO 7037 &#8211; T\u00f3picos Especiais III\u00a0 &#8211; Toxicologia de Agrot\u00f3xicos e M\u00e9todos Alternativos no Controle de Insetos-Praga<\/a><\/p>\n<p><a href=\"https:\/\/agrarias.ufpr.br\/pgapv\/agro7038-topicos-especiais-iv-manejo-integrado-p-controle-doencas-resist-microbiana-prospeccao-de-alternativas-manejo-de-doencas\/\">AGRO 7038 &#8211; T\u00f3picos Especiais IV &#8211; Manejo Integrado para Controle de Doen\u00e7as, Resist\u00eancia Microbiana e Prospec\u00e7\u00e3o de Alternativas de Manejo de Doen\u00e7as<\/a><\/p>\n<p><a href=\"https:\/\/agrarias.ufpr.br\/pgapv\/agentes-causais-de-doencas-de-plantas\/\">AGRO 7041 &#8211; Agentes Causais de Doen\u00e7as de Plantas<\/a><\/p>\n<p><a href=\"https:\/\/agrarias.ufpr.br\/pgapv\/topicos-especiais-bioecologia-nutrional-de-artropodes\/\">AGRO 7043 &#8211; Bioecologia Nutricional de Artr\u00f3podes<\/a><\/p>\n<p><a href=\"https:\/\/agrarias.ufpr.br\/pgapv\/agro-7044-deteccao-molecular-de-fitopatogenos\/\">AGRO 7044 &#8211; Detec\u00e7\u00e3o Molecular de Fitopat\u00f3genos<\/a><\/p>\n<p><a href=\"https:\/\/agrarias.ufpr.br\/pgapv\/agro-7037-topicos-especiais-iii-monitoramento-identificacao-e-manejo-de-pragas-e-organismos-beneficos-em-sistemas-de-cultivo-de-olericolas\/\">AGRO 7046 &#8211; Pragas de Oler\u00edcolas e Estrat\u00e9gias para seu Manejo<\/a><\/p>\n<p><a href=\"https:\/\/agrarias.ufpr.br\/pgapv\/topicos-resistencia-de-plantas-daninhas-a-herbicidas\/\">AGRO 7047 &#8211; Resist\u00eancia de Plantas Daninhas a Herbicidas<\/a><\/p>\n<p><a href=\"https:\/\/agrarias.ufpr.br\/pgapv\/agro-7049-weed-science-topics\/\">AGRO 7049 &#8211; Weed Science Topics<\/a><\/p>\n<p><a href=\"https:\/\/agrarias.ufpr.br\/pgapv\/agro-7038-topicos-especiais-iv-manejo-de-culturas-geneticamente-modificadas-em-sistemas-integrados\/\">AGRO 7050 &#8211; Controle Qu\u00edmico de Plantas Daninhas<\/a><\/p>\n<p><a href=\"https:\/\/agrarias.ufpr.br\/pgapv\/agro-7038-topicos-especiais-iv-manejo-de-plantas-daninhas-nas-grandes-culturas-utilizadas-em-sistemas-integrados\/\">AGRO 7051 &#8211; Manejo Integrado de Plantas Daninhas<\/a><\/p>\n<h2>Fisiologia, Morfog\u00eanese e Biotecnologia de Plantas<\/h2>\n<p><a href=\"https:\/\/agrarias.ufpr.br\/pgapv\/agro-7000-a-cultura-de-tecidos-vegetais-aplicada-ao-melhoramento\/\">AGRO 7000 &#8211; A cultura de Tecidos Vegetais Aplicada ao Melhoramento<\/a><\/p>\n<p><a href=\"https:\/\/agrarias.ufpr.br\/pgapv\/agro-7012-fisiologia-da-reproducao-vegetal\/\">AGRO 7012 &#8211; Fisiologia da Reprodu\u00e7\u00e3o Vegetal<\/a><\/p>\n<p><a href=\"https:\/\/agrarias.ufpr.br\/pgapv\/agro-7013-fisiologia-do-crescimento-e-desenvolvimento-vegetal\/\"><span class=\"tm7\">AGRO 7013 &#8211; Fisiologia do Crescimento e Desenvolvimento Vegetal<\/span><\/a><\/p>\n<p><a href=\"https:\/\/agrarias.ufpr.br\/pgapv\/agro-7016-manejo-de-especies-frutiferas-de-clima-temperado\/\">AGRO 7016 &#8211; Manejo de Esp\u00e9cies Frut\u00edferas de Clima Temperado<\/a><\/p>\n<p><a href=\"https:\/\/agrarias.ufpr.br\/pgapv\/agro-7019-melhoramento-da-cultura-da-cana-de-acucar\/\">AGRO 7019 &#8211; Melhoramento da Cultura da Cana-de-A\u00e7\u00facar<\/a><\/p>\n<p><a href=\"https:\/\/agrarias.ufpr.br\/pgapv\/agro-7021-metodos-de-melhoramento-de-plantas\/\">AGRO 7021 &#8211; M\u00e9todos de Melhoramento de Plantas<\/a><\/p>\n<p><a href=\"https:\/\/agrarias.ufpr.br\/pgapv\/agro-7022-morfogenese-morfologia-e-poda-de-plantas-perenes-2\/\">AGRO 7022 &#8211; Morfog\u00eanese, Morfologia e Poda de Plantas Perenes<\/a><\/p>\n<p><a href=\"https:\/\/agrarias.ufpr.br\/pgapv\/agro-7030-propagacao-vegetativa-de-plantas\/\">AGRO 7030 &#8211; Propaga\u00e7\u00e3o Vegetativa de Plantas<\/a><\/p>\n<p><a href=\"https:\/\/agrarias.ufpr.br\/pgapv\/agro-7031-reguladores-vegetais-e-bioestimulantes-aplicacoes-fitotecnicas\/\">AGRO 7031 &#8211; Reguladores Vegetais e Bioestimulantes: Aplica\u00e7\u00f5es Fitot\u00e9cnicas<\/a><\/p>\n<p><a href=\"https:\/\/agrarias.ufpr.br\/pgapv\/agro-7036-topicos-especiais-ii-cultivo-de-pequenas-frutas-e-frutas-nativas\/\"><span class=\"tm6\">AGRO 7<\/span><span class=\"tm6\">036 &#8211; T\u00f3picos Especiais II &#8211; Cultivo de Pequenas Frutas e Frutas Nativas<\/span><\/a><\/p>\n<p><a href=\"https:\/\/agrarias.ufpr.br\/pgapv\/apv-7035-topicos-especiais-ii-hibridacao-da-cana-de-acucar\/\">AGRO 7036 &#8211; T\u00f3picos Especiais II &#8211; Hibrida\u00e7\u00e3o da Cana-de-A\u00e7\u00facar<\/a><\/p>\n<p><a href=\"https:\/\/agrarias.ufpr.br\/pgapv\/agro7037-topicos-especiais-iii-mortoanatomia-do-estresse-em-especies-de-interesse-agronomico\/\">AGRO 7036 &#8211; T\u00f3picos Especiais II &#8211; Morfoanatomia do Estresse em Esp\u00e9cies de Interesse Agron\u00f4mico<\/a><\/p>\n<p><a href=\"https:\/\/agrarias.ufpr.br\/pgapv\/agro-7038-topicos-especiais-iv-micropropagacao-de-plantas\/\">AGRO 7038 &#8211; T\u00f3picos Especiais IV &#8211; Micropropaga\u00e7\u00e3o de Plantas<\/a><\/p>\n<p><a href=\"https:\/\/agrarias.ufpr.br\/pgapv\/agro-xxxx-uso-de-imagens-em-trabalhos-cientificos-e-analise-micromorfometrica\/\">AGRO 7039 &#8211; Uso de Imagens em Trabalhos Cient\u00edficos e An\u00e1lise Micromorfom\u00e9trica<\/a><\/p>\n<p><a href=\"https:\/\/agrarias.ufpr.br\/pgapv\/agro-xxxx-processamento-de-amostras-para-estudos-em-anatomia-vegetal\/\">AGRO 7040 &#8211; Processamento de Amostras para Estudos em Anatomia Vegetal<\/a><\/p>\n<p><a href=\"https:\/\/agrarias.ufpr.br\/pgapv\/agro-7038-avancos-na-cadeia-produtiva-de-frutiferas-subtropicais-e-tropicais\/\">AGRO 7042 &#8211; <\/a><a href=\"https:\/\/agrarias.ufpr.br\/pgapv\/agro-7038-avancos-na-cadeia-produtiva-de-frutiferas-subtropicais-e-tropicais\/\">Avan\u00e7os na Cadeia Produtiva de Frut\u00edferas Subtropicais e Tropicais<\/a><\/p>\n<p><a href=\"https:\/\/agrarias.ufpr.br\/pgapv\/agro-7038-topicos-especiais-iv-interacoes-entre-fisiologia-e-nutricao-para-a-fitotecnia\/\">AGRO 7045 &#8211; Intera\u00e7\u00f5es entre Fisiologia e Nutri\u00e7\u00e3o para a Fitotecnia<\/a><\/p>\n<p><a href=\"https:\/\/agrarias.ufpr.br\/pgapv\/agro-7036-topicos-especias-ii-viticultura\/\"><span class=\"tm6\">AGRO 7048 &#8211; Viticultura<\/span><\/a><\/p>\n<h2>Produ\u00e7\u00e3o Vegetal na Agricultura Sustent\u00e1vel<\/h2>\n<div><a href=\"https:\/\/agrarias.ufpr.br\/pgapv\/agro-7000-analise-de-sementes\/\">AGRO 7001 &#8211; An\u00e1lise de Sementes<\/a><\/div>\n<div><\/div>\n<div><a href=\"https:\/\/agrarias.ufpr.br\/pgapv\/apv-7005-ecofisiologia-da-producao-vegetal\/\">AGRO 7006 &#8211; Ecofisiologia da Produ\u00e7\u00e3o Vegetal<\/a><\/div>\n<div><\/div>\n<div><a href=\"https:\/\/agrarias.ufpr.br\/pgapv\/apv-7010-estudos-avancados-em-tecnologia-de-sementes\/\">AGRO 7011 &#8211; Estudos Avan\u00e7ados em Tecnologia de Sementes<\/a><\/div>\n<div><\/div>\n<div><a href=\"https:\/\/agrarias.ufpr.br\/pgapv\/agro-7014-fundamentos-para-o-manejo-de-plantas-cultivadas\/\">AGRO 7014 &#8211; Fundamentos para o Manejo de Plantas Cultivadas<\/a><a href=\"https:\/\/agrarias.ufpr.br\/pgapv\/agro-7025-pos-colheita-de-produtos-horticolas-i\/\">AGRO 7025 &#8211; P\u00f3s-Colheita de Produtos Hort\u00edcolas I<\/a><\/div>\n<div>\n<p><a href=\"https:\/\/agrarias.ufpr.br\/pgapv\/agro-7026-pos-colheita-de-produtos-horticolas-ii\/\">AGRO 7026 &#8211; P\u00f3s-Colheita de Produtos Hort\u00edcolas II<\/a><\/p>\n<p><a href=\"https:\/\/agrarias.ufpr.br\/pgapv\/apv-7034-sistemas-integrados-na-producao-agropecuaria\/\">AGRO 7034 &#8211; Sistemas Integrados na Produ\u00e7\u00e3o Agropecu\u00e1ria<\/a><\/p>\n<p><a href=\"https:\/\/agrarias.ufpr.br\/pgapv\/agro-7034-topicos-especiais-iv-manejo-da-lavoura-de-cana-de-acucar\/\">AGRO 7038 &#8211; T\u00f3picos Especiais IV &#8211; Manejo da Lavoura da Cana-de-A\u00e7\u00facar<\/a><\/p>\n<p><a href=\"https:\/\/agrarias.ufpr.br\/pgapv\/agro-7023-nutricao-de-ruminantes-em-pastagens\/\">AGRO 7038 &#8211; T\u00f3picos Especiais IV &#8211; Manejo Sustent\u00e1vel de Solos Tropicais sob Pastagens e Grandes Culturas<\/a><\/p>\n<p><a href=\"https:\/\/agrarias.ufpr.br\/pgapv\/agro7038-topicos-especiais-iv-microbiologia-e-bioquimica-do-solo\/\">AGRO 7038 &#8211; T\u00f3picos Especiais IV &#8211; Microbiologia e Bioqu\u00edmica do Solo<\/a><\/p>\n<p><a href=\"https:\/\/agrarias.ufpr.br\/pgapv\/agro-7038-topicos-especiais-iv-quimica-aplicada-a-agronomia\/\">AGRO 7038 &#8211; T\u00f3picos Especiais IV &#8211; Qu\u00edmica Aplicada \u00e0 Agronomia<\/a><\/p>\n<\/div>\n<p><a href=\"https:\/\/agrarias.ufpr.br\/pgapv\/agro-7038-topicos-especiais-iv-relacao-solo-planta-e-o-animal-em-sipa\/\">AGRO 7038 &#8211; T\u00f3picos Especiais IV &#8211; Rela\u00e7\u00e3o Solo &#8211; Planta e o Animal em SIPA<\/a><\/p>\n<p><a href=\"https:\/\/agrarias.ufpr.br\/pgapv\/1966-2\/\">AGRO 7053 &#8211; Manejo de Pastagens em SIPA<\/a><\/p>\n","protected":false},"excerpt":{"rendered":"<p>Grade Hor\u00e1ria &#8211; 1\u00ba semestre\/2025 Ensalamento 1\u00ba semestre\/2025 (Departamento de Fitotecnia e Fitossanidade) &#8211; Salas dispon\u00edveis ao PGAPV Disciplinas Transversais PRPPG &#8211; suspensa no 1\u00ba semestre\/2025 Gerais AGRO 7010 &#8211; Estat\u00edstica Experimental AGRO 7027 &#8211; Pr\u00e1tica Docente I AGRO 7028 &#8211; Pr\u00e1tica Docente II AGRO 7032 &#8211; Semin\u00e1rios I: Metodologia Cient\u00edfica AGRO 7033 &#8211; Semin\u00e1rios II AGRO 7036 &#8211; T\u00f3picos Especiais II &#8211; Introdu\u00e7\u00e3o \u00e0 Estat\u00edstica AGRO 7038 &#8211; T\u00f3picos Especiais IV &#8211; An\u00e1lises Avan\u00e7adas [&hellip;]<\/p>\n","protected":false},"author":3,"featured_media":0,"parent":0,"menu_order":0,"comment_status":"closed","ping_status":"closed","template":"","meta":{"footnotes":""},"class_list":["post-92","page","type-page","status-publish","hentry"],"_links":{"self":[{"href":"https:\/\/agrarias.ufpr.br\/pgapv\/wp-json\/wp\/v2\/pages\/92","targetHints":{"allow":["GET"]}}],"collection":[{"href":"https:\/\/agrarias.ufpr.br\/pgapv\/wp-json\/wp\/v2\/pages"}],"about":[{"href":"https:\/\/agrarias.ufpr.br\/pgapv\/wp-json\/wp\/v2\/types\/page"}],"author":[{"embeddable":true,"href":"https:\/\/agrarias.ufpr.br\/pgapv\/wp-json\/wp\/v2\/users\/3"}],"replies":[{"embeddable":true,"href":"https:\/\/agrarias.ufpr.br\/pgapv\/wp-json\/wp\/v2\/comments?post=92"}],"version-history":[{"count":246,"href":"https:\/\/agrarias.ufpr.br\/pgapv\/wp-json\/wp\/v2\/pages\/92\/revisions"}],"predecessor-version":[{"id":6817,"href":"https:\/\/agrarias.ufpr.br\/pgapv\/wp-json\/wp\/v2\/pages\/92\/revisions\/6817"}],"wp:attachment":[{"href":"https:\/\/agrarias.ufpr.br\/pgapv\/wp-json\/wp\/v2\/media?parent=92"}],"curies":[{"name":"wp","href":"https:\/\/api.w.org\/{rel}","templated":true}]}}