{"id":910,"date":"2018-08-22T19:22:34","date_gmt":"2018-08-22T19:22:34","guid":{"rendered":"https:\/\/agrarias.ufpr.br\/pgapv\/?page_id=910"},"modified":"2026-02-04T12:41:03","modified_gmt":"2026-02-04T12:41:03","slug":"agro-xxxx-uso-de-imagens-em-trabalhos-cientificos-e-analise-micromorfometrica","status":"publish","type":"page","link":"https:\/\/agrarias.ufpr.br\/pgapv\/agro-xxxx-uso-de-imagens-em-trabalhos-cientificos-e-analise-micromorfometrica\/","title":{"rendered":"AGRO 7039 &#8211; Uso de Imagens em Trabalhos Cient\u00edficos e An\u00e1lise Micromorfom\u00e9trica"},"content":{"rendered":"\n<p class=\"Normal_Web_ tm14\"><strong><span class=\"tm15\">N\u00edvel<\/span><\/strong><\/p>\n\n\n\n<p class=\"Normal_Web_ tm14\"><span class=\"tm16\">Mestrado\/Doutorado<\/span><\/p>\n\n\n\n<p class=\"Normal_Web_ tm14\"><strong><span class=\"Forte\">Natureza<\/span><\/strong><\/p>\n\n\n\n<p class=\"Normal_Web_ tm14\"><span class=\"tm16\">Concentrada<\/span><\/p>\n\n\n\n<p class=\"Normal_Web_ tm14\"><strong><span class=\"tm15\">Cr\u00e9ditos <\/span><\/strong><\/p>\n\n\n\n<p class=\"Normal_Web_ tm14\"><span class=\"tm16\">03<\/span><\/p>\n\n\n\n<p class=\"Normal_Web_ tm14\"><strong><span class=\"Forte\">Carga hor\u00e1ria<\/span><\/strong><\/p>\n\n\n\n<p class=\"Normal_Web_ tm14\"><span class=\"tm16\">45 horas&nbsp;<\/span><\/p>\n\n\n\n<p class=\"Normal_Web_ tm14\"><strong><span class=\"Forte\">Ementa<\/span><\/strong><\/p>\n\n\n\n<p>Confec\u00e7\u00e3o de pranchas e resumos gr\u00e1ficos em trabalhos cient\u00edficos. Introdu\u00e7\u00e3o a an\u00e1lise quantitativa em anatomia vegetal.<\/p>\n\n\n\n<p class=\"Normal_Web_ tm14\"><strong><span class=\"Forte\">Semestre<\/span><\/strong><\/p>\n\n\n\n<p class=\"Normal_Web_ tm14\"><span class=\"tm16\">2\u00ba<\/span><\/p>\n\n\n\n<p class=\"Normal_Web_ tm14\"><strong><span class=\"tm15\">Dia\/Hor\u00e1rio<\/span><\/strong><\/p>\n\n\n\n<p class=\"Normal_Web_ tm14\"><span class=\"tm19\">A definir<\/span><\/p>\n\n\n\n<p class=\"Normal_Web_ tm14\"><strong><span class=\"Forte\">Docente<\/span><\/strong><\/p>\n\n\n\n<p class=\"Normal_Web_ tm14\"><a href=\"https:\/\/agrarias.ufpr.br\/pgapv\/bruno-francisco-santanna-dos-santos\/\"><span class=\"tm16\">Bruno Francisco Sant\u2019Anna dos Santos<\/span><\/a><\/p>\n\n\n\n<p class=\"Normal_Web_ tm20\"><strong><span class=\"tm21\">Bibliografia Recomendada<\/span><\/strong><\/p>\n\n\n\n<p>EBURNEO, L., RIBEIRO-J\u00daNIOR, N. G., KARSBURG, I. V., ROSSI, A. A. B., &amp; SILVA, I. V. Anatomy and micromorphometric analysis of leaf Catasetum x apolloi Benelli &amp; Grade with addition of potassium silicate under different light sources. Brazilian Journal of Biology, 77(1), 140-149, 2017.<\/p>\n\n\n\n<p>HENDGES, G.R.; FLOREK, C.S. The graphical abstract as a new genre in the promotion of science. Science Communication on the Internet: Old genres meet new genres, v. 308, p.59, 2019.<\/p>\n\n\n\n<p>HULLMAN, J., BACH, B. Picturing science: Design patterns in graphical abstracts. In International Conference on Theory and Application of Diagrams (pp. 183-200). Springer, Cham, 2018.<\/p>\n\n\n\n<p>JAIN, S.; GEETHA, M. Corel Draw training guide. BPB Publications, 2018.<\/p>\n\n\n\n<p>LEGLAND, D.; DEVAUX, M.; GUILLON, F. Quantitative imaging of plants: multi-scale data for better plant anatomy. Journal of experimental botany, 2018, 69: 343-347.<\/p>\n\n\n\n<p>PERKEL, J. M. The software that powers scientific illustration. Nature, 2020.<\/p>\n\n\n\n<p>PFERSCHY-WENZIG, E. M., PFERSCHY, U., WANG, D., MOCAN, A., ATANASOV, A.G. Does a graphical abstract bring more visibility to your paper?. Molecules 2016, 21, 1247; doi:10.3390\/molecules21091247.<\/p>\n\n\n\n<p>RICKLI-HORST, H. C., BONA, C., SANT\u2019ANNA-SANTOS, B. F., KOEHLER, H. S., WENDLING, I., &amp; ZUFFELLATO-RIBAS, K. C. Visual and anatomical analysis of welding quality x scion survival in Araucaria angustifolia. Acta Scientiarum. Agronomy, 43, 2020.<\/p>\n\n\n\n<p>RODRIGUES, M., ROCHA, D. I., MENDON\u00c7A, A. M. D. C., SILVA, L. C. D., FESTUCCI-BUSELLI, R. A., OTONI, W. C. Leaf anatomy micromorphometry plasticity and histochemistry of Azadirachta indica during acclimatization. Rodrigu\u00e9sia, 71, 2020.SANT&#8217;ANNA-SANTOS, B. F., AZEVEDO, A. A., OLIVA, M. A., CAMPOS, N. V., &amp; GOMES, M. P. What precedes fluoride-response symptomatology: Microscopic or physiological damage?. Ecological Indicators, 107, 105560, 2019.<\/p>\n\n\n\n<p>SCHUCHOVSKI, C., MEULIA, T., SANT\u2019ANNA-SANTOS, B. F., &amp; FRESNEDO-RAM\u00cdREZ, J. Inflorescence Development and Floral Organogenesis in Taraxacum kok-saghyz. Plants, 9, 1258. 2020.<\/p>\n\n\n\n<p>STURI\u00c3O, W. P., MARTINEZ, H. E. P., MILAGRES, C. D. C., LOPES, I. P. D. C., CLEMENTE, J. M., VENTRELLA, M. C., &amp; CECON, P. R. Boron lack affects the anatomy of leaf, stem and root of cherry tomato. Brazilian Journal of Botany, 1-9, 2020.<\/p>\n","protected":false},"excerpt":{"rendered":"<p>N\u00edvel Mestrado\/Doutorado Natureza Concentrada Cr\u00e9ditos 03 Carga hor\u00e1ria 45 horas&nbsp; Ementa Confec\u00e7\u00e3o de pranchas e resumos gr\u00e1ficos em trabalhos cient\u00edficos. Introdu\u00e7\u00e3o a an\u00e1lise quantitativa em anatomia vegetal. Semestre 2\u00ba Dia\/Hor\u00e1rio A definir Docente Bruno Francisco Sant\u2019Anna dos Santos Bibliografia Recomendada EBURNEO, L., RIBEIRO-J\u00daNIOR, N. G., KARSBURG, I. V., ROSSI, A. A. B., &amp; SILVA, I. [&hellip;]<\/p>\n","protected":false},"author":3,"featured_media":0,"parent":0,"menu_order":0,"comment_status":"closed","ping_status":"closed","template":"","meta":{"footnotes":""},"class_list":["post-910","page","type-page","status-publish","hentry"],"_links":{"self":[{"href":"https:\/\/agrarias.ufpr.br\/pgapv\/wp-json\/wp\/v2\/pages\/910","targetHints":{"allow":["GET"]}}],"collection":[{"href":"https:\/\/agrarias.ufpr.br\/pgapv\/wp-json\/wp\/v2\/pages"}],"about":[{"href":"https:\/\/agrarias.ufpr.br\/pgapv\/wp-json\/wp\/v2\/types\/page"}],"author":[{"embeddable":true,"href":"https:\/\/agrarias.ufpr.br\/pgapv\/wp-json\/wp\/v2\/users\/3"}],"replies":[{"embeddable":true,"href":"https:\/\/agrarias.ufpr.br\/pgapv\/wp-json\/wp\/v2\/comments?post=910"}],"version-history":[{"count":11,"href":"https:\/\/agrarias.ufpr.br\/pgapv\/wp-json\/wp\/v2\/pages\/910\/revisions"}],"predecessor-version":[{"id":7667,"href":"https:\/\/agrarias.ufpr.br\/pgapv\/wp-json\/wp\/v2\/pages\/910\/revisions\/7667"}],"wp:attachment":[{"href":"https:\/\/agrarias.ufpr.br\/pgapv\/wp-json\/wp\/v2\/media?parent=910"}],"curies":[{"name":"wp","href":"https:\/\/api.w.org\/{rel}","templated":true}]}}