{"id":6937,"date":"2025-05-14T16:37:57","date_gmt":"2025-05-14T16:37:57","guid":{"rendered":"https:\/\/agrarias.ufpr.br\/pgapv\/?page_id=6937"},"modified":"2025-06-04T18:32:01","modified_gmt":"2025-06-04T18:32:01","slug":"topicos-especiais-3-bases-cientificas-tecnocientificas-e-agrotecnologicas-em-sistemas-sustentaveis-de-producao-agricola","status":"publish","type":"page","link":"https:\/\/agrarias.ufpr.br\/pgapv\/topicos-especiais-3-bases-cientificas-tecnocientificas-e-agrotecnologicas-em-sistemas-sustentaveis-de-producao-agricola\/","title":{"rendered":"AGRO 7037 \u2013 T\u00f3picos Especiais III: Bases Cient\u00edficas, Tecnocient\u00edficas e Agrotecnol\u00f3gicas em Sistemas Sustent\u00e1veis de Produ\u00e7\u00e3o Agr\u00edcola"},"content":{"rendered":"\n<p><strong>N\u00edvel<\/strong><\/p>\n\n\n\n<p>Mestrado\/Doutorado<\/p>\n\n\n\n<p><strong>Natureza<\/strong><\/p>\n\n\n\n<p>Semestral<\/p>\n\n\n\n<p><strong>Cr\u00e9ditos<\/strong><\/p>\n\n\n\n<p>03<\/p>\n\n\n\n<p><strong>Carga hor\u00e1ria<\/strong><\/p>\n\n\n\n<p>45 horas\u00a0<\/p>\n\n\n\n<p><strong>Ementa<\/strong><\/p>\n\n\n\n<p>Hist\u00f3ria e filosofia da agricultura e da agronomia. Bases epistemol\u00f3gicas das ci\u00eancias e tecnoci\u00eancia agron\u00f4mica. Produ\u00e7\u00e3o cient\u00edfica, desafios e solu\u00e7\u00e3o na gera\u00e7\u00e3o de agrotecnologias. Paradigmas e tradi\u00e7\u00f5es de pesquisa na agronomia, voltado a produ\u00e7\u00e3o vegetal e agropecu\u00e1ria. Responsabilidade ambiental, bio\u00e9tica, biosseguran\u00e7a, seguran\u00e7a e soberania alimentar, cadeias agroindustriais e produ\u00e7\u00e3o agropecu\u00e1ria. Sistemas integrados e produ\u00e7\u00e3o vegetal na agricultura sustent\u00e1vel.<\/p>\n\n\n\n<p><strong>Semestre<\/strong><\/p>\n\n\n\n<p>2\u00b0 semestres de anos pares<\/p>\n\n\n\n<p><strong>Dia\/Hor\u00e1rio<\/strong><\/p>\n\n\n\n<p>A definir<\/p>\n\n\n\n<p><strong>Docente<\/strong><\/p>\n\n\n\n<p><a href=\"https:\/\/agrarias.ufpr.br\/pgapv\/alfredo-junior-paiola-albrecht\/\">Alfredo Junior Paiola Albrecht<\/a><\/p>\n\n\n\n<p><a href=\"https:\/\/agrarias.ufpr.br\/pgapv\/arthur-arrobas-martins-barroso\/\">Arthur Arrobas Martins Barroso<\/a><\/p>\n\n\n\n<p><a href=\"https:\/\/agrarias.ufpr.br\/pgapv\/leandropaiola\/\">Leandro Paiola Albrecht<\/a><\/p>\n\n\n\n<p><strong>Bibliografia Recomendada<\/strong><\/p>\n\n\n\n<p>ALVES, Luc\u00edlio Rog\u00e9rio Aparecido; BACHA, Carlos Jos\u00e9 Caetano (Orgs.). Panorama da Agricultura Brasileira: estrutura de mercado, comercializa\u00e7\u00e3o, forma\u00e7\u00e3o de pre\u00e7os, custos de produ\u00e7\u00e3o e sistemas produtivos. 2. ed. S\u00e3o Paulo: Grupo \u00c1tomo e Alinea, 2022.<\/p>\n\n\n\n<p>CHALMERS, Alan Francis. O que \u00e9 ci\u00eancia afinal? Trad. de Raul Fiker. S\u00e3o Paulo: Brasiliense, 1997.<\/p>\n\n\n\n<p>CONAB \u2013 Companhia Nacional de Abastecimento. Dispon\u00edvel em: https:\/\/www.gov.br\/conab\/pt-br. Acesso em: 30 maio 2025.<\/p>\n\n\n\n<p>CUPANI, Alberto. Filosofia da tecnologia: um convite. Florian\u00f3polis: Editora da UFSC, 2017.<\/p>\n\n\n\n<p>GON\u00c7ALVES, Fabr\u00edcio Gomes; CALDEIRA, Marcos Vinicius Winckler; SILVA, Gilson Fernandes da; SOUZA, Gustavo Soares de. Sistemas Integrados de Produ\u00e7\u00e3o: pesquisa e desenvolvimento de tecnologias. Vit\u00f3ria: Editora Cient\u00edfica, 2021.<\/p>\n\n\n\n<p>LAUDAN, Larry. O progresso e seus problemas: rumo a uma teoria do crescimento cient\u00edfico. Tradu\u00e7\u00e3o de Roberto Leal Ferreira. S\u00e3o Paulo: Editora UNESP, 2011.<\/p>\n\n\n\n<p>KUHN, Thomas S. A Estrutura das Revolu\u00e7\u00f5es Cient\u00edficas. Trad. Beatriz Vianna. 12. ed. S\u00e3o Paulo: Editora Perspectiva, 2020.<\/p>\n\n\n\n<p>MAZOYER, Marcel; Roudart, Laurence. Hist\u00f3ria das agriculturas no mundo: do neol\u00edtico \u00e0 crise contempor\u00e2nea. S\u00e3o Paulo: Editora UNESP, 2010.<\/p>\n\n\n\n<p>PAOLINELLI, Alysson; DOURADO NETO, Durval; MANTOVANI, Everardo Chartuni. Agricultura irrigada no Brasil: inova\u00e7\u00e3o, empreendedorismo e sistemas de produ\u00e7\u00e3o. S\u00e3o Paulo: Universidade de S\u00e3o Paulo, 2022.<\/p>\n\n\n\n<p>PASCHOAL, Adilson Dias. Hist\u00f3ria da Agricultura: Cinco S\u00e9culos de Agricultura no Brasil. Piracicaba: Editora FEALQ, 2024.<\/p>\n\n\n","protected":false},"excerpt":{"rendered":"<p>N\u00edvel Mestrado\/Doutorado Natureza Semestral Cr\u00e9ditos 03 Carga hor\u00e1ria 45 horas\u00a0 Ementa Hist\u00f3ria e filosofia da agricultura e da agronomia. Bases epistemol\u00f3gicas das ci\u00eancias e tecnoci\u00eancia agron\u00f4mica. Produ\u00e7\u00e3o cient\u00edfica, desafios e solu\u00e7\u00e3o na gera\u00e7\u00e3o de agrotecnologias. Paradigmas e tradi\u00e7\u00f5es de pesquisa na agronomia, voltado a produ\u00e7\u00e3o vegetal e agropecu\u00e1ria. Responsabilidade ambiental, bio\u00e9tica, biosseguran\u00e7a, seguran\u00e7a e soberania [&hellip;]<\/p>\n","protected":false},"author":3,"featured_media":0,"parent":0,"menu_order":0,"comment_status":"closed","ping_status":"closed","template":"","meta":{"footnotes":""},"class_list":["post-6937","page","type-page","status-publish","hentry"],"_links":{"self":[{"href":"https:\/\/agrarias.ufpr.br\/pgapv\/wp-json\/wp\/v2\/pages\/6937","targetHints":{"allow":["GET"]}}],"collection":[{"href":"https:\/\/agrarias.ufpr.br\/pgapv\/wp-json\/wp\/v2\/pages"}],"about":[{"href":"https:\/\/agrarias.ufpr.br\/pgapv\/wp-json\/wp\/v2\/types\/page"}],"author":[{"embeddable":true,"href":"https:\/\/agrarias.ufpr.br\/pgapv\/wp-json\/wp\/v2\/users\/3"}],"replies":[{"embeddable":true,"href":"https:\/\/agrarias.ufpr.br\/pgapv\/wp-json\/wp\/v2\/comments?post=6937"}],"version-history":[{"count":9,"href":"https:\/\/agrarias.ufpr.br\/pgapv\/wp-json\/wp\/v2\/pages\/6937\/revisions"}],"predecessor-version":[{"id":7041,"href":"https:\/\/agrarias.ufpr.br\/pgapv\/wp-json\/wp\/v2\/pages\/6937\/revisions\/7041"}],"wp:attachment":[{"href":"https:\/\/agrarias.ufpr.br\/pgapv\/wp-json\/wp\/v2\/media?parent=6937"}],"curies":[{"name":"wp","href":"https:\/\/api.w.org\/{rel}","templated":true}]}}

AGRO 7037 – Tópicos Especiais III: Bases Científicas, Tecnocientíficas e Agrotecnológicas em Sistemas Sustentáveis de Produção Agrícola

<p><strong>Nível</strong></p>



<p>Mestrado/Doutorado</p>



<p><strong>Natureza</strong></p>



<p>Semestral</p>



<p><strong>Créditos</strong></p>



<p>03</p>



<p><strong>Carga horária</strong></p>



<p>45 horas </p>



<p><strong>Ementa</strong></p>



<p>História e filosofia da agricultura e da agronomia. Bases epistemológicas das ciências e tecnociência agronômica. Produção científica, desafios e solução na geração de agrotecnologias. Paradigmas e tradições de pesquisa na agronomia, voltado a produção vegetal e agropecuária. Responsabilidade ambiental, bioética, biossegurança, segurança e soberania alimentar, cadeias agroindustriais e produção agropecuária. Sistemas integrados e produção vegetal na agricultura sustentável.</p>



<p><strong>Semestre</strong></p>



<p>2° semestres de anos pares</p>



<p><strong>Dia/Horário</strong></p>



<p>A definir</p>



<p><strong>Docente</strong></p>



<p><a href="https://agrarias.ufpr.br/pgapv/alfredo-junior-paiola-albrecht/">Alfredo Junior Paiola Albrecht</a></p>



<p><a href="https://agrarias.ufpr.br/pgapv/arthur-arrobas-martins-barroso/">Arthur Arrobas Martins Barroso</a></p>



<p><a href="https://agrarias.ufpr.br/pgapv/leandropaiola/">Leandro Paiola Albrecht</a></p>



<p><strong>Bibliografia Recomendada</strong></p>



<p>ALVES, Lucílio Rogério Aparecido; BACHA, Carlos José Caetano (Orgs.). Panorama da Agricultura Brasileira: estrutura de mercado, comercialização, formação de preços, custos de produção e sistemas produtivos. 2. ed. São Paulo: Grupo Átomo e Alinea, 2022.</p>



<p>CHALMERS, Alan Francis. O que é ciência afinal? Trad. de Raul Fiker. São Paulo: Brasiliense, 1997.</p>



<p>CONAB – Companhia Nacional de Abastecimento. Disponível em: https://www.gov.br/conab/pt-br. Acesso em: 30 maio 2025.</p>



<p>CUPANI, Alberto. Filosofia da tecnologia: um convite. Florianópolis: Editora da UFSC, 2017.</p>



<p>GONÇALVES, Fabrício Gomes; CALDEIRA, Marcos Vinicius Winckler; SILVA, Gilson Fernandes da; SOUZA, Gustavo Soares de. Sistemas Integrados de Produção: pesquisa e desenvolvimento de tecnologias. Vitória: Editora Científica, 2021.</p>



<p>LAUDAN, Larry. O progresso e seus problemas: rumo a uma teoria do crescimento científico. Tradução de Roberto Leal Ferreira. São Paulo: Editora UNESP, 2011.</p>



<p>KUHN, Thomas S. A Estrutura das Revoluções Científicas. Trad. Beatriz Vianna. 12. ed. São Paulo: Editora Perspectiva, 2020.</p>



<p>MAZOYER, Marcel; Roudart, Laurence. História das agriculturas no mundo: do neolítico à crise contemporânea. São Paulo: Editora UNESP, 2010.</p>



<p>PAOLINELLI, Alysson; DOURADO NETO, Durval; MANTOVANI, Everardo Chartuni. Agricultura irrigada no Brasil: inovação, empreendedorismo e sistemas de produção. São Paulo: Universidade de São Paulo, 2022.</p>



<p>PASCHOAL, Adilson Dias. História da Agricultura: Cinco Séculos de Agricultura no Brasil. Piracicaba: Editora FEALQ, 2024.</p>

<p>Nível Mestrado/Doutorado Natureza Semestral Créditos 03 Carga horária 45 horas  Ementa História e filosofia da agricultura e da agronomia. Bases epistemológicas das ciências e tecnociência agronômica. Produção científica, desafios e solução na geração de agrotecnologias. Paradigmas e tradições de pesquisa na agronomia, voltado a produção vegetal e agropecuária. Responsabilidade ambiental, bioética, biossegurança, segurança e soberania [&hellip;]</p>
