{"id":6743,"date":"2025-04-23T13:27:24","date_gmt":"2025-04-23T13:27:24","guid":{"rendered":"https:\/\/agrarias.ufpr.br\/pgapv\/?page_id=6743"},"modified":"2026-02-04T19:30:59","modified_gmt":"2026-02-04T19:30:59","slug":"daniel-fernandes-da-silva","status":"publish","type":"page","link":"https:\/\/agrarias.ufpr.br\/pgapv\/daniel-fernandes-da-silva\/","title":{"rendered":"Daniel Fernandes da Silva"},"content":{"rendered":"\n<p>Prof. Permanente<\/p>\n\n\n\n<p><strong>Forma\u00e7\u00e3o Acad\u00eamica<\/strong><\/p>\n\n\n\n<p>P\u00f3s-Doutorado em Agronomia (Unoeste 2019-2020)<\/p>\n\n\n\n<p>P\u00f3s-Doutorado em Agronomia (Unioeste 2017-2019)<\/p>\n\n\n\n<p>Dr. em Bot\u00e2nica Aplicada, UFLA (2017), com per\u00edodo sandu\u00edche na Universit\u00e0 degli Studi di Per\u00fagia (UNIPG), It\u00e1lia<\/p>\n\n\n\n<p>Bi\u00f3logo, Unioeste (2013)<\/p>\n\n\n\n<p><strong>Linha de pesquisa\/\u00c1rea<\/strong><\/p>\n\n\n\n<p>Fisiologia, Morfog\u00eanese e Biotecnologia de Plantas\/ Fisiologia vegetal<\/p>\n\n\n\n<p>Possui experi\u00eancia na \u00e1rea de fisiologia vegetal, em especial fisiologia aplicada as diferentes etapas da produ\u00e7\u00e3o de plantas hort\u00edcolas, com \u00e1rea de atua\u00e7\u00e3o na fruticultura, floricultura e plantas ornamentais e olericultura.<\/p>\n\n\n\n<p><strong>Disciplinas Ministradas<\/strong><\/p>\n\n\n\n<p><a href=\"https:\/\/agrarias.ufpr.br\/pgapv\/agro-7027-pratica-docente-i\/\">AGRO 7027 \u2013 Pr\u00e1tica Docente I<\/a><\/p>\n\n\n\n<p><a href=\"https:\/\/agrarias.ufpr.br\/pgapv\/agro7028-pratica-docente-ii\/\">AGRO 7028 \u2013 Pr\u00e1tica Docente II<\/a><\/p>\n\n\n\n<p><a href=\"https:\/\/agrarias.ufpr.br\/pgapv\/agro-7031-reguladores-vegetais-e-bioestimulantes-aplicacoes-fitotecnicas\/\">AGRO 7031 \u2013 Reguladores Vegetais e Bioestimulantes: Aplica\u00e7\u00f5es Fitot\u00e9cnicas<\/a><\/p>\n\n\n\n<p><strong>Laborat\u00f3rios\/Unidades de Apoio&nbsp;<\/strong><\/p>\n\n\n\n<p>Laborat\u00f3rio de Fisiologia de Plantas Cultivadas \u2013 LAFIPLAC<\/p>\n\n\n\n<p><strong>Publica\u00e7\u00f5es<\/strong><\/p>\n\n\n\n<p><strong><a href=\"http:\/\/lattes.cnpq.br\/6562731599312560\"><\/a>\u00a0<strong><img loading=\"lazy\" decoding=\"async\" width=\"30\" height=\"29\" src=\"https:\/\/agrarias.ufpr.br\/fitotecnia\/wp-content\/uploads\/sites\/26\/2016\/03\/icon_lattes.png\" alt=\"icon_lattes\"><\/strong><a href=\"http:\/\/lattes.cnpq.br\/6562731599312560\">Lattes<\/a>\u00a0\u00a0<strong><img loading=\"lazy\" decoding=\"async\" width=\"29\" height=\"29\" class=\"alignnone\" src=\"https:\/\/agrarias.ufpr.br\/fitotecnia\/wp-content\/uploads\/sites\/26\/2016\/03\/apple-touch-icon-180x180-e1459453504744.png\" alt=\"apple-touch-icon-180x180\">\u00a0<\/strong><a href=\"https:\/\/www.researchgate.net\/profile\/Daniel-Silva-58?ev=hdr_xprf\"><\/a><a href=\"https:\/\/www.researchgate.net\/profile\/Daniel-Silva-58?ev=hdr_xprf\">Research Gate<\/a>\u00a0\u00a0<a href=\"https:\/\/www.researchgate.net\/profile\/Daniel-Silva-58?ev=hdr_xprf\"><\/a><\/strong><\/p>\n\n\n\n<p><strong>Contatos<\/strong><\/p>\n\n\n\n<p><img loading=\"lazy\" decoding=\"async\" src=\"https:\/\/agrarias.ufpr.br\/fitotecnia\/wp-content\/uploads\/sites\/26\/2016\/03\/email-small-.jpg\" alt=\"email small\" width=\"22\" height=\"22\">&nbsp;daniel_eafi@yahoo.com.br\/daniel.silva1@ufpr.br<\/p>\n\n\n\n<p><img loading=\"lazy\" decoding=\"async\" src=\"https:\/\/agrarias.ufpr.br\/fitotecnia\/wp-content\/uploads\/sites\/26\/2016\/03\/telefone.png\" alt=\"telefone\" width=\"22\" height=\"22\">&nbsp;+55(41) 3361-1757<\/p>\n","protected":false},"excerpt":{"rendered":"<p>Prof. Permanente Forma\u00e7\u00e3o Acad\u00eamica P\u00f3s-Doutorado em Agronomia (Unoeste 2019-2020) P\u00f3s-Doutorado em Agronomia (Unioeste 2017-2019) Dr. em Bot\u00e2nica Aplicada, UFLA (2017), com per\u00edodo sandu\u00edche na Universit\u00e0 degli Studi di Per\u00fagia (UNIPG), It\u00e1lia Bi\u00f3logo, Unioeste (2013) Linha de pesquisa\/\u00c1rea Fisiologia, Morfog\u00eanese e Biotecnologia de Plantas\/ Fisiologia vegetal Possui experi\u00eancia na \u00e1rea de fisiologia vegetal, em especial fisiologia [&hellip;]<\/p>\n","protected":false},"author":3,"featured_media":0,"parent":0,"menu_order":0,"comment_status":"closed","ping_status":"closed","template":"","meta":{"footnotes":""},"class_list":["post-6743","page","type-page","status-publish","hentry"],"_links":{"self":[{"href":"https:\/\/agrarias.ufpr.br\/pgapv\/wp-json\/wp\/v2\/pages\/6743","targetHints":{"allow":["GET"]}}],"collection":[{"href":"https:\/\/agrarias.ufpr.br\/pgapv\/wp-json\/wp\/v2\/pages"}],"about":[{"href":"https:\/\/agrarias.ufpr.br\/pgapv\/wp-json\/wp\/v2\/types\/page"}],"author":[{"embeddable":true,"href":"https:\/\/agrarias.ufpr.br\/pgapv\/wp-json\/wp\/v2\/users\/3"}],"replies":[{"embeddable":true,"href":"https:\/\/agrarias.ufpr.br\/pgapv\/wp-json\/wp\/v2\/comments?post=6743"}],"version-history":[{"count":10,"href":"https:\/\/agrarias.ufpr.br\/pgapv\/wp-json\/wp\/v2\/pages\/6743\/revisions"}],"predecessor-version":[{"id":7712,"href":"https:\/\/agrarias.ufpr.br\/pgapv\/wp-json\/wp\/v2\/pages\/6743\/revisions\/7712"}],"wp:attachment":[{"href":"https:\/\/agrarias.ufpr.br\/pgapv\/wp-json\/wp\/v2\/media?parent=6743"}],"curies":[{"name":"wp","href":"https:\/\/api.w.org\/{rel}","templated":true}]}}