{"id":600,"date":"2018-07-05T13:54:00","date_gmt":"2018-07-05T13:54:00","guid":{"rendered":"https:\/\/agrarias.ufpr.br\/pgapv\/?page_id=600"},"modified":"2021-05-07T18:04:41","modified_gmt":"2021-05-07T18:04:41","slug":"ricardo-augusto-de-oliveira","status":"publish","type":"page","link":"https:\/\/agrarias.ufpr.br\/pgapv\/ricardo-augusto-de-oliveira\/","title":{"rendered":"Ricardo Augusto de Oliveira"},"content":{"rendered":"<div class=\"titulo_pagina\">Prof. Permanente<\/div>\n<div>&nbsp;<\/div>\n<div>\n<p class=\"Normal tm5\"><strong><span class=\"tm7\">Forma\u00e7\u00e3o Acad\u00eamica<\/span><\/strong><\/p>\n<p class=\"Normal tm5\"><span class=\"tm6\">Dr. em Agronomia (Produ\u00e7\u00e3o Vegetal), UFPR (2007)<\/span><\/p>\n<p class=\"Normal tm5\"><span class=\"tm6\">M.Sc. em Agronomia (Produ\u00e7\u00e3o Vegetal), UFPR (2004)<\/span><\/p>\n<p class=\"Normal tm5\"><span class=\"tm6\">Eng. Agr\u00f4nomo, UFPR (2002)<\/span><\/p>\n<p class=\"Normal tm5\"><strong><span class=\"tm7\">Linha de pesquisa\/\u00c1rea<\/span><\/strong><\/p>\n<p class=\"Normal tm5\"><span class=\"tm6\">Produ\u00e7\u00e3o Vegetal na Agricultura Sustent\u00e1vel\/Grandes culturas<\/span><\/p>\n<p class=\"Normal tm5\"><strong><span class=\"tm7\">Disciplinas Ministradas <\/span><\/strong><\/p>\n<p class=\"Normal tm5\"><a href=\"https:\/\/agrarias.ufpr.br\/pgapv\/agro-7014-fundamentos-para-o-manejo-de-plantas-cultivadas\/\"><span class=\"tm6\">AGRO 7014 &#8211; Fundamentos para o Manejo de Plantas Cultivadas<\/span><\/a><\/p>\n<p class=\"Normal tm5\"><a href=\"https:\/\/agrarias.ufpr.br\/pgapv\/agro-7027-pratica-docente-i\/\">AGRO 7027 \u2013 Pr\u00e1tica Docente I<\/a><\/p>\n<p class=\"Normal tm5\"><a href=\"https:\/\/agrarias.ufpr.br\/pgapv\/agro7028-pratica-docente-ii\/\">AGRO 7028 \u2013 Pr\u00e1tica Docente II<\/a><\/p>\n<p class=\"Normal tm5\"><a href=\"https:\/\/agrarias.ufpr.br\/pgapv\/agro-7034-topicos-especiais-iv-manejo-da-lavoura-de-cana-de-acucar\/\"><span class=\"tm6\">AGRO 7038 &#8211; T\u00f3picos Especiais IV: Manejo da Lavoura da Cana-de-A\u00e7\u00facar<\/span><\/a><\/p>\n<p><strong>Laborat\u00f3rio\/Unidade de Apoio<\/strong><\/p>\n<p><a href=\"https:\/\/agrarias.ufpr.br\/pgapv\/laboratorio-de-fitotecnia\/\">Laborat\u00f3rio de Fitotecnia<\/a><\/p>\n<p><strong>Publica\u00e7\u00f5es<\/strong><\/p>\n<p><strong><a href=\"http:\/\/buscatextual.cnpq.br\/buscatextual\/visualizacv.do?metodo=apresentar&amp;id=K4167407P3\"><img loading=\"lazy\" decoding=\"async\" class=\"alignnone wp-image-742\" src=\"https:\/\/agrarias.ufpr.br\/fitotecnia\/wp-content\/uploads\/sites\/26\/2016\/03\/icon_lattes.png\" alt=\"icon_lattes\" width=\"30\" height=\"29\"><\/a><a href=\"http:\/\/buscatextual.cnpq.br\/buscatextual\/visualizacv.do?metodo=apresentar&amp;id=K4167407P3\">&nbsp;<span style=\"color: #000080\">Lattes<\/span>&nbsp;<\/a>&nbsp;&nbsp;<a href=\"https:\/\/www.researchgate.net\/profile\/Ricardo_De_Oliveira15?ev=hdr_xprf\"><img loading=\"lazy\" decoding=\"async\" class=\"size-full wp-image-1136 alignnone\" src=\"https:\/\/agrarias.ufpr.br\/fitotecnia\/wp-content\/uploads\/sites\/26\/2016\/03\/apple-touch-icon-180x180-e1459453504744.png\" alt=\"apple-touch-icon-180x180\" width=\"29\" height=\"29\">&nbsp;<span style=\"color: #000080\">Research Gate&nbsp;<\/span><\/a><a href=\"http:\/\/orcid.org\/0000-0002-7472-9238\"><img loading=\"lazy\" decoding=\"async\" class=\"alignnone wp-image-3185\" src=\"https:\/\/agrarias.ufpr.br\/pgapv\/wp-content\/uploads\/sites\/39\/2021\/02\/unnamed.jpg\" alt=\"\" width=\"96\" height=\"38\" srcset=\"https:\/\/agrarias.ufpr.br\/pgapv\/wp-content\/uploads\/sites\/39\/2021\/02\/unnamed.jpg 347w, https:\/\/agrarias.ufpr.br\/pgapv\/wp-content\/uploads\/sites\/39\/2021\/02\/unnamed-300x119.jpg 300w, https:\/\/agrarias.ufpr.br\/pgapv\/wp-content\/uploads\/sites\/39\/2021\/02\/unnamed-250x99.jpg 250w, https:\/\/agrarias.ufpr.br\/pgapv\/wp-content\/uploads\/sites\/39\/2021\/02\/unnamed-160x64.jpg 160w\" sizes=\"auto, (max-width: 96px) 100vw, 96px\" \/><\/a><\/strong><\/p>\n<p><strong>Contatos<\/strong><\/p>\n<p><img loading=\"lazy\" decoding=\"async\" class=\"alignnone wp-image-757\" src=\"https:\/\/agrarias.ufpr.br\/fitotecnia\/wp-content\/uploads\/sites\/26\/2016\/03\/email-small-.jpg\" alt=\"email small\" width=\"22\" height=\"22\">&nbsp;rico@ufpr.br;&nbsp;<span class=\"tm6\">rico.cwb75@gmail.com<\/span><\/p>\n<p><img loading=\"lazy\" decoding=\"async\" class=\"wp-image-758 alignnone\" src=\"https:\/\/agrarias.ufpr.br\/fitotecnia\/wp-content\/uploads\/sites\/26\/2016\/03\/telefone.png\" alt=\"telefone\" width=\"22\" height=\"22\">+55 (41) 3350-5633<\/p>\n<\/div>\n","protected":false},"excerpt":{"rendered":"<p>Prof. Permanente &nbsp; Forma\u00e7\u00e3o Acad\u00eamica Dr. em Agronomia (Produ\u00e7\u00e3o Vegetal), UFPR (2007) M.Sc. em Agronomia (Produ\u00e7\u00e3o Vegetal), UFPR (2004) Eng. Agr\u00f4nomo, UFPR (2002) Linha de pesquisa\/\u00c1rea Produ\u00e7\u00e3o Vegetal na Agricultura Sustent\u00e1vel\/Grandes culturas Disciplinas Ministradas AGRO 7014 &#8211; Fundamentos para o Manejo de Plantas Cultivadas AGRO 7027 \u2013 Pr\u00e1tica Docente I AGRO 7028 \u2013 Pr\u00e1tica Docente [&hellip;]<\/p>\n","protected":false},"author":3,"featured_media":0,"parent":0,"menu_order":0,"comment_status":"closed","ping_status":"closed","template":"","meta":{"footnotes":""},"class_list":["post-600","page","type-page","status-publish","hentry"],"_links":{"self":[{"href":"https:\/\/agrarias.ufpr.br\/pgapv\/wp-json\/wp\/v2\/pages\/600","targetHints":{"allow":["GET"]}}],"collection":[{"href":"https:\/\/agrarias.ufpr.br\/pgapv\/wp-json\/wp\/v2\/pages"}],"about":[{"href":"https:\/\/agrarias.ufpr.br\/pgapv\/wp-json\/wp\/v2\/types\/page"}],"author":[{"embeddable":true,"href":"https:\/\/agrarias.ufpr.br\/pgapv\/wp-json\/wp\/v2\/users\/3"}],"replies":[{"embeddable":true,"href":"https:\/\/agrarias.ufpr.br\/pgapv\/wp-json\/wp\/v2\/comments?post=600"}],"version-history":[{"count":12,"href":"https:\/\/agrarias.ufpr.br\/pgapv\/wp-json\/wp\/v2\/pages\/600\/revisions"}],"predecessor-version":[{"id":4234,"href":"https:\/\/agrarias.ufpr.br\/pgapv\/wp-json\/wp\/v2\/pages\/600\/revisions\/4234"}],"wp:attachment":[{"href":"https:\/\/agrarias.ufpr.br\/pgapv\/wp-json\/wp\/v2\/media?parent=600"}],"curies":[{"name":"wp","href":"https:\/\/api.w.org\/{rel}","templated":true}]}}