{"id":579,"date":"2018-07-05T13:36:44","date_gmt":"2018-07-05T13:36:44","guid":{"rendered":"https:\/\/agrarias.ufpr.br\/pgapv\/?page_id=579"},"modified":"2026-02-04T19:43:09","modified_gmt":"2026-02-04T19:43:09","slug":"bruno-portela-brasileiro","status":"publish","type":"page","link":"https:\/\/agrarias.ufpr.br\/pgapv\/bruno-portela-brasileiro\/","title":{"rendered":"Bruno Portela Brasileiro"},"content":{"rendered":"\n<p>Prof.&nbsp;Permanente<\/p>\n\n\n\n<p><strong>Forma\u00e7\u00e3o Acad\u00eamica<\/strong><\/p>\n\n\n\n<p>P\u00f3s-Doutorado, UFV (2014-2016)<\/p>\n\n\n\n<p>Dr. em Gen\u00e9tica e Melhoramento, UFV (2013)<\/p>\n\n\n\n<p>M.Sc. em Recursos Gen\u00e9ticos Vegetais, UFRB (2010)<\/p>\n\n\n\n<p>Bi\u00f3logo, UESB (2009)<\/p>\n\n\n\n<p><strong>Linha de pesquisa\/\u00c1rea<\/strong><\/p>\n\n\n\n<p>Produ\u00e7\u00e3o Vegetal na Agricultura Sustent\u00e1vel\/Estat\u00edstica Experimental<\/p>\n\n\n\n<p><strong>Disciplinas Ministradas<\/strong><\/p>\n\n\n\n<p><a href=\"https:\/\/agrarias.ufpr.br\/pgapv\/agro-7010-estatistica-experimental\/\">AGRO 7010 \u2013 Estat\u00edstica Experimental<\/a><\/p>\n\n\n\n<p><a href=\"https:\/\/agrarias.ufpr.br\/pgapv\/agro-7027-pratica-docente-i\/\">AGRO 7027 \u2013 Pr\u00e1tica Docente I<\/a><\/p>\n\n\n\n<p><a href=\"https:\/\/agrarias.ufpr.br\/pgapv\/agro7028-pratica-docente-ii\/\">AGRO 7028 \u2013 Pr\u00e1tica Docente II<\/a><\/p>\n\n\n\n<p><strong>Publica\u00e7\u00f5es<\/strong><\/p>\n\n\n\n<p><img loading=\"lazy\" decoding=\"async\" width=\"30\" height=\"29\" src=\"https:\/\/agrarias.ufpr.br\/fitotecnia\/wp-content\/uploads\/sites\/26\/2016\/03\/icon_lattes.png\" alt=\"icon_lattes\">\u00a0<a href=\"http:\/\/buscatextual.cnpq.br\/buscatextual\/visualizacv.do?id=K4268257D6\"><strong>Lattes<\/strong>\u00a0\u00a0<\/a>\u00a0<strong><strong><img loading=\"lazy\" decoding=\"async\" width=\"29\" height=\"29\" class=\"alignnone\" src=\"https:\/\/agrarias.ufpr.br\/fitotecnia\/wp-content\/uploads\/sites\/26\/2016\/03\/apple-touch-icon-180x180-e1459453504744.png\" alt=\"apple-touch-icon-180x180\"><\/strong><a href=\"https:\/\/www.researchgate.net\/profile\/Bruno_Brasileiro\"><\/a>\u00a0<a href=\"https:\/\/www.researchgate.net\/profile\/Bruno_Brasileiro\">Research Gate\u00a0\u00a0<\/a><a href=\"https:\/\/orcid.org\/0000-0003-2807-7993\"><\/a><\/strong><\/p>\n\n\n\n<p><strong>Contatos<\/strong><\/p>\n\n\n\n<p><img loading=\"lazy\" decoding=\"async\" src=\"https:\/\/agrarias.ufpr.br\/fitotecnia\/wp-content\/uploads\/sites\/26\/2016\/03\/email-small-.jpg\" alt=\"email small\" width=\"22\" height=\"22\">&nbsp;brasileiro@ufpr.br<\/p>\n\n\n\n<p><img loading=\"lazy\" decoding=\"async\" src=\"https:\/\/agrarias.ufpr.br\/fitotecnia\/wp-content\/uploads\/sites\/26\/2016\/03\/telefone.png\" alt=\"telefone\" width=\"22\" height=\"22\">+55 (41) 3350-5753<\/p>\n","protected":false},"excerpt":{"rendered":"<p>Prof.&nbsp;Permanente Forma\u00e7\u00e3o Acad\u00eamica P\u00f3s-Doutorado, UFV (2014-2016) Dr. em Gen\u00e9tica e Melhoramento, UFV (2013) M.Sc. em Recursos Gen\u00e9ticos Vegetais, UFRB (2010) Bi\u00f3logo, UESB (2009) Linha de pesquisa\/\u00c1rea Produ\u00e7\u00e3o Vegetal na Agricultura Sustent\u00e1vel\/Estat\u00edstica Experimental Disciplinas Ministradas AGRO 7010 \u2013 Estat\u00edstica Experimental AGRO 7027 \u2013 Pr\u00e1tica Docente I AGRO 7028 \u2013 Pr\u00e1tica Docente II Publica\u00e7\u00f5es \u00a0Lattes\u00a0\u00a0\u00a0\u00a0Research Gate\u00a0\u00a0 Contatos [&hellip;]<\/p>\n","protected":false},"author":3,"featured_media":0,"parent":0,"menu_order":0,"comment_status":"closed","ping_status":"closed","template":"","meta":{"footnotes":""},"class_list":["post-579","page","type-page","status-publish","hentry"],"_links":{"self":[{"href":"https:\/\/agrarias.ufpr.br\/pgapv\/wp-json\/wp\/v2\/pages\/579","targetHints":{"allow":["GET"]}}],"collection":[{"href":"https:\/\/agrarias.ufpr.br\/pgapv\/wp-json\/wp\/v2\/pages"}],"about":[{"href":"https:\/\/agrarias.ufpr.br\/pgapv\/wp-json\/wp\/v2\/types\/page"}],"author":[{"embeddable":true,"href":"https:\/\/agrarias.ufpr.br\/pgapv\/wp-json\/wp\/v2\/users\/3"}],"replies":[{"embeddable":true,"href":"https:\/\/agrarias.ufpr.br\/pgapv\/wp-json\/wp\/v2\/comments?post=579"}],"version-history":[{"count":17,"href":"https:\/\/agrarias.ufpr.br\/pgapv\/wp-json\/wp\/v2\/pages\/579\/revisions"}],"predecessor-version":[{"id":7720,"href":"https:\/\/agrarias.ufpr.br\/pgapv\/wp-json\/wp\/v2\/pages\/579\/revisions\/7720"}],"wp:attachment":[{"href":"https:\/\/agrarias.ufpr.br\/pgapv\/wp-json\/wp\/v2\/media?parent=579"}],"curies":[{"name":"wp","href":"https:\/\/api.w.org\/{rel}","templated":true}]}}