{"id":576,"date":"2018-07-05T13:35:22","date_gmt":"2018-07-05T13:35:22","guid":{"rendered":"https:\/\/agrarias.ufpr.br\/pgapv\/?page_id=576"},"modified":"2021-05-07T17:56:54","modified_gmt":"2021-05-07T17:56:54","slug":"atila-francisco-mogor","status":"publish","type":"page","link":"https:\/\/agrarias.ufpr.br\/pgapv\/atila-francisco-mogor\/","title":{"rendered":"\u00c1tila Francisco M\u00f3gor"},"content":{"rendered":"<p>Prof. Permanente<\/p>\n<p><strong>Forma\u00e7\u00e3o Acad\u00eamica<\/strong><\/p>\n<p>P\u00f3s-Doutorado, UNESP (2006-2007)<\/p>\n<p>Dr. em Agronomia (Horticultura), UNESP (2004)<\/p>\n<p>M.Sc. em Agronomia (Horticultura), UNESP (2000)<\/p>\n<p>Eng. Agr\u00f4nomo, FAZMCG (1987)<\/p>\n<p><strong>Linha de pesquisa\/\u00c1rea<\/strong><\/p>\n<p>Fisiologia, Morfog\u00eanese e Biotecnologia de Plantas\/Olericultura e Biofertilizantes<\/p>\n<p style=\"text-align: justify\">Concentra suas pesquisas em olericultura, especialmente em produ\u00e7\u00e3o org\u00e2nica, com foco em manejo e desempenho de cultivares, plantio direto de hortali\u00e7as, rela\u00e7\u00e3o entre nutri\u00e7\u00e3o e doen\u00e7as das hortali\u00e7as, bem como na prospec\u00e7\u00e3o e avalia\u00e7\u00e3o de subst\u00e2ncias ou compostos naturais promotores do crescimento vegetal.<\/p>\n<p><strong>Disciplinas Ministradas&nbsp;<\/strong><\/p>\n<p><a href=\"https:\/\/agrarias.ufpr.br\/pgapv\/agro-7027-pratica-docente-i\/\">AGRO 7027 \u2013 Pr\u00e1tica Docente I<\/a><\/p>\n<p><a href=\"https:\/\/agrarias.ufpr.br\/pgapv\/agro7028-pratica-docente-ii\/\">AGRO 7028 \u2013 Pr\u00e1tica Docente II<\/a><\/p>\n<p><a href=\"https:\/\/agrarias.ufpr.br\/pgapv\/agro-7031-reguladores-vegetais-e-bioestimulantes-aplicacoes-fitotecnicas\/\">AGRO 7031 &#8211; Reguladores Vegetais e Bioestimulantes: Aplica\u00e7\u00f5es Fitot\u00e9cnicas<\/a><\/p>\n<p><a href=\"https:\/\/agrarias.ufpr.br\/pgapv\/agro-7038-topicos-especiais-iv-interacoes-entre-fisiologia-e-nutricao-para-a-fitotecnia\/\">AGRO 7045 \u2013 Intera\u00e7\u00f5es entre Fisiologia e Nutri\u00e7\u00e3o para a Fitotecnia<\/a><\/p>\n<p><strong>Unidade de Apoio<\/strong><\/p>\n<p><a href=\"https:\/\/agrarias.ufpr.br\/pgapv\/area-experimental-de-olericultura-organica\/\">\u00c1rea Experimental de Olericultura Org\u00e2nica<\/a><\/p>\n<p><strong>Publica\u00e7\u00f5es<\/strong><\/p>\n<p><a href=\"http:\/\/lattes.cnpq.br\/3102750020452669\"><img loading=\"lazy\" decoding=\"async\" src=\"https:\/\/agrarias.ufpr.br\/fitotecnia\/wp-content\/uploads\/sites\/26\/2016\/03\/icon_lattes.png\" alt=\"icon_lattes\" width=\"30\" height=\"29\"><\/a>&nbsp;<span style=\"color: #000080\"><strong><a style=\"color: #000080\" href=\"http:\/\/lattes.cnpq.br\/3102750020452669\">Lattes<\/a><\/strong><\/span>&nbsp; &nbsp;<strong><a href=\"https:\/\/www.researchgate.net\/profile\/Atila_Mogor\"><img loading=\"lazy\" decoding=\"async\" class=\"size-full wp-image-1136 alignnone\" src=\"https:\/\/agrarias.ufpr.br\/fitotecnia\/wp-content\/uploads\/sites\/26\/2016\/03\/apple-touch-icon-180x180-e1459453504744.png\" alt=\"apple-touch-icon-180x180\" width=\"29\" height=\"29\">&nbsp;<span style=\"color: #000080\">Research Gate&nbsp;&nbsp;<\/span><\/a><a href=\"https:\/\/orcid.org\/0000-0003-4199-9079\"><img loading=\"lazy\" decoding=\"async\" class=\"alignnone wp-image-3185\" src=\"https:\/\/agrarias.ufpr.br\/pgapv\/wp-content\/uploads\/sites\/39\/2021\/02\/unnamed.jpg\" alt=\"\" width=\"93\" height=\"37\" srcset=\"https:\/\/agrarias.ufpr.br\/pgapv\/wp-content\/uploads\/sites\/39\/2021\/02\/unnamed.jpg 347w, https:\/\/agrarias.ufpr.br\/pgapv\/wp-content\/uploads\/sites\/39\/2021\/02\/unnamed-300x119.jpg 300w, https:\/\/agrarias.ufpr.br\/pgapv\/wp-content\/uploads\/sites\/39\/2021\/02\/unnamed-250x99.jpg 250w, https:\/\/agrarias.ufpr.br\/pgapv\/wp-content\/uploads\/sites\/39\/2021\/02\/unnamed-160x64.jpg 160w\" sizes=\"auto, (max-width: 93px) 100vw, 93px\" \/><\/a><\/strong><\/p>\n<p><strong>Contatos<\/strong><\/p>\n<p><img loading=\"lazy\" decoding=\"async\" class=\"alignnone wp-image-757\" src=\"https:\/\/agrarias.ufpr.br\/fitotecnia\/wp-content\/uploads\/sites\/26\/2016\/03\/email-small-.jpg\" alt=\"email small\" width=\"22\" height=\"22\">&nbsp;atila.mogor@ufpr.br<\/p>\n<p><img loading=\"lazy\" decoding=\"async\" class=\"wp-image-758 alignnone\" src=\"https:\/\/agrarias.ufpr.br\/fitotecnia\/wp-content\/uploads\/sites\/26\/2016\/03\/telefone.png\" alt=\"telefone\" width=\"22\" height=\"22\">+55 (41) 3350-5721<\/p>\n","protected":false},"excerpt":{"rendered":"<p>Prof. Permanente Forma\u00e7\u00e3o Acad\u00eamica P\u00f3s-Doutorado, UNESP (2006-2007) Dr. em Agronomia (Horticultura), UNESP (2004) M.Sc. em Agronomia (Horticultura), UNESP (2000) Eng. Agr\u00f4nomo, FAZMCG (1987) Linha de pesquisa\/\u00c1rea Fisiologia, Morfog\u00eanese e Biotecnologia de Plantas\/Olericultura e Biofertilizantes Concentra suas pesquisas em olericultura, especialmente em produ\u00e7\u00e3o org\u00e2nica, com foco em manejo e desempenho de cultivares, plantio direto de hortali\u00e7as, [&hellip;]<\/p>\n","protected":false},"author":3,"featured_media":0,"parent":0,"menu_order":0,"comment_status":"closed","ping_status":"closed","template":"","meta":{"footnotes":""},"class_list":["post-576","page","type-page","status-publish","hentry"],"_links":{"self":[{"href":"https:\/\/agrarias.ufpr.br\/pgapv\/wp-json\/wp\/v2\/pages\/576","targetHints":{"allow":["GET"]}}],"collection":[{"href":"https:\/\/agrarias.ufpr.br\/pgapv\/wp-json\/wp\/v2\/pages"}],"about":[{"href":"https:\/\/agrarias.ufpr.br\/pgapv\/wp-json\/wp\/v2\/types\/page"}],"author":[{"embeddable":true,"href":"https:\/\/agrarias.ufpr.br\/pgapv\/wp-json\/wp\/v2\/users\/3"}],"replies":[{"embeddable":true,"href":"https:\/\/agrarias.ufpr.br\/pgapv\/wp-json\/wp\/v2\/comments?post=576"}],"version-history":[{"count":17,"href":"https:\/\/agrarias.ufpr.br\/pgapv\/wp-json\/wp\/v2\/pages\/576\/revisions"}],"predecessor-version":[{"id":4216,"href":"https:\/\/agrarias.ufpr.br\/pgapv\/wp-json\/wp\/v2\/pages\/576\/revisions\/4216"}],"wp:attachment":[{"href":"https:\/\/agrarias.ufpr.br\/pgapv\/wp-json\/wp\/v2\/media?parent=576"}],"curies":[{"name":"wp","href":"https:\/\/api.w.org\/{rel}","templated":true}]}}