{"id":556,"date":"2018-07-05T12:43:12","date_gmt":"2018-07-05T12:43:12","guid":{"rendered":"https:\/\/agrarias.ufpr.br\/pgapv\/?page_id=556"},"modified":"2018-09-22T18:12:07","modified_gmt":"2018-09-22T18:12:07","slug":"setor-de-fruticultura-pomar","status":"publish","type":"page","link":"https:\/\/agrarias.ufpr.br\/pgapv\/setor-de-fruticultura-pomar\/","title":{"rendered":"\u00c1rea Experimental de Fruticultura (Pomar)"},"content":{"rendered":"<div>&nbsp;<\/div>\n<div class=\"titulo_pagina\"><strong><span class=\"tm7\">Interesses&nbsp;<\/span><\/strong><\/div>\n<div>\n<p class=\"Normal tm8\" style=\"text-align: justify\"><span class=\"tm6\">A \u00c1rea Experimental de Fruticultura est\u00e1 localizada no Centro de Esta\u00e7\u00f5es Experimentais do Canguiri e possui diversos pomares de esp\u00e9cies frut\u00edferas de clima temperado, subtropical e tropical para o desenvolvimento de atividades de pesquisa em sistema org\u00e2nico. Os estudos envolvem a adapta\u00e7\u00e3o de cultivares e o desenvolvimento de pr\u00e1ticas de manejo para a produ\u00e7\u00e3o de frutas e produ\u00e7\u00e3o de mudas frut\u00edferas.<\/span><\/p>\n<p><strong>Coordenadores<\/strong><\/p>\n<p><a href=\"https:\/\/agrarias.ufpr.br\/pgapv\/luiz-antonio-biasi\/\">Luiz Antonio Biasi<\/a><\/p>\n<p><a href=\"https:\/\/agrarias.ufpr.br\/pgapv\/mauro-brasil-dias-tofanelli\/\">Mauro Brasil Dias Tofanelli<\/a><\/p>\n<p class=\"Normal tm5\"><strong><span class=\"tm7\">Local<\/span><\/strong><\/p>\n<p class=\"Normal tm5\"><span class=\"tm6\">Esta\u00e7\u00e3o Experimental do Canguiri (UFPR).&nbsp;Rua Ivone Pimentel, n\u00ba 19 83327-000 Pinhais-PR<\/span><\/p>\n<p><strong>Contatos<\/strong><\/p>\n<p><img loading=\"lazy\" decoding=\"async\" class=\"wp-image-758 alignnone\" src=\"https:\/\/agrarias.ufpr.br\/fitotecnia\/wp-content\/uploads\/sites\/26\/2016\/03\/telefone.png\" alt=\"telefone\" width=\"22\" height=\"22\">+55 (41)&nbsp;3350-5682 e 5745<\/p>\n<p>[Best_Wordpress_Gallery id=&#8221;13&#8243; gal_title=&#8221;fruticultura&#8221;]<\/p>\n<\/div>\n","protected":false},"excerpt":{"rendered":"<p>&nbsp; Interesses&nbsp; A \u00c1rea Experimental de Fruticultura est\u00e1 localizada no Centro de Esta\u00e7\u00f5es Experimentais do Canguiri e possui diversos pomares de esp\u00e9cies frut\u00edferas de clima temperado, subtropical e tropical para o desenvolvimento de atividades de pesquisa em sistema org\u00e2nico. Os estudos envolvem a adapta\u00e7\u00e3o de cultivares e o desenvolvimento de pr\u00e1ticas de manejo para a [&hellip;]<\/p>\n","protected":false},"author":3,"featured_media":0,"parent":0,"menu_order":0,"comment_status":"closed","ping_status":"closed","template":"","meta":{"footnotes":""},"class_list":["post-556","page","type-page","status-publish","hentry"],"_links":{"self":[{"href":"https:\/\/agrarias.ufpr.br\/pgapv\/wp-json\/wp\/v2\/pages\/556","targetHints":{"allow":["GET"]}}],"collection":[{"href":"https:\/\/agrarias.ufpr.br\/pgapv\/wp-json\/wp\/v2\/pages"}],"about":[{"href":"https:\/\/agrarias.ufpr.br\/pgapv\/wp-json\/wp\/v2\/types\/page"}],"author":[{"embeddable":true,"href":"https:\/\/agrarias.ufpr.br\/pgapv\/wp-json\/wp\/v2\/users\/3"}],"replies":[{"embeddable":true,"href":"https:\/\/agrarias.ufpr.br\/pgapv\/wp-json\/wp\/v2\/comments?post=556"}],"version-history":[{"count":6,"href":"https:\/\/agrarias.ufpr.br\/pgapv\/wp-json\/wp\/v2\/pages\/556\/revisions"}],"predecessor-version":[{"id":1563,"href":"https:\/\/agrarias.ufpr.br\/pgapv\/wp-json\/wp\/v2\/pages\/556\/revisions\/1563"}],"wp:attachment":[{"href":"https:\/\/agrarias.ufpr.br\/pgapv\/wp-json\/wp\/v2\/media?parent=556"}],"curies":[{"name":"wp","href":"https:\/\/api.w.org\/{rel}","templated":true}]}}