{"id":514,"date":"2018-07-05T11:55:21","date_gmt":"2018-07-05T11:55:21","guid":{"rendered":"https:\/\/agrarias.ufpr.br\/pgapv\/?page_id=514"},"modified":"2026-04-08T00:01:19","modified_gmt":"2026-04-08T00:01:19","slug":"laboratorio-de-fitopatologia","status":"publish","type":"page","link":"https:\/\/agrarias.ufpr.br\/pgapv\/laboratorio-de-fitopatologia\/","title":{"rendered":"Laborat\u00f3rio de Fitopatologia"},"content":{"rendered":"<div class=\"wp-block-image\">\n<figure class=\"aligncenter\"><img loading=\"lazy\" decoding=\"async\" width=\"300\" height=\"300\" src=\"https:\/\/agrarias.ufpr.br\/pgapv\/wp-content\/uploads\/sites\/39\/2025\/06\/Imagem-do-WhatsApp-de-2025-06-24-as-15.23.23_37c4ae11-300x300.jpg\" alt=\"\" class=\"wp-image-7077\" srcset=\"https:\/\/agrarias.ufpr.br\/pgapv\/wp-content\/uploads\/sites\/39\/2025\/06\/Imagem-do-WhatsApp-de-2025-06-24-as-15.23.23_37c4ae11-300x300.jpg 300w, https:\/\/agrarias.ufpr.br\/pgapv\/wp-content\/uploads\/sites\/39\/2025\/06\/Imagem-do-WhatsApp-de-2025-06-24-as-15.23.23_37c4ae11-1024x1024.jpg 1024w, https:\/\/agrarias.ufpr.br\/pgapv\/wp-content\/uploads\/sites\/39\/2025\/06\/Imagem-do-WhatsApp-de-2025-06-24-as-15.23.23_37c4ae11-150x150.jpg 150w, https:\/\/agrarias.ufpr.br\/pgapv\/wp-content\/uploads\/sites\/39\/2025\/06\/Imagem-do-WhatsApp-de-2025-06-24-as-15.23.23_37c4ae11-768x768.jpg 768w, https:\/\/agrarias.ufpr.br\/pgapv\/wp-content\/uploads\/sites\/39\/2025\/06\/Imagem-do-WhatsApp-de-2025-06-24-as-15.23.23_37c4ae11-250x250.jpg 250w, https:\/\/agrarias.ufpr.br\/pgapv\/wp-content\/uploads\/sites\/39\/2025\/06\/Imagem-do-WhatsApp-de-2025-06-24-as-15.23.23_37c4ae11-120x120.jpg 120w, https:\/\/agrarias.ufpr.br\/pgapv\/wp-content\/uploads\/sites\/39\/2025\/06\/Imagem-do-WhatsApp-de-2025-06-24-as-15.23.23_37c4ae11.jpg 1280w\" sizes=\"auto, (max-width: 300px) 100vw, 300px\" \/><\/figure>\n<\/div>\n\n\n<p><strong>Interesses de pesquisa<\/strong><\/p>\n\n\n\n<p>Laborat\u00f3rio fornece apoio \u00e0s disciplinas de gradua\u00e7\u00e3o e p\u00f3s-gradua\u00e7\u00e3o envolvendo o tema Fitopatologia, sendo utilizado por estudantes, professores e colaboradores. Disciplinas que utilizam o laborat\u00f3rio: Fitopatologia Geral, Fitopatologia Especial, Fitossanidade Florestal, Nematologia Agr\u00edcola e Introdu\u00e7\u00e3o \u00e0 Pesquisa em Fitopatologia (Gradua\u00e7\u00e3o). Controle Qu\u00edmico de&nbsp;doen\u00e7as de plantas, Fungos Fitopatog\u00eanicos, Epidemiologia para o Manejo de Doen\u00e7as de Plantas, Diagnose de Doen\u00e7as de Plantas e Princ\u00edpios e M\u00e9todos em Fitopatologia (P\u00f3s-gradua\u00e7\u00e3o).<\/p>\n\n\n\n<p><strong>Coordenadora<\/strong><\/p>\n\n\n\n<p><a href=\"https:\/\/agrarias.ufpr.br\/fitotecnia\/renata-faier-calegario-2\/\">Renata Faier Calegario<\/a><\/p>\n\n\n\n<p><strong>Colaboradores<\/strong><\/p>\n\n\n\n<p><a href=\"https:\/\/agrarias.ufpr.br\/fitotecnia\/henrique-da-silva-silveira-duarte\/\">Henrique da Silva Silveira Duarte&nbsp;<\/a><\/p>\n\n\n\n<p><a href=\"https:\/\/agrarias.ufpr.br\/fitotecnia\/louise-larissa-may-de-mio\/\">Louise Larissa May De Mio&nbsp;<\/a><\/p>\n\n\n\n<p>Lucimeris Ruaro<\/p>\n\n\n\n<p><strong>Contatos<\/strong><\/p>\n\n\n\n<p><strong>&nbsp;<\/strong>+55 (41) 3350-5755<\/p>\n\n\n\n<p><strong>Fotos<\/strong><\/p>\n\n\n\n<figure class=\"wp-block-gallery aligncenter has-nested-images columns-4 is-cropped wp-block-gallery-1 is-layout-flex wp-block-gallery-is-layout-flex\">\n<figure class=\"wp-block-image size-full\"><img loading=\"lazy\" decoding=\"async\" width=\"900\" height=\"1200\" data-id=\"8187\" src=\"https:\/\/agrarias.ufpr.br\/pgapv\/wp-content\/uploads\/sites\/39\/2026\/04\/fitopatologia-1.jpg\" alt=\"\" class=\"wp-image-8187\" style=\"aspect-ratio:4\/3\" srcset=\"https:\/\/agrarias.ufpr.br\/pgapv\/wp-content\/uploads\/sites\/39\/2026\/04\/fitopatologia-1.jpg 900w, https:\/\/agrarias.ufpr.br\/pgapv\/wp-content\/uploads\/sites\/39\/2026\/04\/fitopatologia-1-225x300.jpg 225w, https:\/\/agrarias.ufpr.br\/pgapv\/wp-content\/uploads\/sites\/39\/2026\/04\/fitopatologia-1-768x1024.jpg 768w, https:\/\/agrarias.ufpr.br\/pgapv\/wp-content\/uploads\/sites\/39\/2026\/04\/fitopatologia-1-74x98.jpg 74w, https:\/\/agrarias.ufpr.br\/pgapv\/wp-content\/uploads\/sites\/39\/2026\/04\/fitopatologia-1-43x57.jpg 43w\" sizes=\"auto, (max-width: 900px) 100vw, 900px\" \/><\/figure>\n\n\n\n<figure class=\"wp-block-image size-full\"><img loading=\"lazy\" decoding=\"async\" width=\"1200\" height=\"900\" data-id=\"8191\" src=\"https:\/\/agrarias.ufpr.br\/pgapv\/wp-content\/uploads\/sites\/39\/2026\/04\/fitopatologia-2.jpg\" alt=\"\" class=\"wp-image-8191\" style=\"aspect-ratio:4\/3\" srcset=\"https:\/\/agrarias.ufpr.br\/pgapv\/wp-content\/uploads\/sites\/39\/2026\/04\/fitopatologia-2.jpg 1200w, https:\/\/agrarias.ufpr.br\/pgapv\/wp-content\/uploads\/sites\/39\/2026\/04\/fitopatologia-2-300x225.jpg 300w, https:\/\/agrarias.ufpr.br\/pgapv\/wp-content\/uploads\/sites\/39\/2026\/04\/fitopatologia-2-1024x768.jpg 1024w, https:\/\/agrarias.ufpr.br\/pgapv\/wp-content\/uploads\/sites\/39\/2026\/04\/fitopatologia-2-768x576.jpg 768w, https:\/\/agrarias.ufpr.br\/pgapv\/wp-content\/uploads\/sites\/39\/2026\/04\/fitopatologia-2-131x98.jpg 131w, https:\/\/agrarias.ufpr.br\/pgapv\/wp-content\/uploads\/sites\/39\/2026\/04\/fitopatologia-2-75x57.jpg 75w\" sizes=\"auto, (max-width: 1200px) 100vw, 1200px\" \/><\/figure>\n\n\n\n<figure class=\"wp-block-image size-full\"><img loading=\"lazy\" decoding=\"async\" width=\"1200\" height=\"675\" data-id=\"8185\" src=\"https:\/\/agrarias.ufpr.br\/pgapv\/wp-content\/uploads\/sites\/39\/2026\/04\/fitopatologia-3.jpg\" alt=\"\" class=\"wp-image-8185\" style=\"aspect-ratio:4\/3\" srcset=\"https:\/\/agrarias.ufpr.br\/pgapv\/wp-content\/uploads\/sites\/39\/2026\/04\/fitopatologia-3.jpg 1200w, https:\/\/agrarias.ufpr.br\/pgapv\/wp-content\/uploads\/sites\/39\/2026\/04\/fitopatologia-3-300x169.jpg 300w, https:\/\/agrarias.ufpr.br\/pgapv\/wp-content\/uploads\/sites\/39\/2026\/04\/fitopatologia-3-1024x576.jpg 1024w, https:\/\/agrarias.ufpr.br\/pgapv\/wp-content\/uploads\/sites\/39\/2026\/04\/fitopatologia-3-768x432.jpg 768w, https:\/\/agrarias.ufpr.br\/pgapv\/wp-content\/uploads\/sites\/39\/2026\/04\/fitopatologia-3-175x98.jpg 175w, https:\/\/agrarias.ufpr.br\/pgapv\/wp-content\/uploads\/sites\/39\/2026\/04\/fitopatologia-3-75x42.jpg 75w\" sizes=\"auto, (max-width: 1200px) 100vw, 1200px\" \/><\/figure>\n\n\n\n<figure class=\"wp-block-image size-full\"><img loading=\"lazy\" decoding=\"async\" width=\"1200\" height=\"675\" data-id=\"8192\" src=\"https:\/\/agrarias.ufpr.br\/pgapv\/wp-content\/uploads\/sites\/39\/2026\/04\/fitopatologia-4.jpg\" alt=\"\" class=\"wp-image-8192\" style=\"aspect-ratio:4\/3\" srcset=\"https:\/\/agrarias.ufpr.br\/pgapv\/wp-content\/uploads\/sites\/39\/2026\/04\/fitopatologia-4.jpg 1200w, https:\/\/agrarias.ufpr.br\/pgapv\/wp-content\/uploads\/sites\/39\/2026\/04\/fitopatologia-4-300x169.jpg 300w, https:\/\/agrarias.ufpr.br\/pgapv\/wp-content\/uploads\/sites\/39\/2026\/04\/fitopatologia-4-1024x576.jpg 1024w, https:\/\/agrarias.ufpr.br\/pgapv\/wp-content\/uploads\/sites\/39\/2026\/04\/fitopatologia-4-768x432.jpg 768w, https:\/\/agrarias.ufpr.br\/pgapv\/wp-content\/uploads\/sites\/39\/2026\/04\/fitopatologia-4-175x98.jpg 175w, https:\/\/agrarias.ufpr.br\/pgapv\/wp-content\/uploads\/sites\/39\/2026\/04\/fitopatologia-4-75x42.jpg 75w\" sizes=\"auto, (max-width: 1200px) 100vw, 1200px\" \/><\/figure>\n\n\n\n<figure class=\"wp-block-image size-full\"><img loading=\"lazy\" decoding=\"async\" width=\"1200\" height=\"675\" data-id=\"8183\" src=\"https:\/\/agrarias.ufpr.br\/pgapv\/wp-content\/uploads\/sites\/39\/2026\/04\/fitopatologia-5.jpg\" alt=\"\" class=\"wp-image-8183\" style=\"aspect-ratio:4\/3\" srcset=\"https:\/\/agrarias.ufpr.br\/pgapv\/wp-content\/uploads\/sites\/39\/2026\/04\/fitopatologia-5.jpg 1200w, https:\/\/agrarias.ufpr.br\/pgapv\/wp-content\/uploads\/sites\/39\/2026\/04\/fitopatologia-5-300x169.jpg 300w, https:\/\/agrarias.ufpr.br\/pgapv\/wp-content\/uploads\/sites\/39\/2026\/04\/fitopatologia-5-1024x576.jpg 1024w, https:\/\/agrarias.ufpr.br\/pgapv\/wp-content\/uploads\/sites\/39\/2026\/04\/fitopatologia-5-768x432.jpg 768w, https:\/\/agrarias.ufpr.br\/pgapv\/wp-content\/uploads\/sites\/39\/2026\/04\/fitopatologia-5-175x98.jpg 175w, https:\/\/agrarias.ufpr.br\/pgapv\/wp-content\/uploads\/sites\/39\/2026\/04\/fitopatologia-5-75x42.jpg 75w\" sizes=\"auto, (max-width: 1200px) 100vw, 1200px\" \/><\/figure>\n\n\n\n<figure class=\"wp-block-image size-full\"><img loading=\"lazy\" decoding=\"async\" width=\"1200\" height=\"675\" data-id=\"8189\" src=\"https:\/\/agrarias.ufpr.br\/pgapv\/wp-content\/uploads\/sites\/39\/2026\/04\/fitopatologia-6.jpg\" alt=\"\" class=\"wp-image-8189\" style=\"aspect-ratio:4\/3\" srcset=\"https:\/\/agrarias.ufpr.br\/pgapv\/wp-content\/uploads\/sites\/39\/2026\/04\/fitopatologia-6.jpg 1200w, https:\/\/agrarias.ufpr.br\/pgapv\/wp-content\/uploads\/sites\/39\/2026\/04\/fitopatologia-6-300x169.jpg 300w, https:\/\/agrarias.ufpr.br\/pgapv\/wp-content\/uploads\/sites\/39\/2026\/04\/fitopatologia-6-1024x576.jpg 1024w, https:\/\/agrarias.ufpr.br\/pgapv\/wp-content\/uploads\/sites\/39\/2026\/04\/fitopatologia-6-768x432.jpg 768w, https:\/\/agrarias.ufpr.br\/pgapv\/wp-content\/uploads\/sites\/39\/2026\/04\/fitopatologia-6-175x98.jpg 175w, https:\/\/agrarias.ufpr.br\/pgapv\/wp-content\/uploads\/sites\/39\/2026\/04\/fitopatologia-6-75x42.jpg 75w\" sizes=\"auto, (max-width: 1200px) 100vw, 1200px\" \/><\/figure>\n\n\n\n<figure class=\"wp-block-image size-full\"><img loading=\"lazy\" decoding=\"async\" width=\"1200\" height=\"675\" data-id=\"8186\" src=\"https:\/\/agrarias.ufpr.br\/pgapv\/wp-content\/uploads\/sites\/39\/2026\/04\/fitopatologia-7.jpg\" alt=\"\" class=\"wp-image-8186\" style=\"aspect-ratio:4\/3\" srcset=\"https:\/\/agrarias.ufpr.br\/pgapv\/wp-content\/uploads\/sites\/39\/2026\/04\/fitopatologia-7.jpg 1200w, https:\/\/agrarias.ufpr.br\/pgapv\/wp-content\/uploads\/sites\/39\/2026\/04\/fitopatologia-7-300x169.jpg 300w, https:\/\/agrarias.ufpr.br\/pgapv\/wp-content\/uploads\/sites\/39\/2026\/04\/fitopatologia-7-1024x576.jpg 1024w, https:\/\/agrarias.ufpr.br\/pgapv\/wp-content\/uploads\/sites\/39\/2026\/04\/fitopatologia-7-768x432.jpg 768w, https:\/\/agrarias.ufpr.br\/pgapv\/wp-content\/uploads\/sites\/39\/2026\/04\/fitopatologia-7-175x98.jpg 175w, https:\/\/agrarias.ufpr.br\/pgapv\/wp-content\/uploads\/sites\/39\/2026\/04\/fitopatologia-7-75x42.jpg 75w\" sizes=\"auto, (max-width: 1200px) 100vw, 1200px\" \/><\/figure>\n\n\n\n<figure class=\"wp-block-image size-full\"><img loading=\"lazy\" decoding=\"async\" width=\"1200\" height=\"675\" data-id=\"8193\" src=\"https:\/\/agrarias.ufpr.br\/pgapv\/wp-content\/uploads\/sites\/39\/2026\/04\/fitopatologia-8.jpg\" alt=\"\" class=\"wp-image-8193\" style=\"aspect-ratio:4\/3\" srcset=\"https:\/\/agrarias.ufpr.br\/pgapv\/wp-content\/uploads\/sites\/39\/2026\/04\/fitopatologia-8.jpg 1200w, https:\/\/agrarias.ufpr.br\/pgapv\/wp-content\/uploads\/sites\/39\/2026\/04\/fitopatologia-8-300x169.jpg 300w, https:\/\/agrarias.ufpr.br\/pgapv\/wp-content\/uploads\/sites\/39\/2026\/04\/fitopatologia-8-1024x576.jpg 1024w, https:\/\/agrarias.ufpr.br\/pgapv\/wp-content\/uploads\/sites\/39\/2026\/04\/fitopatologia-8-768x432.jpg 768w, https:\/\/agrarias.ufpr.br\/pgapv\/wp-content\/uploads\/sites\/39\/2026\/04\/fitopatologia-8-175x98.jpg 175w, https:\/\/agrarias.ufpr.br\/pgapv\/wp-content\/uploads\/sites\/39\/2026\/04\/fitopatologia-8-75x42.jpg 75w\" sizes=\"auto, (max-width: 1200px) 100vw, 1200px\" \/><\/figure>\n\n\n\n<figure class=\"wp-block-image size-full\"><img loading=\"lazy\" decoding=\"async\" width=\"1200\" height=\"675\" data-id=\"8188\" src=\"https:\/\/agrarias.ufpr.br\/pgapv\/wp-content\/uploads\/sites\/39\/2026\/04\/fitopatologia-9.jpg\" alt=\"\" class=\"wp-image-8188\" style=\"aspect-ratio:4\/3\" srcset=\"https:\/\/agrarias.ufpr.br\/pgapv\/wp-content\/uploads\/sites\/39\/2026\/04\/fitopatologia-9.jpg 1200w, https:\/\/agrarias.ufpr.br\/pgapv\/wp-content\/uploads\/sites\/39\/2026\/04\/fitopatologia-9-300x169.jpg 300w, https:\/\/agrarias.ufpr.br\/pgapv\/wp-content\/uploads\/sites\/39\/2026\/04\/fitopatologia-9-1024x576.jpg 1024w, https:\/\/agrarias.ufpr.br\/pgapv\/wp-content\/uploads\/sites\/39\/2026\/04\/fitopatologia-9-768x432.jpg 768w, https:\/\/agrarias.ufpr.br\/pgapv\/wp-content\/uploads\/sites\/39\/2026\/04\/fitopatologia-9-175x98.jpg 175w, https:\/\/agrarias.ufpr.br\/pgapv\/wp-content\/uploads\/sites\/39\/2026\/04\/fitopatologia-9-75x42.jpg 75w\" sizes=\"auto, (max-width: 1200px) 100vw, 1200px\" \/><\/figure>\n\n\n\n<figure class=\"wp-block-image size-full\"><img loading=\"lazy\" decoding=\"async\" width=\"1200\" height=\"675\" data-id=\"8184\" src=\"https:\/\/agrarias.ufpr.br\/pgapv\/wp-content\/uploads\/sites\/39\/2026\/04\/fitopatologia-10.jpg\" alt=\"\" class=\"wp-image-8184\" style=\"aspect-ratio:4\/3\" srcset=\"https:\/\/agrarias.ufpr.br\/pgapv\/wp-content\/uploads\/sites\/39\/2026\/04\/fitopatologia-10.jpg 1200w, https:\/\/agrarias.ufpr.br\/pgapv\/wp-content\/uploads\/sites\/39\/2026\/04\/fitopatologia-10-300x169.jpg 300w, https:\/\/agrarias.ufpr.br\/pgapv\/wp-content\/uploads\/sites\/39\/2026\/04\/fitopatologia-10-1024x576.jpg 1024w, https:\/\/agrarias.ufpr.br\/pgapv\/wp-content\/uploads\/sites\/39\/2026\/04\/fitopatologia-10-768x432.jpg 768w, https:\/\/agrarias.ufpr.br\/pgapv\/wp-content\/uploads\/sites\/39\/2026\/04\/fitopatologia-10-175x98.jpg 175w, https:\/\/agrarias.ufpr.br\/pgapv\/wp-content\/uploads\/sites\/39\/2026\/04\/fitopatologia-10-75x42.jpg 75w\" sizes=\"auto, (max-width: 1200px) 100vw, 1200px\" \/><\/figure>\n\n\n\n<figure class=\"wp-block-image size-full\"><img loading=\"lazy\" decoding=\"async\" width=\"1200\" height=\"675\" data-id=\"8190\" src=\"https:\/\/agrarias.ufpr.br\/pgapv\/wp-content\/uploads\/sites\/39\/2026\/04\/fitopatologia-11.jpg\" alt=\"\" class=\"wp-image-8190\" style=\"aspect-ratio:4\/3\" srcset=\"https:\/\/agrarias.ufpr.br\/pgapv\/wp-content\/uploads\/sites\/39\/2026\/04\/fitopatologia-11.jpg 1200w, https:\/\/agrarias.ufpr.br\/pgapv\/wp-content\/uploads\/sites\/39\/2026\/04\/fitopatologia-11-300x169.jpg 300w, https:\/\/agrarias.ufpr.br\/pgapv\/wp-content\/uploads\/sites\/39\/2026\/04\/fitopatologia-11-1024x576.jpg 1024w, https:\/\/agrarias.ufpr.br\/pgapv\/wp-content\/uploads\/sites\/39\/2026\/04\/fitopatologia-11-768x432.jpg 768w, https:\/\/agrarias.ufpr.br\/pgapv\/wp-content\/uploads\/sites\/39\/2026\/04\/fitopatologia-11-175x98.jpg 175w, https:\/\/agrarias.ufpr.br\/pgapv\/wp-content\/uploads\/sites\/39\/2026\/04\/fitopatologia-11-75x42.jpg 75w\" sizes=\"auto, (max-width: 1200px) 100vw, 1200px\" \/><\/figure>\n<\/figure>\n","protected":false},"excerpt":{"rendered":"<p>Interesses de pesquisa Laborat\u00f3rio fornece apoio \u00e0s disciplinas de gradua\u00e7\u00e3o e p\u00f3s-gradua\u00e7\u00e3o envolvendo o tema Fitopatologia, sendo utilizado por estudantes, professores e colaboradores. Disciplinas que utilizam o laborat\u00f3rio: Fitopatologia Geral, Fitopatologia Especial, Fitossanidade Florestal, Nematologia Agr\u00edcola e Introdu\u00e7\u00e3o \u00e0 Pesquisa em Fitopatologia (Gradua\u00e7\u00e3o). Controle Qu\u00edmico de&nbsp;doen\u00e7as de plantas, Fungos Fitopatog\u00eanicos, Epidemiologia para o Manejo de [&hellip;]<\/p>\n","protected":false},"author":3,"featured_media":0,"parent":0,"menu_order":0,"comment_status":"closed","ping_status":"closed","template":"","meta":{"footnotes":""},"class_list":["post-514","page","type-page","status-publish","hentry"],"_links":{"self":[{"href":"https:\/\/agrarias.ufpr.br\/pgapv\/wp-json\/wp\/v2\/pages\/514","targetHints":{"allow":["GET"]}}],"collection":[{"href":"https:\/\/agrarias.ufpr.br\/pgapv\/wp-json\/wp\/v2\/pages"}],"about":[{"href":"https:\/\/agrarias.ufpr.br\/pgapv\/wp-json\/wp\/v2\/types\/page"}],"author":[{"embeddable":true,"href":"https:\/\/agrarias.ufpr.br\/pgapv\/wp-json\/wp\/v2\/users\/3"}],"replies":[{"embeddable":true,"href":"https:\/\/agrarias.ufpr.br\/pgapv\/wp-json\/wp\/v2\/comments?post=514"}],"version-history":[{"count":9,"href":"https:\/\/agrarias.ufpr.br\/pgapv\/wp-json\/wp\/v2\/pages\/514\/revisions"}],"predecessor-version":[{"id":8194,"href":"https:\/\/agrarias.ufpr.br\/pgapv\/wp-json\/wp\/v2\/pages\/514\/revisions\/8194"}],"wp:attachment":[{"href":"https:\/\/agrarias.ufpr.br\/pgapv\/wp-json\/wp\/v2\/media?parent=514"}],"curies":[{"name":"wp","href":"https:\/\/api.w.org\/{rel}","templated":true}]}}