{"id":4043,"date":"2021-04-07T12:53:03","date_gmt":"2021-04-07T12:53:03","guid":{"rendered":"https:\/\/agrarias.ufpr.br\/pgapv\/?page_id=4043"},"modified":"2021-04-07T13:08:36","modified_gmt":"2021-04-07T13:08:36","slug":"2017-doutorado","status":"publish","type":"page","link":"https:\/\/agrarias.ufpr.br\/pgapv\/2017-doutorado\/","title":{"rendered":"2017 &#8211; Doutorado"},"content":{"rendered":"<p><a href=\"https:\/\/agrarias.ufpr.br\/pgapv\/producao-vegetal-em-sistemas-integrados-2017d\/\">Produ\u00e7\u00e3o Vegetal em Sistemas Integrados<\/a><\/p>\n<p><a href=\"https:\/\/agrarias.ufpr.br\/pgapv\/manejo-de-culturas-2017d\/\">Manejo de Culturas<\/a><\/p>\n<p><a href=\"https:\/\/agrarias.ufpr.br\/pgapv\/manejo-em-fitossanidade-e-impacto-ambiental-2017d\/\">Manejo em Fitossanidade e Impacto Ambiental<\/a><\/p>\n<p><a href=\"https:\/\/agrarias.ufpr.br\/pgapv\/morfogenese-e-biotecnologia-de-plantas-2017d\/\">Morfog\u00eanese e Biotecnologia Vegetal<\/a><\/p>\n","protected":false},"excerpt":{"rendered":"<p>Produ\u00e7\u00e3o Vegetal em Sistemas Integrados Manejo de Culturas Manejo em Fitossanidade e Impacto Ambiental Morfog\u00eanese e Biotecnologia Vegetal<\/p>\n","protected":false},"author":10269,"featured_media":0,"parent":0,"menu_order":0,"comment_status":"closed","ping_status":"closed","template":"","meta":{"footnotes":""},"class_list":["post-4043","page","type-page","status-publish","hentry"],"_links":{"self":[{"href":"https:\/\/agrarias.ufpr.br\/pgapv\/wp-json\/wp\/v2\/pages\/4043","targetHints":{"allow":["GET"]}}],"collection":[{"href":"https:\/\/agrarias.ufpr.br\/pgapv\/wp-json\/wp\/v2\/pages"}],"about":[{"href":"https:\/\/agrarias.ufpr.br\/pgapv\/wp-json\/wp\/v2\/types\/page"}],"author":[{"embeddable":true,"href":"https:\/\/agrarias.ufpr.br\/pgapv\/wp-json\/wp\/v2\/users\/10269"}],"replies":[{"embeddable":true,"href":"https:\/\/agrarias.ufpr.br\/pgapv\/wp-json\/wp\/v2\/comments?post=4043"}],"version-history":[{"count":2,"href":"https:\/\/agrarias.ufpr.br\/pgapv\/wp-json\/wp\/v2\/pages\/4043\/revisions"}],"predecessor-version":[{"id":4064,"href":"https:\/\/agrarias.ufpr.br\/pgapv\/wp-json\/wp\/v2\/pages\/4043\/revisions\/4064"}],"wp:attachment":[{"href":"https:\/\/agrarias.ufpr.br\/pgapv\/wp-json\/wp\/v2\/media?parent=4043"}],"curies":[{"name":"wp","href":"https:\/\/api.w.org\/{rel}","templated":true}]}}