{"id":3825,"date":"2021-03-09T13:03:27","date_gmt":"2021-03-09T13:03:27","guid":{"rendered":"https:\/\/agrarias.ufpr.br\/pgapv\/?page_id=3825"},"modified":"2021-04-07T12:23:40","modified_gmt":"2021-04-07T12:23:40","slug":"morfogenese-e-biotecnologia-vegetal-2018","status":"publish","type":"page","link":"https:\/\/agrarias.ufpr.br\/pgapv\/morfogenese-e-biotecnologia-vegetal-2018\/","title":{"rendered":"Morfog\u00eanese e Biotecnologia Vegetal &#8211; 2018"},"content":{"rendered":"<table style=\"height: 82px;width: 101.25%;border-collapse: collapse;border-style: dotted\" border=\"1\">\n<tbody>\n<tr style=\"height: 24px\">\n<td style=\"width: 100.773%;height: 24px;text-align: center\" colspan=\"3\"><span style=\"font-size: 10pt\"><span style=\"font-size: 12pt;color: #008000\"><strong>MORFOG\u00caNESE E BIOTECNOLOGIA DE PLANTAS<\/strong><\/span><\/span><\/td>\n<\/tr>\n<tr style=\"height: 48px\">\n<td style=\"width: 26.8381%;height: 48px\"><span style=\"font-size: 12pt\">Juliane Borella<\/span><\/td>\n<td style=\"width: 44.8866%;height: 48px;text-align: justify\"><span style=\"font-size: 12pt\"><a href=\"https:\/\/www.prppg.ufpr.br\/siga\/visitante\/gerenciadownload?op=download&amp;doc=42719_2018_24_46_2_(.*)&amp;idPessoal=42719&amp;idPrograma=40001016031P6&amp;nivelP=Pessoal&amp;isMatch=false\">CARACTERES AGRON\u00d4MICOS NO PROCESSO DE SELE\u00c7\u00c3O CLONAL EM CANA ENERGIA<\/a><\/span><\/td>\n<td style=\"width: 29.0485%;height: 48px\"><span style=\"font-size: 12pt\">&nbsp;<a href=\"https:\/\/agrarias.ufpr.br\/pgapv\/joao-carlos-bespalhok-filho\/\">Dr. Jo\u00e3o Carlos Bespalhok Filho<\/a><\/span><\/td>\n<\/tr>\n<tr style=\"height: 72px\">\n<td style=\"width: 26.8381%;height: 61px\"><span style=\"font-size: 12pt\">Rodrigo dos Santos<\/span><\/td>\n<td style=\"width: 44.8866%;height: 61px;text-align: justify\"><span style=\"font-size: 12pt\"><a href=\"https:\/\/www.prppg.ufpr.br\/siga\/visitante\/gerenciadownload?op=download&amp;doc=37871_2018_24_53_2_(.*)&amp;idPessoal=37871&amp;idPrograma=40001016031P6&amp;nivelP=Pessoal&amp;isMatch=false\">CARACTERIZA\u00c7\u00c3O DE LINHAGENS PROMISSORAS DE MILHO<\/a><\/span><\/td>\n<td style=\"width: 29.0485%;height: 61px\"><span style=\"font-size: 12pt\">&nbsp;<a href=\"https:\/\/agrarias.ufpr.br\/pgapv\/joao-carlos-bespalhok-filho\/\">Dr. Jo\u00e3o Carlos Bespalhok Filho<\/a><\/span><\/td>\n<\/tr>\n<tr style=\"height: 72px\">\n<td style=\"width: 26.8381%;height: 58px\"><span style=\"font-size: 12pt\">Fabricia Lorrane Rodrigues Oliveira<\/span><\/td>\n<td style=\"width: 44.8866%;height: 58px;text-align: justify\"><span style=\"font-size: 12pt\"><a href=\"https:\/\/www.prppg.ufpr.br\/siga\/visitante\/gerenciadownload?op=download&amp;doc=42732_2018_24_49_2_(.*)&amp;idPessoal=42732&amp;idPrograma=40001016031P6&amp;nivelP=Pessoal&amp;isMatch=false\">EMBRIOG\u00caNESE SOM\u00c1TICA EM JABUTICABEIRA (PLINIA CAULIFLORA (MART.) KAUSEL).<\/a><\/span><\/td>\n<td style=\"width: 29.0485%;height: 58px\"><span style=\"font-size: 12pt\">&nbsp;<a href=\"https:\/\/agrarias.ufpr.br\/pgapv\/marguerite-germaine-ghislaine-quoirin-2\/\">Dra. Marguerite Germaine Ghislaine&nbsp; &nbsp; &nbsp;Quoirin<\/a><\/span><\/td>\n<\/tr>\n<tr style=\"height: 48px\">\n<td style=\"width: 26.8381%;height: 48px\"><span style=\"font-size: 12pt\">Leandro Marcolino Vieira<\/span><\/td>\n<td style=\"width: 44.8866%;height: 48px;text-align: justify\"><span style=\"font-size: 12pt\"><a href=\"https:\/\/www.prppg.ufpr.br\/siga\/visitante\/gerenciadownload?op=download&amp;doc=42720_2018_24_57_2_(.*)&amp;idPessoal=42720&amp;idPrograma=40001016031P6&amp;nivelP=Pessoal&amp;isMatch=false\">PRODU\u00c7\u00c3O DE MUDAS DE ARAUCARIA ANGUSTIFOLIA (BERTOL.) KUNTZE EM AGROPOTE<\/a><\/span><\/td>\n<td style=\"width: 29.0485%;height: 48px\"><span style=\"font-size: 12pt\"><a href=\"https:\/\/agrarias.ufpr.br\/pgapv\/flavio-zanette\/\">Dr. Fl\u00e1vio Zanette<\/a><\/span><\/td>\n<\/tr>\n<\/tbody>\n<\/table>\n","protected":false},"excerpt":{"rendered":"<p>MORFOG\u00caNESE E BIOTECNOLOGIA DE PLANTAS Juliane Borella CARACTERES AGRON\u00d4MICOS NO PROCESSO DE SELE\u00c7\u00c3O CLONAL EM CANA ENERGIA &nbsp;Dr. Jo\u00e3o Carlos Bespalhok Filho Rodrigo dos Santos CARACTERIZA\u00c7\u00c3O DE LINHAGENS PROMISSORAS DE MILHO &nbsp;Dr. Jo\u00e3o Carlos Bespalhok Filho Fabricia Lorrane Rodrigues Oliveira EMBRIOG\u00caNESE SOM\u00c1TICA EM JABUTICABEIRA (PLINIA CAULIFLORA (MART.) KAUSEL). &nbsp;Dra. Marguerite Germaine Ghislaine&nbsp; &nbsp; &nbsp;Quoirin Leandro Marcolino Vieira PRODU\u00c7\u00c3O DE MUDAS DE ARAUCARIA ANGUSTIFOLIA (BERTOL.) KUNTZE EM AGROPOTE Dr. Fl\u00e1vio Zanette<\/p>\n","protected":false},"author":10269,"featured_media":0,"parent":0,"menu_order":0,"comment_status":"closed","ping_status":"closed","template":"","meta":{"footnotes":""},"class_list":["post-3825","page","type-page","status-publish","hentry"],"_links":{"self":[{"href":"https:\/\/agrarias.ufpr.br\/pgapv\/wp-json\/wp\/v2\/pages\/3825","targetHints":{"allow":["GET"]}}],"collection":[{"href":"https:\/\/agrarias.ufpr.br\/pgapv\/wp-json\/wp\/v2\/pages"}],"about":[{"href":"https:\/\/agrarias.ufpr.br\/pgapv\/wp-json\/wp\/v2\/types\/page"}],"author":[{"embeddable":true,"href":"https:\/\/agrarias.ufpr.br\/pgapv\/wp-json\/wp\/v2\/users\/10269"}],"replies":[{"embeddable":true,"href":"https:\/\/agrarias.ufpr.br\/pgapv\/wp-json\/wp\/v2\/comments?post=3825"}],"version-history":[{"count":4,"href":"https:\/\/agrarias.ufpr.br\/pgapv\/wp-json\/wp\/v2\/pages\/3825\/revisions"}],"predecessor-version":[{"id":4038,"href":"https:\/\/agrarias.ufpr.br\/pgapv\/wp-json\/wp\/v2\/pages\/3825\/revisions\/4038"}],"wp:attachment":[{"href":"https:\/\/agrarias.ufpr.br\/pgapv\/wp-json\/wp\/v2\/media?parent=3825"}],"curies":[{"name":"wp","href":"https:\/\/api.w.org\/{rel}","templated":true}]}}