{"id":3526,"date":"2021-03-01T14:02:30","date_gmt":"2021-03-01T14:02:30","guid":{"rendered":"https:\/\/agrarias.ufpr.br\/pgapv\/?page_id=3526"},"modified":"2026-02-04T12:34:43","modified_gmt":"2026-02-04T12:34:43","slug":"agro-7037-topicos-especiais-iii-toxicologia-de-agrotoxicos-e-metodos-alternativos-no-controle-de-insetos-praga","status":"publish","type":"page","link":"https:\/\/agrarias.ufpr.br\/pgapv\/agro-7037-topicos-especiais-iii-toxicologia-de-agrotoxicos-e-metodos-alternativos-no-controle-de-insetos-praga\/","title":{"rendered":"AGRO 7037 &#8211; T\u00f3picos Especiais III\u00a0 &#8211;\u00a0Toxicologia de Agrot\u00f3xicos e M\u00e9todos Alternativos no Controle de Insetos-Praga"},"content":{"rendered":"\n<p><strong>N\u00edvel<\/strong><\/p>\n\n\n\n<p>Mestrado\/Doutorado<\/p>\n\n\n\n<p><strong>Natureza<\/strong><\/p>\n\n\n\n<p>Concentrada&nbsp; &nbsp; &nbsp; &nbsp; &nbsp; &nbsp; &nbsp; &nbsp; &nbsp; &nbsp; &nbsp; &nbsp; &nbsp; &nbsp; &nbsp; &nbsp; &nbsp; &nbsp; &nbsp; &nbsp; &nbsp; &nbsp; &nbsp; &nbsp; &nbsp; &nbsp; &nbsp; &nbsp; &nbsp; &nbsp; &nbsp; &nbsp; &nbsp; &nbsp; &nbsp; &nbsp; &nbsp; &nbsp; &nbsp; &nbsp; &nbsp; &nbsp; &nbsp; &nbsp; &nbsp; &nbsp; &nbsp; &nbsp;<\/p>\n\n\n\n<p><strong>Cr\u00e9ditos<\/strong><\/p>\n\n\n\n<p>03<\/p>\n\n\n\n<p><strong>Carga hor\u00e1ria<\/strong><\/p>\n\n\n\n<p>45 horas&nbsp; &nbsp; &nbsp; &nbsp; &nbsp; &nbsp; &nbsp; &nbsp;&nbsp;<\/p>\n\n\n\n<p><strong>Ementa<\/strong><\/p>\n\n\n\n<p>Conceitos sobre toxicologia de agrot\u00f3xicos; Divis\u00f5es da Toxicologia, finalidade e import\u00e2ncia; Mecanismos das intoxica\u00e7\u00f5es; Impacto Ambiental dos Agrot\u00f3xicos; Principais vias de exposi\u00e7\u00e3o; Atualiza\u00e7\u00e3o da Legisla\u00e7\u00e3o Federal de Agrot\u00f3xicos e afins; M\u00e9todos alternativos de controle de pragas; Bases ecol\u00f3gicas do manejo integrado de pragas; resist\u00eancia de plantas a insetos; controle por comportamento; Uso de ess\u00eancias bot\u00e2nicas; t\u00e9cnica de controle de insetos baseada em fundamentos agroecol\u00f3gicos.<\/p>\n\n\n\n<p><strong>Semestre<\/strong><\/p>\n\n\n\n<p>2\u00ba&nbsp;<\/p>\n\n\n\n<p><strong>Dia\/Hor\u00e1rio<\/strong><\/p>\n\n\n\n<p>A definir<\/p>\n\n\n\n<p><strong>Docente<\/strong><\/p>\n\n\n\n<p><a href=\"https:\/\/agrarias.ufpr.br\/pgapv\/joatan-machado-da-rosa\/\">Joatan Machado da Rosa<\/a><\/p>\n\n\n\n<p><strong>Bibliografia Recomendada<\/strong><\/p>\n\n\n\n<p>AZEVEDO, F. A.; CHASIN, A. M. As bases toxicol\u00f3gicas da Ecotoxicologia. S\u00e3o Paulo: Rima, 2003. 322 p.<\/p>\n\n\n\n<p>CAVALCANTI, L.S.; DI PIERO, R.M.; CIA, P.; PASCHOLATI, S.F.; RESENDE, M.L.V.; ROMEIRO, R.S. Indu\u00e7\u00e3o de resist\u00eancia em plantas a pat\u00f3genos e insetos. Piracicaba: FEALQ, 2005. v.13, p.155-165.<\/p>\n\n\n\n<p>GLIESSMAN, S.R. Agroecologia: Processos ecol\u00f3gicos em agricultura sustent\u00e1vel. Porto Alegre, Universidade Federal do Rio Grande do Sul, 2000. 653p.&nbsp;<\/p>\n\n\n\n<p>HODGSON, Ernest; ROSE, Randy L. Metabolic interactions of agrochemicals in humans. Pest Management Science: formerly Pesticide Science, v. 64, n. 6, p. 617-621, 2008.<\/p>\n\n\n\n<p>KRIEGER, R. Handbook of pesticide toxicology. 3 ed. Academic Press, 2010. 2000 p. vol.2.<\/p>\n\n\n\n<p>NAKANO, O. Entomologia Econ\u00f4mica. S\u00e3o Paulo\/SP: Livroceres, 2011.<\/p>\n\n\n\n<p>OKUYAMA, Julia Hiromi Hori; GALV\u00c3O, Ta\u00eds Freire; SILVA, Marcus Tolentino. Intoxica\u00e7\u00f5es e fatores associados ao \u00f3bito por agrot\u00f3xicos: estudo caso controle, Brasil, 2017. Revista Brasileira de Epidemiologia, v. 23, p. e200024, 2020.<\/p>\n\n\n\n<p>PANIZZI, A. R.; PARRA J. R. P. (Org.). Bioecologia e nutri\u00e7\u00e3o de insetos base para o manejo integrado de pragas. Bras\u00edlia, DF: Embrapa, 2009, 1.164 p.<\/p>\n\n\n\n<p>TERRY, C.. Implementing a framework for integrating toxicokinetics into human health risk assessment for agrochemicals. Regulatory Toxicology and Pharmacology, v. 75, p. 89-104, 2016.<\/p>\n\n\n\n<p>VENZON, M.; PAULA J\u00daNIOR, T.J.; PALLINI, A. Avan\u00e7os no controle alternativo de pragas e doen\u00e7as. Vi\u00e7osa: Ed. EPAMIG-CTZM, 2008. p.237-257.<\/p>\n","protected":false},"excerpt":{"rendered":"<p>N\u00edvel Mestrado\/Doutorado Natureza Concentrada&nbsp; &nbsp; &nbsp; &nbsp; &nbsp; &nbsp; &nbsp; &nbsp; &nbsp; &nbsp; &nbsp; &nbsp; &nbsp; &nbsp; &nbsp; &nbsp; &nbsp; &nbsp; &nbsp; &nbsp; &nbsp; &nbsp; &nbsp; &nbsp; &nbsp; &nbsp; &nbsp; &nbsp; &nbsp; &nbsp; &nbsp; &nbsp; &nbsp; &nbsp; &nbsp; &nbsp; &nbsp; &nbsp; &nbsp; &nbsp; &nbsp; &nbsp; &nbsp; &nbsp; &nbsp; &nbsp; &nbsp; &nbsp; Cr\u00e9ditos 03 Carga hor\u00e1ria [&hellip;]<\/p>\n","protected":false},"author":10266,"featured_media":0,"parent":0,"menu_order":0,"comment_status":"closed","ping_status":"closed","template":"","meta":{"footnotes":""},"class_list":["post-3526","page","type-page","status-publish","hentry"],"_links":{"self":[{"href":"https:\/\/agrarias.ufpr.br\/pgapv\/wp-json\/wp\/v2\/pages\/3526","targetHints":{"allow":["GET"]}}],"collection":[{"href":"https:\/\/agrarias.ufpr.br\/pgapv\/wp-json\/wp\/v2\/pages"}],"about":[{"href":"https:\/\/agrarias.ufpr.br\/pgapv\/wp-json\/wp\/v2\/types\/page"}],"author":[{"embeddable":true,"href":"https:\/\/agrarias.ufpr.br\/pgapv\/wp-json\/wp\/v2\/users\/10266"}],"replies":[{"embeddable":true,"href":"https:\/\/agrarias.ufpr.br\/pgapv\/wp-json\/wp\/v2\/comments?post=3526"}],"version-history":[{"count":2,"href":"https:\/\/agrarias.ufpr.br\/pgapv\/wp-json\/wp\/v2\/pages\/3526\/revisions"}],"predecessor-version":[{"id":7655,"href":"https:\/\/agrarias.ufpr.br\/pgapv\/wp-json\/wp\/v2\/pages\/3526\/revisions\/7655"}],"wp:attachment":[{"href":"https:\/\/agrarias.ufpr.br\/pgapv\/wp-json\/wp\/v2\/media?parent=3526"}],"curies":[{"name":"wp","href":"https:\/\/api.w.org\/{rel}","templated":true}]}}

AGRO 7037 &#8211; Tópicos Especiais III  &#8211; Toxicologia de Agrotóxicos e Métodos Alternativos no Controle de Insetos-Praga

<p><strong>Nível</strong></p>



<p>Mestrado/Doutorado</p>



<p><strong>Natureza</strong></p>



<p>Concentrada&nbsp; &nbsp; &nbsp; &nbsp; &nbsp; &nbsp; &nbsp; &nbsp; &nbsp; &nbsp; &nbsp; &nbsp; &nbsp; &nbsp; &nbsp; &nbsp; &nbsp; &nbsp; &nbsp; &nbsp; &nbsp; &nbsp; &nbsp; &nbsp; &nbsp; &nbsp; &nbsp; &nbsp; &nbsp; &nbsp; &nbsp; &nbsp; &nbsp; &nbsp; &nbsp; &nbsp; &nbsp; &nbsp; &nbsp; &nbsp; &nbsp; &nbsp; &nbsp; &nbsp; &nbsp; &nbsp; &nbsp; &nbsp;</p>



<p><strong>Créditos</strong></p>



<p>03</p>



<p><strong>Carga horária</strong></p>



<p>45 horas&nbsp; &nbsp; &nbsp; &nbsp; &nbsp; &nbsp; &nbsp; &nbsp;&nbsp;</p>



<p><strong>Ementa</strong></p>



<p>Conceitos sobre toxicologia de agrotóxicos; Divisões da Toxicologia, finalidade e importância; Mecanismos das intoxicações; Impacto Ambiental dos Agrotóxicos; Principais vias de exposição; Atualização da Legislação Federal de Agrotóxicos e afins; Métodos alternativos de controle de pragas; Bases ecológicas do manejo integrado de pragas; resistência de plantas a insetos; controle por comportamento; Uso de essências botânicas; técnica de controle de insetos baseada em fundamentos agroecológicos.</p>



<p><strong>Semestre</strong></p>



<p>2º&nbsp;</p>



<p><strong>Dia/Horário</strong></p>



<p>A definir</p>



<p><strong>Docente</strong></p>



<p><a href="https://agrarias.ufpr.br/pgapv/joatan-machado-da-rosa/">Joatan Machado da Rosa</a></p>



<p><strong>Bibliografia Recomendada</strong></p>



<p>AZEVEDO, F. A.; CHASIN, A. M. As bases toxicológicas da Ecotoxicologia. São Paulo: Rima, 2003. 322 p.</p>



<p>CAVALCANTI, L.S.; DI PIERO, R.M.; CIA, P.; PASCHOLATI, S.F.; RESENDE, M.L.V.; ROMEIRO, R.S. Indução de resistência em plantas a patógenos e insetos. Piracicaba: FEALQ, 2005. v.13, p.155-165.</p>



<p>GLIESSMAN, S.R. Agroecologia: Processos ecológicos em agricultura sustentável. Porto Alegre, Universidade Federal do Rio Grande do Sul, 2000. 653p.&nbsp;</p>



<p>HODGSON, Ernest; ROSE, Randy L. Metabolic interactions of agrochemicals in humans. Pest Management Science: formerly Pesticide Science, v. 64, n. 6, p. 617-621, 2008.</p>



<p>KRIEGER, R. Handbook of pesticide toxicology. 3 ed. Academic Press, 2010. 2000 p. vol.2.</p>



<p>NAKANO, O. Entomologia Econômica. São Paulo/SP: Livroceres, 2011.</p>



<p>OKUYAMA, Julia Hiromi Hori; GALVÃO, Taís Freire; SILVA, Marcus Tolentino. Intoxicações e fatores associados ao óbito por agrotóxicos: estudo caso controle, Brasil, 2017. Revista Brasileira de Epidemiologia, v. 23, p. e200024, 2020.</p>



<p>PANIZZI, A. R.; PARRA J. R. P. (Org.). Bioecologia e nutrição de insetos base para o manejo integrado de pragas. Brasília, DF: Embrapa, 2009, 1.164 p.</p>



<p>TERRY, C.. Implementing a framework for integrating toxicokinetics into human health risk assessment for agrochemicals. Regulatory Toxicology and Pharmacology, v. 75, p. 89-104, 2016.</p>



<p>VENZON, M.; PAULA JÚNIOR, T.J.; PALLINI, A. Avanços no controle alternativo de pragas e doenças. Viçosa: Ed. EPAMIG-CTZM, 2008. p.237-257.</p>

<p>Nível Mestrado/Doutorado Natureza Concentrada&nbsp; &nbsp; &nbsp; &nbsp; &nbsp; &nbsp; &nbsp; &nbsp; &nbsp; &nbsp; &nbsp; &nbsp; &nbsp; &nbsp; &nbsp; &nbsp; &nbsp; &nbsp; &nbsp; &nbsp; &nbsp; &nbsp; &nbsp; &nbsp; &nbsp; &nbsp; &nbsp; &nbsp; &nbsp; &nbsp; &nbsp; &nbsp; &nbsp; &nbsp; &nbsp; &nbsp; &nbsp; &nbsp; &nbsp; &nbsp; &nbsp; &nbsp; &nbsp; &nbsp; &nbsp; &nbsp; &nbsp; &nbsp; Créditos 03 Carga horária [&hellip;]</p>
