{"id":3511,"date":"2021-02-26T14:35:08","date_gmt":"2021-02-26T14:35:08","guid":{"rendered":"https:\/\/agrarias.ufpr.br\/pgapv\/?page_id=3511"},"modified":"2026-02-04T14:19:21","modified_gmt":"2026-02-04T14:19:21","slug":"joatan-machado-da-rosa","status":"publish","type":"page","link":"https:\/\/agrarias.ufpr.br\/pgapv\/joatan-machado-da-rosa\/","title":{"rendered":"Joatan Machado da Rosa"},"content":{"rendered":"\n<p>Prof. Permanente<\/p>\n\n\n\n<p><strong>Forma\u00e7\u00e3o acad\u00eamica<\/strong><\/p>\n\n\n\n<p>Dr. em Fitossanidade UFPel (2016)<\/p>\n\n\n\n<p>M.Sc. em Produ\u00e7\u00e3o Vegetal UDESC (2011)<\/p>\n\n\n\n<p>Eng. Agr\u00f4nomo, UDESC (2007)<\/p>\n\n\n\n<p><strong>Linha de Pesquisa\/\u00c1rea<\/strong><\/p>\n\n\n\n<p>Prote\u00e7\u00e3o de Plantas e Seguran\u00e7a Ambiental\/Entomologia<\/p>\n\n\n\n<p>Pesquisa na \u00e1rea pragas de plantas cultivadas, com \u00eanfase em manejo de insetos-praga associados a frut\u00edferas e poliniza\u00e7\u00e3o por insetos, com abordagem em pr\u00e1ticas sustent\u00e1veis de manejo de pragas e Diversidade de insetos polinizadores em culturas de interesse.<\/p>\n\n\n\n<p><strong>Disciplinas ministradas<\/strong><\/p>\n\n\n\n<p><a href=\"https:\/\/agrarias.ufpr.br\/pgapv\/agro7016-manejo-integrado-de-pragas\/\">AGRO 7017 \u2013 Manejo Integrado de Pragas<\/a><\/p>\n\n\n\n<p><a href=\"https:\/\/agrarias.ufpr.br\/pgapv\/agro-7027-pratica-docente-i\/\">AGRO 7027 \u2013 Pr\u00e1tica Docente I<\/a><\/p>\n\n\n\n<p><a href=\"https:\/\/agrarias.ufpr.br\/pgapv\/agro7028-pratica-docente-ii\/\">AGRO 7028 \u2013 Pr\u00e1tica Docente II<\/a><\/p>\n\n\n\n<p><a href=\"https:\/\/agrarias.ufpr.br\/pgapv\/agro-7037-topicos-especiais-iii-toxicologia-de-agrotoxicos-e-metodos-alternativos-no-controle-de-insetos-praga\/\">AGRO 7037 \u2013 T\u00f3picos Especiais III&nbsp; \u2013&nbsp;Toxicologia de Agrot\u00f3xicos e M\u00e9todos Alternativos no Controle de Insetos-Praga<\/a><\/p>\n\n\n\n<p><strong>Laborat\u00f3rio<\/strong><\/p>\n\n\n\n<p><a href=\"https:\/\/agrarias.ufpr.br\/pgapv\/producao-integrada-de-morangos\/\">Laborat\u00f3rio de Entomologia Agr\u00edcola \u201cProf \u00c2ngelo Moreira da Costa Lima\u201d<\/a><\/p>\n\n\n\n<p><strong>Publica\u00e7\u00f5es<\/strong><\/p>\n\n\n\n<p><a href=\"http:\/\/lattes.cnpq.br\/7937233896246953\"><strong><img loading=\"lazy\" decoding=\"async\" class=\"alignnone wp-image-742\" src=\"https:\/\/agrarias.ufpr.br\/fitotecnia\/wp-content\/uploads\/sites\/26\/2016\/03\/icon_lattes.png\" alt=\"icon_lattes\" width=\"30\" height=\"29\">&nbsp;<\/strong><\/a><span style=\"color: #000080;\"><a style=\"color: #000080;\" href=\"http:\/\/lattes.cnpq.br\/7937233896246953\"><strong>Lattes&nbsp;<\/strong><\/a><\/span><strong><a href=\"https:\/\/www.researchgate.net\/profile\/Joatan_Rosa\"><img loading=\"lazy\" decoding=\"async\" class=\"alignnone wp-image-1136 size-full\" src=\"https:\/\/agrarias.ufpr.br\/fitotecnia\/wp-content\/uploads\/sites\/26\/2016\/03\/apple-touch-icon-180x180-e1459453504744.png\" alt=\"apple-touch-icon-180x180\" width=\"29\" height=\"29\">&nbsp;<\/a><span style=\"color: #000080;\"><a style=\"color: #000080;\" href=\"https:\/\/www.researchgate.net\/profile\/Joatan_Rosa\">Research Gate&nbsp;<\/a><\/span><a href=\"https:\/\/orcid.org\/0000-0002-1680-7525\"><img loading=\"lazy\" decoding=\"async\" class=\"alignnone wp-image-3360\" src=\"https:\/\/agrarias.ufpr.br\/pgapv\/wp-content\/uploads\/sites\/39\/2021\/02\/unnamed.jpg\" alt=\"\" width=\"93\" height=\"37\" srcset=\"https:\/\/agrarias.ufpr.br\/pgapv\/wp-content\/uploads\/sites\/39\/2021\/02\/unnamed.jpg 347w, https:\/\/agrarias.ufpr.br\/pgapv\/wp-content\/uploads\/sites\/39\/2021\/02\/unnamed-300x119.jpg 300w, https:\/\/agrarias.ufpr.br\/pgapv\/wp-content\/uploads\/sites\/39\/2021\/02\/unnamed-250x99.jpg 250w, https:\/\/agrarias.ufpr.br\/pgapv\/wp-content\/uploads\/sites\/39\/2021\/02\/unnamed-160x64.jpg 160w\" sizes=\"auto, (max-width: 93px) 100vw, 93px\" \/><\/a><\/strong><\/p>\n\n\n\n<p><strong>Contatos<\/strong><\/p>\n\n\n\n<p><img loading=\"lazy\" decoding=\"async\" class=\"alignnone wp-image-757\" src=\"https:\/\/agrarias.ufpr.br\/fitotecnia\/wp-content\/uploads\/sites\/26\/2016\/03\/email-small-.jpg\" alt=\"email small\" width=\"22\" height=\"22\">&nbsp;joatanmachado@ufpr.br\/joatanmachado@gmail.com<\/p>\n\n\n\n<p><img loading=\"lazy\" decoding=\"async\" class=\"wp-image-758 alignnone\" src=\"https:\/\/agrarias.ufpr.br\/fitotecnia\/wp-content\/uploads\/sites\/26\/2016\/03\/telefone.png\" alt=\"telefone\" width=\"22\" height=\"22\">&nbsp;+55 (41) 3361-1698<\/p>\n","protected":false},"excerpt":{"rendered":"<p>Prof. Permanente Forma\u00e7\u00e3o acad\u00eamica Dr. em Fitossanidade UFPel (2016) M.Sc. em Produ\u00e7\u00e3o Vegetal UDESC (2011) Eng. Agr\u00f4nomo, UDESC (2007) Linha de Pesquisa\/\u00c1rea Prote\u00e7\u00e3o de Plantas e Seguran\u00e7a Ambiental\/Entomologia Pesquisa na \u00e1rea pragas de plantas cultivadas, com \u00eanfase em manejo de insetos-praga associados a frut\u00edferas e poliniza\u00e7\u00e3o por insetos, com abordagem em pr\u00e1ticas sustent\u00e1veis de manejo [&hellip;]<\/p>\n","protected":false},"author":10266,"featured_media":0,"parent":0,"menu_order":0,"comment_status":"closed","ping_status":"closed","template":"","meta":{"footnotes":""},"class_list":["post-3511","page","type-page","status-publish","hentry"],"_links":{"self":[{"href":"https:\/\/agrarias.ufpr.br\/pgapv\/wp-json\/wp\/v2\/pages\/3511","targetHints":{"allow":["GET"]}}],"collection":[{"href":"https:\/\/agrarias.ufpr.br\/pgapv\/wp-json\/wp\/v2\/pages"}],"about":[{"href":"https:\/\/agrarias.ufpr.br\/pgapv\/wp-json\/wp\/v2\/types\/page"}],"author":[{"embeddable":true,"href":"https:\/\/agrarias.ufpr.br\/pgapv\/wp-json\/wp\/v2\/users\/10266"}],"replies":[{"embeddable":true,"href":"https:\/\/agrarias.ufpr.br\/pgapv\/wp-json\/wp\/v2\/comments?post=3511"}],"version-history":[{"count":12,"href":"https:\/\/agrarias.ufpr.br\/pgapv\/wp-json\/wp\/v2\/pages\/3511\/revisions"}],"predecessor-version":[{"id":7689,"href":"https:\/\/agrarias.ufpr.br\/pgapv\/wp-json\/wp\/v2\/pages\/3511\/revisions\/7689"}],"wp:attachment":[{"href":"https:\/\/agrarias.ufpr.br\/pgapv\/wp-json\/wp\/v2\/media?parent=3511"}],"curies":[{"name":"wp","href":"https:\/\/api.w.org\/{rel}","templated":true}]}}