{"id":3496,"date":"2021-02-26T14:06:33","date_gmt":"2021-02-26T14:06:33","guid":{"rendered":"https:\/\/agrarias.ufpr.br\/pgapv\/?page_id=3496"},"modified":"2026-02-04T12:53:08","modified_gmt":"2026-02-04T12:53:08","slug":"agro-7038-topicos-especiais-iv-relacao-solo-planta-e-o-animal-em-sipa","status":"publish","type":"page","link":"https:\/\/agrarias.ufpr.br\/pgapv\/agro-7038-topicos-especiais-iv-relacao-solo-planta-e-o-animal-em-sipa\/","title":{"rendered":"AGRO 7038 \u2013 T\u00f3picos Especiais IV \u2013 Rela\u00e7\u00e3o Solo &#8211; Planta e o Animal em SIPA"},"content":{"rendered":"\n<p><strong>N\u00edvel<\/strong><\/p>\n\n\n\n<p>Mestrado\/doutorado<\/p>\n\n\n\n<p><strong>Natureza<\/strong><\/p>\n\n\n\n<p>Semestral<\/p>\n\n\n\n<p><strong>Creditos<\/strong><\/p>\n\n\n\n<p>&nbsp;04<\/p>\n\n\n\n<p><strong>Carga Hor\u00e1ria<\/strong><\/p>\n\n\n\n<p>&nbsp;60 h &nbsp;<\/p>\n\n\n\n<p><strong>Ementa<\/strong><\/p>\n\n\n\n<p>Agroecossistema, ecossistema pastoril e seu funcionamento; O solo e seus atributos no contexto do agroecossistema pastoril; A acidez do solo para produ\u00e7\u00e3o de pastagens; Ciclo biogeoqu\u00edmico do f\u00f3sforo e o pot\u00e1ssio; Ciclo biogeoqu\u00edmico do nitrog\u00eanio; A mat\u00e9ria org\u00e2nica e as rela\u00e7\u00f5es do carbono em SIPA; Balan\u00e7o de nutrientes e a produ\u00e7\u00e3o do sistema; O solo e a produ\u00e7\u00e3o animal em SIPA.<\/p>\n\n\n\n<p class=\"tm20\"><strong><span class=\"Forte\">Semestre<\/span><\/strong><\/p>\n\n\n\n<p class=\"Normal_Web_ tm16\"><span class=\"tm18\">1\u00ba<\/span><\/p>\n\n\n\n<p class=\"Normal_Web_ tm16\"><strong><span class=\"tm17\">Dia\/Hor\u00e1rio<\/span><\/strong><\/p>\n\n\n\n<p class=\"Normal_Web_ tm16\"><span class=\"tm23\">A definir<\/span><\/p>\n\n\n\n<p><strong>Docente<\/strong><\/p>\n\n\n\n<p><a href=\"https:\/\/agrarias.ufpr.br\/pgapv\/leandro-bittencourt-de-oliveira\/\">Leandro Bittencourt de Oliveira<\/a><\/p>\n\n\n\n<p><strong>Bibliografia recomendada<\/strong><\/p>\n\n\n\n<p>Anghinoni I.; Carvalho P. C. F.; Costa S. E. V. G. A. Abordagem sist\u00eamica do solo em sistemas integrados de produ\u00e7\u00e3o agr\u00edcola e pecu\u00e1ria no subtr\u00f3pico Brasileiro. T\u00f3picos Ci\u00eancia do Solo, v.8, p.325-380, 2013<\/p>\n\n\n\n<p>Souza, E. D.; Silva F. D.; Assmann T. S.; Carneiro M. A. C.; Carvalho P. C. F.; Paulino H. B. Sistemas integrados de produ\u00e7\u00e3o agropecu\u00e1ria no Brasil. Tubar\u00e3o: Copiart p 187- 210, 2018<\/p>\n\n\n\n<p>Rheinheimer, D. S.; Somavilla, A.; Oliveira, L. B.; Tiecher, T. Ciclo biogeoqu\u00edmico do f\u00f3sforo, diagn\u00f3stico de disponibilidade e aduba\u00e7\u00e3o fosfatada. 1. ed. Porto Alegre: 2020. 71p.<\/p>\n\n\n\n<p>Bertol, O. J.; Filho, A. C.; Barbosa, G. M. C.; Santos, J. B.; Guimar\u00e3es, M. F. Manual de manejo e conserva\u00e7\u00e3o do solo e da \u00e1gua do estado do Paran\u00e1. 1 ed. \u2013 Curitiba, PR: N\u00facleo Estadual da Sociedade Brasileira de Ci\u00eancia do Solo \u2013 NEPAR-SBCS, 2019. 325 p.<\/p>\n\n\n\n<p>Bonetti, J. A., Fink, J. R. Manejo e conserva\u00e7\u00e3o da \u00e1gua e do solo. Editora UFLA. Lavras, MG, 2020. 151 p.<\/p>\n\n\n\n<p>Pauletti, V.; Motta, A. C. V. Manual de aduba\u00e7\u00e3o e calagem para o estado do Paran\u00e1. 2 ed. \u2013 Curitiba, PR. N\u00facleo Estadual Paran\u00e1 da Sociedade Brasileira de Ci\u00eancia do Solo \u2013 NEPAR-SBCS, 2019 289 p.<\/p>\n","protected":false},"excerpt":{"rendered":"<p>N\u00edvel Mestrado\/doutorado Natureza Semestral Creditos &nbsp;04 Carga Hor\u00e1ria &nbsp;60 h &nbsp; Ementa Agroecossistema, ecossistema pastoril e seu funcionamento; O solo e seus atributos no contexto do agroecossistema pastoril; A acidez do solo para produ\u00e7\u00e3o de pastagens; Ciclo biogeoqu\u00edmico do f\u00f3sforo e o pot\u00e1ssio; Ciclo biogeoqu\u00edmico do nitrog\u00eanio; A mat\u00e9ria org\u00e2nica e as rela\u00e7\u00f5es do carbono [&hellip;]<\/p>\n","protected":false},"author":10266,"featured_media":0,"parent":0,"menu_order":0,"comment_status":"closed","ping_status":"closed","template":"","meta":{"footnotes":""},"class_list":["post-3496","page","type-page","status-publish","hentry"],"_links":{"self":[{"href":"https:\/\/agrarias.ufpr.br\/pgapv\/wp-json\/wp\/v2\/pages\/3496","targetHints":{"allow":["GET"]}}],"collection":[{"href":"https:\/\/agrarias.ufpr.br\/pgapv\/wp-json\/wp\/v2\/pages"}],"about":[{"href":"https:\/\/agrarias.ufpr.br\/pgapv\/wp-json\/wp\/v2\/types\/page"}],"author":[{"embeddable":true,"href":"https:\/\/agrarias.ufpr.br\/pgapv\/wp-json\/wp\/v2\/users\/10266"}],"replies":[{"embeddable":true,"href":"https:\/\/agrarias.ufpr.br\/pgapv\/wp-json\/wp\/v2\/comments?post=3496"}],"version-history":[{"count":7,"href":"https:\/\/agrarias.ufpr.br\/pgapv\/wp-json\/wp\/v2\/pages\/3496\/revisions"}],"predecessor-version":[{"id":7678,"href":"https:\/\/agrarias.ufpr.br\/pgapv\/wp-json\/wp\/v2\/pages\/3496\/revisions\/7678"}],"wp:attachment":[{"href":"https:\/\/agrarias.ufpr.br\/pgapv\/wp-json\/wp\/v2\/media?parent=3496"}],"curies":[{"name":"wp","href":"https:\/\/api.w.org\/{rel}","templated":true}]}}

AGRO 7038 – Tópicos Especiais IV – Relação Solo &#8211; Planta e o Animal em SIPA

<p><strong>Nível</strong></p>



<p>Mestrado/doutorado</p>



<p><strong>Natureza</strong></p>



<p>Semestral</p>



<p><strong>Creditos</strong></p>



<p>&nbsp;04</p>



<p><strong>Carga Horária</strong></p>



<p>&nbsp;60 h &nbsp;</p>



<p><strong>Ementa</strong></p>



<p>Agroecossistema, ecossistema pastoril e seu funcionamento; O solo e seus atributos no contexto do agroecossistema pastoril; A acidez do solo para produção de pastagens; Ciclo biogeoquímico do fósforo e o potássio; Ciclo biogeoquímico do nitrogênio; A matéria orgânica e as relações do carbono em SIPA; Balanço de nutrientes e a produção do sistema; O solo e a produção animal em SIPA.</p>



<p class="tm20"><strong><span class="Forte">Semestre</span></strong></p>



<p class="Normal_Web_ tm16"><span class="tm18">1º</span></p>



<p class="Normal_Web_ tm16"><strong><span class="tm17">Dia/Horário</span></strong></p>



<p class="Normal_Web_ tm16"><span class="tm23">A definir</span></p>



<p><strong>Docente</strong></p>



<p><a href="https://agrarias.ufpr.br/pgapv/leandro-bittencourt-de-oliveira/">Leandro Bittencourt de Oliveira</a></p>



<p><strong>Bibliografia recomendada</strong></p>



<p>Anghinoni I.; Carvalho P. C. F.; Costa S. E. V. G. A. Abordagem sistêmica do solo em sistemas integrados de produção agrícola e pecuária no subtrópico Brasileiro. Tópicos Ciência do Solo, v.8, p.325-380, 2013</p>



<p>Souza, E. D.; Silva F. D.; Assmann T. S.; Carneiro M. A. C.; Carvalho P. C. F.; Paulino H. B. Sistemas integrados de produção agropecuária no Brasil. Tubarão: Copiart p 187- 210, 2018</p>



<p>Rheinheimer, D. S.; Somavilla, A.; Oliveira, L. B.; Tiecher, T. Ciclo biogeoquímico do fósforo, diagnóstico de disponibilidade e adubação fosfatada. 1. ed. Porto Alegre: 2020. 71p.</p>



<p>Bertol, O. J.; Filho, A. C.; Barbosa, G. M. C.; Santos, J. B.; Guimarães, M. F. Manual de manejo e conservação do solo e da água do estado do Paraná. 1 ed. – Curitiba, PR: Núcleo Estadual da Sociedade Brasileira de Ciência do Solo – NEPAR-SBCS, 2019. 325 p.</p>



<p>Bonetti, J. A., Fink, J. R. Manejo e conservação da água e do solo. Editora UFLA. Lavras, MG, 2020. 151 p.</p>



<p>Pauletti, V.; Motta, A. C. V. Manual de adubação e calagem para o estado do Paraná. 2 ed. – Curitiba, PR. Núcleo Estadual Paraná da Sociedade Brasileira de Ciência do Solo – NEPAR-SBCS, 2019 289 p.</p>

<p>Nível Mestrado/doutorado Natureza Semestral Creditos &nbsp;04 Carga Horária &nbsp;60 h &nbsp; Ementa Agroecossistema, ecossistema pastoril e seu funcionamento; O solo e seus atributos no contexto do agroecossistema pastoril; A acidez do solo para produção de pastagens; Ciclo biogeoquímico do fósforo e o potássio; Ciclo biogeoquímico do nitrogênio; A matéria orgânica e as relações do carbono [&hellip;]</p>
