{"id":334,"date":"2018-07-04T13:36:59","date_gmt":"2018-07-04T13:36:59","guid":{"rendered":"https:\/\/agrarias.ufpr.br\/pgapv\/?page_id=334"},"modified":"2018-07-04T13:36:59","modified_gmt":"2018-07-04T13:36:59","slug":"apv-7037-topicos-especiais-iv-analises-avancadas-em-epidemiologia-usando-r","status":"publish","type":"page","link":"https:\/\/agrarias.ufpr.br\/pgapv\/apv-7037-topicos-especiais-iv-analises-avancadas-em-epidemiologia-usando-r\/","title":{"rendered":"APV 7037 &#8211; T\u00d3PICOS ESPECIAIS IV\u00a0  AN\u00c1LISES AVAN\u00c7ADAS EM EPIDEMIOLOGIA USANDO R \u00a0"},"content":{"rendered":"<p><img loading=\"lazy\" decoding=\"async\" class=\"alignnone size-large wp-image-196\" src=\"https:\/\/agrarias.ufpr.br\/pgapv\/wp-content\/uploads\/sites\/39\/2018\/07\/foto-pos-gd-logo-maior-1024x369.jpg\" alt=\"foto-pos-gd-logo-maior\" width=\"1024\" height=\"369\" srcset=\"https:\/\/agrarias.ufpr.br\/pgapv\/wp-content\/uploads\/sites\/39\/2018\/07\/foto-pos-gd-logo-maior-1024x369.jpg 1024w, https:\/\/agrarias.ufpr.br\/pgapv\/wp-content\/uploads\/sites\/39\/2018\/07\/foto-pos-gd-logo-maior-300x108.jpg 300w, https:\/\/agrarias.ufpr.br\/pgapv\/wp-content\/uploads\/sites\/39\/2018\/07\/foto-pos-gd-logo-maior-768x277.jpg 768w, https:\/\/agrarias.ufpr.br\/pgapv\/wp-content\/uploads\/sites\/39\/2018\/07\/foto-pos-gd-logo-maior-250x90.jpg 250w, https:\/\/agrarias.ufpr.br\/pgapv\/wp-content\/uploads\/sites\/39\/2018\/07\/foto-pos-gd-logo-maior-160x58.jpg 160w, https:\/\/agrarias.ufpr.br\/pgapv\/wp-content\/uploads\/sites\/39\/2018\/07\/foto-pos-gd-logo-maior.jpg 1094w\" sizes=\"auto, (max-width: 1024px) 100vw, 1024px\" \/><\/p>\n<table width=\"532\">\n<tbody>\n<tr>\n<td width=\"532\">N\u00edvel: MESTRADO\/DOUTORADO &nbsp;<\/td>\n<\/tr>\n<tr>\n<td width=\"532\">Natureza: SEMESTRAL &nbsp;<\/td>\n<\/tr>\n<tr>\n<td width=\"532\">Carga Hor\u00e1ria: 60 Horas (60 te\u00f3ricas) &nbsp;<\/td>\n<\/tr>\n<tr>\n<td width=\"532\">Cr\u00e9dito: 04 &nbsp;<\/td>\n<\/tr>\n<tr>\n<td width=\"532\">Ementa: Aplicar o programa R para testar e desenvolver ferramentas aplicadas para uso em epidemiologia para manejo de doen\u00e7as em plantas com temas espec\u00edficos de interesse dos professores, pesquisadores e alunos. No geral, aplica\u00e7\u00e3o para an\u00e1lise de progresso temporal&nbsp; e espacial de doen\u00e7as, dispers\u00e3o de in\u00f3culo, an\u00e1lise de risco, previs\u00e3o de epidemias, an\u00e1lises multivariadas, regress\u00e3o m\u00faltiplas e n\u00e3o linear, dentre outros conforme demanda. &nbsp;<\/td>\n<\/tr>\n<tr>\n<td width=\"532\">Cursos para os quais \u00e9 ministrada: Agronomia-Produ\u00e7\u00e3o Vegetal &nbsp;<\/p>\n<p>&nbsp;<\/td>\n<\/tr>\n<tr>\n<td width=\"532\">Professor Respons\u00e1vel: Profa. Dra. Louise Larissa May De Mio&nbsp; Prof. Dr. Walmes Marques Zeviani &nbsp;<\/td>\n<\/tr>\n<\/tbody>\n<\/table>\n","protected":false},"excerpt":{"rendered":"<p>N\u00edvel: MESTRADO\/DOUTORADO &nbsp; Natureza: SEMESTRAL &nbsp; Carga Hor\u00e1ria: 60 Horas (60 te\u00f3ricas) &nbsp; Cr\u00e9dito: 04 &nbsp; Ementa: Aplicar o programa R para testar e desenvolver ferramentas aplicadas para uso em epidemiologia para manejo de doen\u00e7as em plantas com temas espec\u00edficos de interesse dos professores, pesquisadores e alunos. No geral, aplica\u00e7\u00e3o para an\u00e1lise de progresso temporal&nbsp; [&hellip;]<\/p>\n","protected":false},"author":3,"featured_media":0,"parent":0,"menu_order":0,"comment_status":"closed","ping_status":"closed","template":"","meta":{"footnotes":""},"class_list":["post-334","page","type-page","status-publish","hentry"],"_links":{"self":[{"href":"https:\/\/agrarias.ufpr.br\/pgapv\/wp-json\/wp\/v2\/pages\/334","targetHints":{"allow":["GET"]}}],"collection":[{"href":"https:\/\/agrarias.ufpr.br\/pgapv\/wp-json\/wp\/v2\/pages"}],"about":[{"href":"https:\/\/agrarias.ufpr.br\/pgapv\/wp-json\/wp\/v2\/types\/page"}],"author":[{"embeddable":true,"href":"https:\/\/agrarias.ufpr.br\/pgapv\/wp-json\/wp\/v2\/users\/3"}],"replies":[{"embeddable":true,"href":"https:\/\/agrarias.ufpr.br\/pgapv\/wp-json\/wp\/v2\/comments?post=334"}],"version-history":[{"count":1,"href":"https:\/\/agrarias.ufpr.br\/pgapv\/wp-json\/wp\/v2\/pages\/334\/revisions"}],"predecessor-version":[{"id":335,"href":"https:\/\/agrarias.ufpr.br\/pgapv\/wp-json\/wp\/v2\/pages\/334\/revisions\/335"}],"wp:attachment":[{"href":"https:\/\/agrarias.ufpr.br\/pgapv\/wp-json\/wp\/v2\/media?parent=334"}],"curies":[{"name":"wp","href":"https:\/\/api.w.org\/{rel}","templated":true}]}}

APV 7037 &#8211; TÓPICOS ESPECIAIS IV   ANÁLISES AVANÇADAS EM EPIDEMIOLOGIA USANDO R

<p><img loading="lazy" decoding="async" class="alignnone size-large wp-image-196" src="https://agrarias.ufpr.br/pgapv/wp-content/uploads/sites/39/2018/07/foto-pos-gd-logo-maior-1024x369.jpg" alt="foto-pos-gd-logo-maior" width="1024" height="369" srcset="https://agrarias.ufpr.br/pgapv/wp-content/uploads/sites/39/2018/07/foto-pos-gd-logo-maior-1024x369.jpg 1024w, https://agrarias.ufpr.br/pgapv/wp-content/uploads/sites/39/2018/07/foto-pos-gd-logo-maior-300x108.jpg 300w, https://agrarias.ufpr.br/pgapv/wp-content/uploads/sites/39/2018/07/foto-pos-gd-logo-maior-768x277.jpg 768w, https://agrarias.ufpr.br/pgapv/wp-content/uploads/sites/39/2018/07/foto-pos-gd-logo-maior-250x90.jpg 250w, https://agrarias.ufpr.br/pgapv/wp-content/uploads/sites/39/2018/07/foto-pos-gd-logo-maior-160x58.jpg 160w, https://agrarias.ufpr.br/pgapv/wp-content/uploads/sites/39/2018/07/foto-pos-gd-logo-maior.jpg 1094w" sizes="auto, (max-width: 1024px) 100vw, 1024px" /></p>
<table width="532">
<tbody>
<tr>
<td width="532">Nível: MESTRADO/DOUTORADO &nbsp;</td>
</tr>
<tr>
<td width="532">Natureza: SEMESTRAL &nbsp;</td>
</tr>
<tr>
<td width="532">Carga Horária: 60 Horas (60 teóricas) &nbsp;</td>
</tr>
<tr>
<td width="532">Crédito: 04 &nbsp;</td>
</tr>
<tr>
<td width="532">Ementa: Aplicar o programa R para testar e desenvolver ferramentas aplicadas para uso em epidemiologia para manejo de doenças em plantas com temas específicos de interesse dos professores, pesquisadores e alunos. No geral, aplicação para análise de progresso temporal&nbsp; e espacial de doenças, dispersão de inóculo, análise de risco, previsão de epidemias, análises multivariadas, regressão múltiplas e não linear, dentre outros conforme demanda. &nbsp;</td>
</tr>
<tr>
<td width="532">Cursos para os quais é ministrada: Agronomia-Produção Vegetal &nbsp;</p>
<p>&nbsp;</td>
</tr>
<tr>
<td width="532">Professor Responsável: Profa. Dra. Louise Larissa May De Mio&nbsp; Prof. Dr. Walmes Marques Zeviani &nbsp;</td>
</tr>
</tbody>
</table>

<p>Nível: MESTRADO/DOUTORADO &nbsp; Natureza: SEMESTRAL &nbsp; Carga Horária: 60 Horas (60 teóricas) &nbsp; Crédito: 04 &nbsp; Ementa: Aplicar o programa R para testar e desenvolver ferramentas aplicadas para uso em epidemiologia para manejo de doenças em plantas com temas específicos de interesse dos professores, pesquisadores e alunos. No geral, aplicação para análise de progresso temporal&nbsp; [&hellip;]</p>
