{"id":331,"date":"2018-07-04T13:35:42","date_gmt":"2018-07-04T13:35:42","guid":{"rendered":"https:\/\/agrarias.ufpr.br\/pgapv\/?page_id=331"},"modified":"2026-02-04T12:34:03","modified_gmt":"2026-02-04T12:34:03","slug":"agentes-causais-de-doencas-de-plantas","status":"publish","type":"page","link":"https:\/\/agrarias.ufpr.br\/pgapv\/agentes-causais-de-doencas-de-plantas\/","title":{"rendered":"AGRO 7041 \u2013 Agentes Causais de Doen\u00e7as de Plantas"},"content":{"rendered":"\n<p class=\"Normal_Web_ tm11\"><strong><span class=\"tm12\">N\u00edvel<\/span><\/strong><\/p>\n\n\n\n<p class=\"Normal_Web_ tm11\"><span class=\"tm13\">Mestrado\/Doutorado<\/span><\/p>\n\n\n\n<p class=\"Normal_Web_ tm11\"><strong><span class=\"Forte\">Natureza<\/span><\/strong><\/p>\n\n\n\n<p class=\"Normal_Web_ tm11\"><span class=\"tm13\">Semestral<\/span><\/p>\n\n\n\n<p class=\"Normal_Web_ tm11\"><strong><span class=\"tm12\">Cr\u00e9ditos <\/span><\/strong><\/p>\n\n\n\n<p class=\"Normal_Web_ tm11\"><span class=\"tm13\">04<\/span><\/p>\n\n\n\n<p class=\"Normal_Web_ tm11\"><strong><span class=\"Forte\">Carga hor\u00e1ria<\/span><\/strong><\/p>\n\n\n\n<p class=\"Normal_Web_ tm11\"><span class=\"tm13\">60 horas <\/span><\/p>\n\n\n\n<p class=\"Normal_Web_ tm11\"><strong><span class=\"Forte\">Ementa<\/span><\/strong><\/p>\n\n\n\n<p>Estudos sobre import\u00e2ncia, morfologia, biologia, ecologia, reprodu\u00e7\u00e3o, variabilidade e taxonomia de nematoides, v\u00edrus, vir\u00f3ides, bact\u00e9rias, fitoplasmas e espiroplasmas causadores de doen\u00e7as de plantas.<\/p>\n\n\n\n<p class=\"Normal_Web_ tm11\"><strong><span class=\"Forte\">Semestre<\/span><\/strong><\/p>\n\n\n\n<p class=\"Normal_Web_ tm11\"><span class=\"tm13\">1\u00ba semestre de anos \u00edmpares<\/span><\/p>\n\n\n\n<p class=\"Normal_Web_ tm11\"><strong><span class=\"tm12\">Dia\/Hor\u00e1rio<\/span><\/strong><\/p>\n\n\n\n<p class=\"Normal_Web_ tm11\"><span class=\"tm17\">Quarta-feira\/ 08:00 \u2013 12:00 horas<\/span><\/p>\n\n\n\n<p class=\"Normal_Web_ tm11\"><strong><span class=\"Forte\">Docente<\/span><\/strong><\/p>\n\n\n\n<p><a href=\"https:\/\/agrarias.ufpr.br\/pgapv\/henrique-da-silva-silveira-duarte\/\"><span class=\"tm13\">Henrique da Silva Silveira Duarte<\/span><\/a><\/p>\n\n\n\n<p class=\"Normal_Web_ tm18\"><strong><span class=\"tm19\">Bibliografia Recomendada<\/span><\/strong><\/p>\n\n\n\n<p>AGRIOS, G.N.&nbsp;Plant Pathology. 5. ed. Burlington: Academic Press, 2005.<\/p>\n\n\n\n<p>AMORIM, L.; REZENDE, J. A. M.; BERGAMIN FILHO, A. Manual de Fitopatologia &#8211; Princ\u00edpios e Conceitos. 5. ed. v. 1. S\u00e3o Paulo: Editora Ceres, 2018.<\/p>\n\n\n\n<p>FERRAZ, L.C.C.B.; BROWN, D.J.F.&nbsp;Nematologia de plantas: fundamentos e import\u00e2ncia. 1. ed. Manaus: Editora Norma, 2016.<\/p>\n\n\n\n<p>FREITAS, L.G.; OLIVEIRA, R.D.L., FERRAZ, S.&nbsp;Introdu\u00e7\u00e3o \u00e0 nematologia. 1. ed. Vi\u00e7osa: Editora UFV, 2014.<\/p>\n\n\n\n<p>HULL, R.&nbsp;Matthews\u2019 Plant Virology. 5. ed. Burlington: Academic Press, 2014.<\/p>\n\n\n\n<p>INOUE-NAGATA, AK.; LIMA, M.F.; GILBERTSON, R.L. 2016. A review of geminivirus diseases in vegetables and other crops in Brazil: current status and approaches for management. Horticultura Brasileira&nbsp; 34, 8\u201318.<\/p>\n\n\n\n<p>LEITE, R.R.; MATTOS, V.S.; GOMES, A.C.M.M.; PY, L.G.; SOUZA, D.A.; CASTAGNONE-SERENO, P.; CARES, J.E.; CARNEIRO, R.M.D.G.&nbsp;Integrative taxonomy of&nbsp;Meloidogye ottersoni&nbsp;(Thorne, 1969) Franklin, 1971 (Nematoda: Meloidogynidae) parasitizing flooded rice in Brazil.&nbsp;2020. European Journal Plant Patholology&nbsp;157,&nbsp;943\u2013959.<\/p>\n\n\n\n<p>MARIANO, R. L. R.;&nbsp;SOUZA, E. B.&nbsp;Manual de pr\u00e1ticas em fitobacteriologia. 3. ed. Recife: Editora Universit\u00e1ria da UFRPE, 2016.<\/p>\n\n\n\n<p>MEDEIROS, R.B.; RESENDE, R.O; CARVALHO, R.C.P.; DIANESE, E.C.; COSTA, C.L.; SGRO, J.Y.&nbsp;Virologia Vegetal: conceitos, fundamentos, classifica\u00e7\u00e3o e controle.&nbsp;Bras\u00edlia: Editora UNB, 2015.<\/p>\n\n\n\n<p>ROMEIRO, R.S.&nbsp;Bact\u00e9rias fitopatog\u00eanicas. 2. ed. Vi\u00e7osa: Editora UFV, 2005.<\/p>\n\n\n\n<p>SCHAAD, N.W.; SCHUENZELM, E.; JONES, J.B. Taxonomy of Plant-Pathogenic Bacteria. In: FATMI, M.; WALCOTT, R.R.; SCHAAD. Detection of Plant-Pathogenic Bacteria in Seed and Other Planting Material. 2016.<\/p>\n\n\n\n<p>SIKORA, R.; COYNE, D.; HALLMANN J.; TIMPER, P. Plant parasitic nematodes in Subtropical and Tropical Agriculture. 5. Ed. Cabi. 2018.<\/p>\n\n\n\n<p>THIND, B.S. Phytopathogenic Bacteria and Plant Diseases. CRC press. 1. Ed. 2019.<\/p>\n\n\n\n<p>ZAMBOLIM, L.; JESUS JUNIOR, W. C.; PEREIRA, O. L.&nbsp;O Essencial da Fitopatologia \u2013 Agentes Causais. v. 1, Vi\u00e7osa: Suprema gr\u00e1fica e Editora Ltda, 2012.<\/p>\n\n\n\n<p>ZAMBOLIM, L.; JESUS JUNIOR, W. C.; PEREIRA, O. L.&nbsp;O Essencial da Fitopatologia \u2013 Agentes Causais. v. 2, Vi\u00e7osa: Suprema gr\u00e1fica e Editora Ltda, 2012.<\/p>\n","protected":false},"excerpt":{"rendered":"<p>N\u00edvel Mestrado\/Doutorado Natureza Semestral Cr\u00e9ditos 04 Carga hor\u00e1ria 60 horas Ementa Estudos sobre import\u00e2ncia, morfologia, biologia, ecologia, reprodu\u00e7\u00e3o, variabilidade e taxonomia de nematoides, v\u00edrus, vir\u00f3ides, bact\u00e9rias, fitoplasmas e espiroplasmas causadores de doen\u00e7as de plantas. Semestre 1\u00ba semestre de anos \u00edmpares Dia\/Hor\u00e1rio Quarta-feira\/ 08:00 \u2013 12:00 horas Docente Henrique da Silva Silveira Duarte Bibliografia Recomendada AGRIOS, [&hellip;]<\/p>\n","protected":false},"author":3,"featured_media":0,"parent":0,"menu_order":0,"comment_status":"closed","ping_status":"closed","template":"","meta":{"footnotes":""},"class_list":["post-331","page","type-page","status-publish","hentry"],"_links":{"self":[{"href":"https:\/\/agrarias.ufpr.br\/pgapv\/wp-json\/wp\/v2\/pages\/331","targetHints":{"allow":["GET"]}}],"collection":[{"href":"https:\/\/agrarias.ufpr.br\/pgapv\/wp-json\/wp\/v2\/pages"}],"about":[{"href":"https:\/\/agrarias.ufpr.br\/pgapv\/wp-json\/wp\/v2\/types\/page"}],"author":[{"embeddable":true,"href":"https:\/\/agrarias.ufpr.br\/pgapv\/wp-json\/wp\/v2\/users\/3"}],"replies":[{"embeddable":true,"href":"https:\/\/agrarias.ufpr.br\/pgapv\/wp-json\/wp\/v2\/comments?post=331"}],"version-history":[{"count":11,"href":"https:\/\/agrarias.ufpr.br\/pgapv\/wp-json\/wp\/v2\/pages\/331\/revisions"}],"predecessor-version":[{"id":7653,"href":"https:\/\/agrarias.ufpr.br\/pgapv\/wp-json\/wp\/v2\/pages\/331\/revisions\/7653"}],"wp:attachment":[{"href":"https:\/\/agrarias.ufpr.br\/pgapv\/wp-json\/wp\/v2\/media?parent=331"}],"curies":[{"name":"wp","href":"https:\/\/api.w.org\/{rel}","templated":true}]}}