{"id":3276,"date":"2021-02-15T01:30:20","date_gmt":"2021-02-15T01:30:20","guid":{"rendered":"https:\/\/agrarias.ufpr.br\/pgapv\/?page_id=3276"},"modified":"2021-02-15T01:30:20","modified_gmt":"2021-02-15T01:30:20","slug":"agro-7038-topicos-especiais-iv-mecanismo-de-acao-e-interacao-ambiental-de-herbicidas","status":"publish","type":"page","link":"https:\/\/agrarias.ufpr.br\/pgapv\/agro-7038-topicos-especiais-iv-mecanismo-de-acao-e-interacao-ambiental-de-herbicidas\/","title":{"rendered":"AGRO 7038 &#8211; T\u00f3picos Especiais IV &#8211;\u00a0Mecanismo de A\u00e7\u00e3o e Intera\u00e7\u00e3o Ambiental de Herbicidas"},"content":{"rendered":"<p><strong>N\u00edvel<\/strong><\/p>\n<p>Mestrado\/Doutorado<\/p>\n<p><strong>Natureza<\/strong><\/p>\n<p>Semestral<\/p>\n<p><strong>Cr\u00e9ditos<\/strong><\/p>\n<p>04<\/p>\n<p><strong>Carga hor\u00e1ria<\/strong><\/p>\n<p>60 horas&nbsp;<\/p>\n<p><strong>Ementa<\/strong><\/p>\n<p>&nbsp;<\/p>\n<p><strong>Semestre<\/strong><\/p>\n<p>1\u00ba semestre (Quadrienal em anos \u00edmpares \u2013 2023)<\/p>\n<p><strong>Dia\/Hor\u00e1rio<\/strong><\/p>\n<p>Ter\u00e7a-Feira\/ 08:00 \u2013 12:00 horas<\/p>\n<p><strong>Docente<\/strong><\/p>\n<p><a href=\"http:\/\/arthur\/\">Arthur Arrobas Martins Barroso<\/a><\/p>\n<p><strong>Home page<\/strong><\/p>\n<p><a href=\"http:\/\/www.nomato.wordpress.com\/\">www.nomato.wordpress.com<\/a><\/p>\n<p><strong>Bibliografia Recomendada<\/strong><\/p>\n<p>&nbsp;<\/p>\n","protected":false},"excerpt":{"rendered":"<p>N\u00edvel Mestrado\/Doutorado Natureza Semestral Cr\u00e9ditos 04 Carga hor\u00e1ria 60 horas&nbsp; Ementa &nbsp; Semestre 1\u00ba semestre (Quadrienal em anos \u00edmpares \u2013 2023) Dia\/Hor\u00e1rio Ter\u00e7a-Feira\/ 08:00 \u2013 12:00 horas Docente Arthur Arrobas Martins Barroso Home page www.nomato.wordpress.com Bibliografia Recomendada &nbsp;<\/p>\n","protected":false},"author":10266,"featured_media":0,"parent":0,"menu_order":0,"comment_status":"closed","ping_status":"closed","template":"","meta":{"footnotes":""},"class_list":["post-3276","page","type-page","status-publish","hentry"],"_links":{"self":[{"href":"https:\/\/agrarias.ufpr.br\/pgapv\/wp-json\/wp\/v2\/pages\/3276","targetHints":{"allow":["GET"]}}],"collection":[{"href":"https:\/\/agrarias.ufpr.br\/pgapv\/wp-json\/wp\/v2\/pages"}],"about":[{"href":"https:\/\/agrarias.ufpr.br\/pgapv\/wp-json\/wp\/v2\/types\/page"}],"author":[{"embeddable":true,"href":"https:\/\/agrarias.ufpr.br\/pgapv\/wp-json\/wp\/v2\/users\/10266"}],"replies":[{"embeddable":true,"href":"https:\/\/agrarias.ufpr.br\/pgapv\/wp-json\/wp\/v2\/comments?post=3276"}],"version-history":[{"count":2,"href":"https:\/\/agrarias.ufpr.br\/pgapv\/wp-json\/wp\/v2\/pages\/3276\/revisions"}],"predecessor-version":[{"id":4132,"href":"https:\/\/agrarias.ufpr.br\/pgapv\/wp-json\/wp\/v2\/pages\/3276\/revisions\/4132"}],"wp:attachment":[{"href":"https:\/\/agrarias.ufpr.br\/pgapv\/wp-json\/wp\/v2\/media?parent=3276"}],"curies":[{"name":"wp","href":"https:\/\/api.w.org\/{rel}","templated":true}]}}

AGRO 7038 &#8211; Tópicos Especiais IV &#8211; Mecanismo de Ação e Interação Ambiental de Herbicidas

<p><strong>Nível</strong></p>
<p>Mestrado/Doutorado</p>
<p><strong>Natureza</strong></p>
<p>Semestral</p>
<p><strong>Créditos</strong></p>
<p>04</p>
<p><strong>Carga horária</strong></p>
<p>60 horas&nbsp;</p>
<p><strong>Ementa</strong></p>
<p>&nbsp;</p>
<p><strong>Semestre</strong></p>
<p>1º semestre (Quadrienal em anos ímpares – 2023)</p>
<p><strong>Dia/Horário</strong></p>
<p>Terça-Feira/ 08:00 – 12:00 horas</p>
<p><strong>Docente</strong></p>
<p><a href="http://arthur/">Arthur Arrobas Martins Barroso</a></p>
<p><strong>Home page</strong></p>
<p><a href="http://www.nomato.wordpress.com/">www.nomato.wordpress.com</a></p>
<p><strong>Bibliografia Recomendada</strong></p>
<p>&nbsp;</p>

<p>Nível Mestrado/Doutorado Natureza Semestral Créditos 04 Carga horária 60 horas&nbsp; Ementa &nbsp; Semestre 1º semestre (Quadrienal em anos ímpares – 2023) Dia/Horário Terça-Feira/ 08:00 – 12:00 horas Docente Arthur Arrobas Martins Barroso Home page www.nomato.wordpress.com Bibliografia Recomendada &nbsp;</p>
