{"id":321,"date":"2018-07-04T13:28:47","date_gmt":"2018-07-04T13:28:47","guid":{"rendered":"https:\/\/agrarias.ufpr.br\/pgapv\/?page_id=321"},"modified":"2018-07-04T13:28:56","modified_gmt":"2018-07-04T13:28:56","slug":"apv-7036-topicos-especiais-iii-fundamentos-teoricos-e-aplicacoes-de-biologia-molecular-na-agronomia","status":"publish","type":"page","link":"https:\/\/agrarias.ufpr.br\/pgapv\/apv-7036-topicos-especiais-iii-fundamentos-teoricos-e-aplicacoes-de-biologia-molecular-na-agronomia\/","title":{"rendered":"APV 7036 &#8211; T\u00d3PICOS ESPECIAIS III  FUNDAMENTOS TE\u00d3RICOS E APLICA\u00c7\u00d5ES DE BIOLOGIA  MOLECULAR NA AGRONOMIA"},"content":{"rendered":"<p><img loading=\"lazy\" decoding=\"async\" class=\"alignnone size-large wp-image-196\" src=\"https:\/\/agrarias.ufpr.br\/pgapv\/wp-content\/uploads\/sites\/39\/2018\/07\/foto-pos-gd-logo-maior-1024x369.jpg\" alt=\"foto-pos-gd-logo-maior\" width=\"1024\" height=\"369\" srcset=\"https:\/\/agrarias.ufpr.br\/pgapv\/wp-content\/uploads\/sites\/39\/2018\/07\/foto-pos-gd-logo-maior-1024x369.jpg 1024w, https:\/\/agrarias.ufpr.br\/pgapv\/wp-content\/uploads\/sites\/39\/2018\/07\/foto-pos-gd-logo-maior-300x108.jpg 300w, https:\/\/agrarias.ufpr.br\/pgapv\/wp-content\/uploads\/sites\/39\/2018\/07\/foto-pos-gd-logo-maior-768x277.jpg 768w, https:\/\/agrarias.ufpr.br\/pgapv\/wp-content\/uploads\/sites\/39\/2018\/07\/foto-pos-gd-logo-maior-250x90.jpg 250w, https:\/\/agrarias.ufpr.br\/pgapv\/wp-content\/uploads\/sites\/39\/2018\/07\/foto-pos-gd-logo-maior-160x58.jpg 160w, https:\/\/agrarias.ufpr.br\/pgapv\/wp-content\/uploads\/sites\/39\/2018\/07\/foto-pos-gd-logo-maior.jpg 1094w\" sizes=\"auto, (max-width: 1024px) 100vw, 1024px\" \/><\/p>\n<table width=\"532\">\n<tbody>\n<tr>\n<td width=\"532\">N\u00edvel: MESTRADO\/DOUTORADO &nbsp;<\/td>\n<\/tr>\n<tr>\n<td width=\"532\">Natureza: SEMESTRAL &nbsp;<\/td>\n<\/tr>\n<tr>\n<td width=\"532\">Carga Hor\u00e1ria: 45 horas (45 te\u00f3ricas) &nbsp;<\/td>\n<\/tr>\n<tr>\n<td width=\"532\">Cr\u00e9dito: 03 &nbsp;<\/td>\n<\/tr>\n<tr>\n<td width=\"532\">Ementa: Esta disciplina te\u00f3rica tem por objetivo introduzir os conceitos fundamentais da gen\u00e9tica molecular e as t\u00e9cnicas b\u00e1sicas de biologia molecular, al\u00e9m de promover a discuss\u00e3o sobre alguns assuntos de atualidade na \u00e1rea, como clonagem e projetos genoma. A segunda parte da disciplina ter\u00e1 um enfoque mais aplicado, mostrando de que forma dados de biologia molecular podem ser associados com dados morfol\u00f3gicos para os estudos de conserva\u00e7\u00e3o e melhoramento. &nbsp;<\/td>\n<\/tr>\n<tr>\n<td width=\"532\">Cursos para os quais \u00e9 ministrada: Agronomia-Produ\u00e7\u00e3o Vegetal &nbsp;<\/td>\n<\/tr>\n<tr>\n<td width=\"532\">Professor(a) Respons\u00e1vel: Louise Larissa May De Mio &nbsp;<\/td>\n<\/tr>\n<\/tbody>\n<\/table>\n<p>&nbsp;<\/p>\n","protected":false},"excerpt":{"rendered":"<p>N\u00edvel: MESTRADO\/DOUTORADO &nbsp; Natureza: SEMESTRAL &nbsp; Carga Hor\u00e1ria: 45 horas (45 te\u00f3ricas) &nbsp; Cr\u00e9dito: 03 &nbsp; Ementa: Esta disciplina te\u00f3rica tem por objetivo introduzir os conceitos fundamentais da gen\u00e9tica molecular e as t\u00e9cnicas b\u00e1sicas de biologia molecular, al\u00e9m de promover a discuss\u00e3o sobre alguns assuntos de atualidade na \u00e1rea, como clonagem e projetos genoma. A [&hellip;]<\/p>\n","protected":false},"author":3,"featured_media":0,"parent":0,"menu_order":0,"comment_status":"closed","ping_status":"closed","template":"","meta":{"footnotes":""},"class_list":["post-321","page","type-page","status-publish","hentry"],"_links":{"self":[{"href":"https:\/\/agrarias.ufpr.br\/pgapv\/wp-json\/wp\/v2\/pages\/321","targetHints":{"allow":["GET"]}}],"collection":[{"href":"https:\/\/agrarias.ufpr.br\/pgapv\/wp-json\/wp\/v2\/pages"}],"about":[{"href":"https:\/\/agrarias.ufpr.br\/pgapv\/wp-json\/wp\/v2\/types\/page"}],"author":[{"embeddable":true,"href":"https:\/\/agrarias.ufpr.br\/pgapv\/wp-json\/wp\/v2\/users\/3"}],"replies":[{"embeddable":true,"href":"https:\/\/agrarias.ufpr.br\/pgapv\/wp-json\/wp\/v2\/comments?post=321"}],"version-history":[{"count":2,"href":"https:\/\/agrarias.ufpr.br\/pgapv\/wp-json\/wp\/v2\/pages\/321\/revisions"}],"predecessor-version":[{"id":324,"href":"https:\/\/agrarias.ufpr.br\/pgapv\/wp-json\/wp\/v2\/pages\/321\/revisions\/324"}],"wp:attachment":[{"href":"https:\/\/agrarias.ufpr.br\/pgapv\/wp-json\/wp\/v2\/media?parent=321"}],"curies":[{"name":"wp","href":"https:\/\/api.w.org\/{rel}","templated":true}]}}

APV 7036 &#8211; TÓPICOS ESPECIAIS III  FUNDAMENTOS TEÓRICOS E APLICAÇÕES DE BIOLOGIA  MOLECULAR NA AGRONOMIA

<p><img loading="lazy" decoding="async" class="alignnone size-large wp-image-196" src="https://agrarias.ufpr.br/pgapv/wp-content/uploads/sites/39/2018/07/foto-pos-gd-logo-maior-1024x369.jpg" alt="foto-pos-gd-logo-maior" width="1024" height="369" srcset="https://agrarias.ufpr.br/pgapv/wp-content/uploads/sites/39/2018/07/foto-pos-gd-logo-maior-1024x369.jpg 1024w, https://agrarias.ufpr.br/pgapv/wp-content/uploads/sites/39/2018/07/foto-pos-gd-logo-maior-300x108.jpg 300w, https://agrarias.ufpr.br/pgapv/wp-content/uploads/sites/39/2018/07/foto-pos-gd-logo-maior-768x277.jpg 768w, https://agrarias.ufpr.br/pgapv/wp-content/uploads/sites/39/2018/07/foto-pos-gd-logo-maior-250x90.jpg 250w, https://agrarias.ufpr.br/pgapv/wp-content/uploads/sites/39/2018/07/foto-pos-gd-logo-maior-160x58.jpg 160w, https://agrarias.ufpr.br/pgapv/wp-content/uploads/sites/39/2018/07/foto-pos-gd-logo-maior.jpg 1094w" sizes="auto, (max-width: 1024px) 100vw, 1024px" /></p>
<table width="532">
<tbody>
<tr>
<td width="532">Nível: MESTRADO/DOUTORADO &nbsp;</td>
</tr>
<tr>
<td width="532">Natureza: SEMESTRAL &nbsp;</td>
</tr>
<tr>
<td width="532">Carga Horária: 45 horas (45 teóricas) &nbsp;</td>
</tr>
<tr>
<td width="532">Crédito: 03 &nbsp;</td>
</tr>
<tr>
<td width="532">Ementa: Esta disciplina teórica tem por objetivo introduzir os conceitos fundamentais da genética molecular e as técnicas básicas de biologia molecular, além de promover a discussão sobre alguns assuntos de atualidade na área, como clonagem e projetos genoma. A segunda parte da disciplina terá um enfoque mais aplicado, mostrando de que forma dados de biologia molecular podem ser associados com dados morfológicos para os estudos de conservação e melhoramento. &nbsp;</td>
</tr>
<tr>
<td width="532">Cursos para os quais é ministrada: Agronomia-Produção Vegetal &nbsp;</td>
</tr>
<tr>
<td width="532">Professor(a) Responsável: Louise Larissa May De Mio &nbsp;</td>
</tr>
</tbody>
</table>
<p>&nbsp;</p>

<p>Nível: MESTRADO/DOUTORADO &nbsp; Natureza: SEMESTRAL &nbsp; Carga Horária: 45 horas (45 teóricas) &nbsp; Crédito: 03 &nbsp; Ementa: Esta disciplina teórica tem por objetivo introduzir os conceitos fundamentais da genética molecular e as técnicas básicas de biologia molecular, além de promover a discussão sobre alguns assuntos de atualidade na área, como clonagem e projetos genoma. A [&hellip;]</p>
