{"id":318,"date":"2018-07-04T13:26:41","date_gmt":"2018-07-04T13:26:41","guid":{"rendered":"https:\/\/agrarias.ufpr.br\/pgapv\/?page_id=318"},"modified":"2018-07-04T13:26:41","modified_gmt":"2018-07-04T13:26:41","slug":"apv-7036-topicos-especiais-iii","status":"publish","type":"page","link":"https:\/\/agrarias.ufpr.br\/pgapv\/apv-7036-topicos-especiais-iii\/","title":{"rendered":"APV 7036 &#8211; T\u00d3PICOS ESPECIAIS III"},"content":{"rendered":"<p><img loading=\"lazy\" decoding=\"async\" class=\"alignnone size-large wp-image-196\" src=\"https:\/\/agrarias.ufpr.br\/pgapv\/wp-content\/uploads\/sites\/39\/2018\/07\/foto-pos-gd-logo-maior-1024x369.jpg\" alt=\"foto-pos-gd-logo-maior\" width=\"1024\" height=\"369\" srcset=\"https:\/\/agrarias.ufpr.br\/pgapv\/wp-content\/uploads\/sites\/39\/2018\/07\/foto-pos-gd-logo-maior-1024x369.jpg 1024w, https:\/\/agrarias.ufpr.br\/pgapv\/wp-content\/uploads\/sites\/39\/2018\/07\/foto-pos-gd-logo-maior-300x108.jpg 300w, https:\/\/agrarias.ufpr.br\/pgapv\/wp-content\/uploads\/sites\/39\/2018\/07\/foto-pos-gd-logo-maior-768x277.jpg 768w, https:\/\/agrarias.ufpr.br\/pgapv\/wp-content\/uploads\/sites\/39\/2018\/07\/foto-pos-gd-logo-maior-250x90.jpg 250w, https:\/\/agrarias.ufpr.br\/pgapv\/wp-content\/uploads\/sites\/39\/2018\/07\/foto-pos-gd-logo-maior-160x58.jpg 160w, https:\/\/agrarias.ufpr.br\/pgapv\/wp-content\/uploads\/sites\/39\/2018\/07\/foto-pos-gd-logo-maior.jpg 1094w\" sizes=\"auto, (max-width: 1024px) 100vw, 1024px\" \/><\/p>\n<table width=\"532\">\n<tbody>\n<tr>\n<td width=\"532\">N\u00edvel: MESTRADO\/DOUTORADO<\/td>\n<\/tr>\n<tr>\n<td width=\"532\">Natureza: SEMESTRAL<\/td>\n<\/tr>\n<tr>\n<td width=\"532\">Carga Hor\u00e1ria: 45 horas<\/td>\n<\/tr>\n<tr>\n<td width=\"532\">Cr\u00e9dito: 03<\/td>\n<\/tr>\n<tr>\n<td width=\"532\">Aulas. Palestras e confer\u00eancias. Nesta disciplina ser\u00e3o oferecidas oportunidades espec\u00edficas para um ou mais alunos interessados em t\u00f3picos especiais relacionados com os \u00faltimos desenvolvimentos no campo da produ\u00e7\u00e3o vegetal.<\/td>\n<\/tr>\n<tr>\n<td width=\"532\">Cursos para os quais \u00e9 ministrada: &nbsp;Agronomia-Produ\u00e7\u00e3o Vegetal<\/td>\n<\/tr>\n<tr>\n<td width=\"532\">Professor Respons\u00e1vel: &nbsp;<\/td>\n<\/tr>\n<\/tbody>\n<\/table>\n","protected":false},"excerpt":{"rendered":"<p>N\u00edvel: MESTRADO\/DOUTORADO Natureza: SEMESTRAL Carga Hor\u00e1ria: 45 horas Cr\u00e9dito: 03 Aulas. Palestras e confer\u00eancias. Nesta disciplina ser\u00e3o oferecidas oportunidades espec\u00edficas para um ou mais alunos interessados em t\u00f3picos especiais relacionados com os \u00faltimos desenvolvimentos no campo da produ\u00e7\u00e3o vegetal. Cursos para os quais \u00e9 ministrada: &nbsp;Agronomia-Produ\u00e7\u00e3o Vegetal Professor Respons\u00e1vel: &nbsp;<\/p>\n","protected":false},"author":3,"featured_media":0,"parent":0,"menu_order":0,"comment_status":"closed","ping_status":"closed","template":"","meta":{"footnotes":""},"class_list":["post-318","page","type-page","status-publish","hentry"],"_links":{"self":[{"href":"https:\/\/agrarias.ufpr.br\/pgapv\/wp-json\/wp\/v2\/pages\/318","targetHints":{"allow":["GET"]}}],"collection":[{"href":"https:\/\/agrarias.ufpr.br\/pgapv\/wp-json\/wp\/v2\/pages"}],"about":[{"href":"https:\/\/agrarias.ufpr.br\/pgapv\/wp-json\/wp\/v2\/types\/page"}],"author":[{"embeddable":true,"href":"https:\/\/agrarias.ufpr.br\/pgapv\/wp-json\/wp\/v2\/users\/3"}],"replies":[{"embeddable":true,"href":"https:\/\/agrarias.ufpr.br\/pgapv\/wp-json\/wp\/v2\/comments?post=318"}],"version-history":[{"count":1,"href":"https:\/\/agrarias.ufpr.br\/pgapv\/wp-json\/wp\/v2\/pages\/318\/revisions"}],"predecessor-version":[{"id":319,"href":"https:\/\/agrarias.ufpr.br\/pgapv\/wp-json\/wp\/v2\/pages\/318\/revisions\/319"}],"wp:attachment":[{"href":"https:\/\/agrarias.ufpr.br\/pgapv\/wp-json\/wp\/v2\/media?parent=318"}],"curies":[{"name":"wp","href":"https:\/\/api.w.org\/{rel}","templated":true}]}}