{"id":313,"date":"2018-07-04T13:24:28","date_gmt":"2018-07-04T13:24:28","guid":{"rendered":"https:\/\/agrarias.ufpr.br\/pgapv\/?page_id=313"},"modified":"2026-04-07T23:47:59","modified_gmt":"2026-04-07T23:47:59","slug":"apv-7035-topicos-especiais-ii-ecofisiologia-da-cana-de-acucar","status":"publish","type":"page","link":"https:\/\/agrarias.ufpr.br\/pgapv\/apv-7035-topicos-especiais-ii-ecofisiologia-da-cana-de-acucar\/","title":{"rendered":"APV 7035 \u2013 T\u00d3PICOS ESPECIAIS II: ECOFISIOLOGIA DA  CANA-DE-A\u00c7\u00daCAR"},"content":{"rendered":"\n<figure class=\"wp-block-image\"><img loading=\"lazy\" decoding=\"async\" width=\"1024\" height=\"369\" src=\"https:\/\/agrarias.ufpr.br\/pgapv\/wp-content\/uploads\/sites\/39\/2018\/07\/foto-pos-gd-logo-maior-1024x369.jpg\" alt=\"foto-pos-gd-logo-maior\" class=\"wp-image-196\" srcset=\"https:\/\/agrarias.ufpr.br\/pgapv\/wp-content\/uploads\/sites\/39\/2018\/07\/foto-pos-gd-logo-maior-1024x369.jpg 1024w, https:\/\/agrarias.ufpr.br\/pgapv\/wp-content\/uploads\/sites\/39\/2018\/07\/foto-pos-gd-logo-maior-300x108.jpg 300w, https:\/\/agrarias.ufpr.br\/pgapv\/wp-content\/uploads\/sites\/39\/2018\/07\/foto-pos-gd-logo-maior-768x277.jpg 768w, https:\/\/agrarias.ufpr.br\/pgapv\/wp-content\/uploads\/sites\/39\/2018\/07\/foto-pos-gd-logo-maior-250x90.jpg 250w, https:\/\/agrarias.ufpr.br\/pgapv\/wp-content\/uploads\/sites\/39\/2018\/07\/foto-pos-gd-logo-maior-160x58.jpg 160w, https:\/\/agrarias.ufpr.br\/pgapv\/wp-content\/uploads\/sites\/39\/2018\/07\/foto-pos-gd-logo-maior.jpg 1094w\" sizes=\"auto, (max-width: 1024px) 100vw, 1024px\" \/><\/figure>\n\n\n\n<p><\/p>\n\n\n\n<figure class=\"wp-block-table\"><table class=\"has-fixed-layout\"><tbody><tr><td>N\u00edvel: MESTRADO\/DOUTORADO &nbsp;<\/td><\/tr><tr><td>Natureza: SEMESTRAL &nbsp;<\/td><\/tr><tr><td>Carga Hor\u00e1ria: 30 horas (30 te\u00f3ricas) &nbsp;<\/td><\/tr><tr><td>Cr\u00e9dito: 02 &nbsp;<\/td><\/tr><tr><td>Ementa: Ecossistemas agr\u00edcolas; Energia radiante; Balan\u00e7o de carbono. Utiliza\u00e7\u00e3o e ciclagem de elemmentos minerais. Rela\u00e7\u00f5es h\u00eddricas no sistema soloplanta-atmosfera. Efeitos do ambiente no crescimento e no desenvolvimento de plantas. Estresses ambientais e as repostas fisiol\u00f3gicas das plantas; Mudan\u00e7as clim\u00e1ticas globais. Estudo de casos \u2013 artigos cient\u00edficos sobre cana-dea\u00e7\u00facar. &nbsp;<\/td><\/tr><tr><td>Cursos para os quais \u00e9 ministrada: Agronomia-Produ\u00e7\u00e3o Vegetal &nbsp;<\/td><\/tr><tr><td>Professor(a) Respons\u00e1vel: Prof. Dr. Jo\u00e3o Carlos Bespalhok Filho &nbsp;<\/td><\/tr><\/tbody><\/table><\/figure>\n","protected":false},"excerpt":{"rendered":"<p>N\u00edvel: MESTRADO\/DOUTORADO &nbsp; Natureza: SEMESTRAL &nbsp; Carga Hor\u00e1ria: 30 horas (30 te\u00f3ricas) &nbsp; Cr\u00e9dito: 02 &nbsp; Ementa: Ecossistemas agr\u00edcolas; Energia radiante; Balan\u00e7o de carbono. Utiliza\u00e7\u00e3o e ciclagem de elemmentos minerais. Rela\u00e7\u00f5es h\u00eddricas no sistema soloplanta-atmosfera. Efeitos do ambiente no crescimento e no desenvolvimento de plantas. Estresses ambientais e as repostas fisiol\u00f3gicas das plantas; Mudan\u00e7as clim\u00e1ticas [&hellip;]<\/p>\n","protected":false},"author":3,"featured_media":0,"parent":0,"menu_order":0,"comment_status":"closed","ping_status":"closed","template":"","meta":{"footnotes":""},"class_list":["post-313","page","type-page","status-publish","hentry"],"_links":{"self":[{"href":"https:\/\/agrarias.ufpr.br\/pgapv\/wp-json\/wp\/v2\/pages\/313","targetHints":{"allow":["GET"]}}],"collection":[{"href":"https:\/\/agrarias.ufpr.br\/pgapv\/wp-json\/wp\/v2\/pages"}],"about":[{"href":"https:\/\/agrarias.ufpr.br\/pgapv\/wp-json\/wp\/v2\/types\/page"}],"author":[{"embeddable":true,"href":"https:\/\/agrarias.ufpr.br\/pgapv\/wp-json\/wp\/v2\/users\/3"}],"replies":[{"embeddable":true,"href":"https:\/\/agrarias.ufpr.br\/pgapv\/wp-json\/wp\/v2\/comments?post=313"}],"version-history":[{"count":2,"href":"https:\/\/agrarias.ufpr.br\/pgapv\/wp-json\/wp\/v2\/pages\/313\/revisions"}],"predecessor-version":[{"id":8143,"href":"https:\/\/agrarias.ufpr.br\/pgapv\/wp-json\/wp\/v2\/pages\/313\/revisions\/8143"}],"wp:attachment":[{"href":"https:\/\/agrarias.ufpr.br\/pgapv\/wp-json\/wp\/v2\/media?parent=313"}],"curies":[{"name":"wp","href":"https:\/\/api.w.org\/{rel}","templated":true}]}}