{"id":302,"date":"2018-07-04T13:02:41","date_gmt":"2018-07-04T13:02:41","guid":{"rendered":"https:\/\/agrarias.ufpr.br\/pgapv\/?page_id=302"},"modified":"2018-09-27T19:36:39","modified_gmt":"2018-09-27T19:36:39","slug":"agro-7035","status":"publish","type":"page","link":"https:\/\/agrarias.ufpr.br\/pgapv\/agro-7035\/","title":{"rendered":"AGRO 7035 \u2013 T\u00f3picos Especiais I \u2013 Utilizando os Recursos do Editor de LaTeX para Formata\u00e7\u00e3o de Textos Cient\u00edficos"},"content":{"rendered":"<p><strong><b>N\u00edvel<\/b><\/strong><\/p>\n<p>Mestrado\/Doutorado<\/p>\n<p><strong><b>Natureza<\/b><\/strong><\/p>\n<p>Concentrada<\/p>\n<p><strong><b>Cr\u00e9ditos <\/b><\/strong><\/p>\n<p>01<\/p>\n<p><strong><b>Carga hor\u00e1ria<\/b><\/strong><\/p>\n<p>15 horas (11 te\u00f3ricas \/ 04 pr\u00e1ticas)<\/p>\n<p><strong><b>Ementa<\/b><\/strong><\/p>\n<p style=\"text-align: justify\">Apresenta\u00e7\u00e3o do editor LaTeX para processamento de textos visando formata\u00e7\u00e3o de diversos tipos de documentos (cient\u00edficos, livros, tabelas e imagens e p\u00f4steres entre outros) de alta qualidade conforme normas de Programas de P\u00f3s-gradua\u00e7\u00e3o, de eventos cient\u00edficos; de peri\u00f3dicos cient\u00edficos. Instala\u00e7\u00e3o de programas necess\u00e1rios; pacotes. Uso pr\u00e1tico do conjunto de macros para TEX (linguagem de programa\u00e7\u00e3o para edi\u00e7\u00e3o de textos) para facilitar a edi\u00e7\u00e3o de textos complexos, arquivos LATEX que tem a extens\u00e3o .tex, e que precisam ser compilados para um formato leg\u00edvel como .pdf, .dvi, .ps&#8230;<\/p>\n<p><strong><b>Semestre<\/b><\/strong><\/p>\n<p>A definir<\/p>\n<p><strong><b>Dia\/Hor\u00e1rio<\/b><\/strong><\/p>\n<p><strong><b>&nbsp;A definir<\/b><\/strong><\/p>\n<p><strong><b>Docentes<\/b><\/strong><\/p>\n<p><a href=\"https:\/\/agrarias.ufpr.br\/pgapv\/maria-aparecida-cassilha-zawadneak\/\">Maria Aparecida Cassilha Zawadneak<\/a><\/p>\n<p>Profa Ida Chapaval Pimentel (Departamento de Patologia B\u00e1sica UFPR)<\/p>\n<p><strong><b>Bibliografia Recomendada<\/b><\/strong><\/p>\n<p style=\"text-align: justify\">CORDEIRO, E. DE C. A. <strong><b>Tutorial de uso do LaTex para escrita cient\u00edfica<\/b><\/strong>. S\u00e3o Carlos, USP, 2013.52p.<\/p>\n<p style=\"text-align: justify\">KAVAMURA, E. E. Formata\u00e7\u00e3o de trabalhos acad\u00eamicos &#8211; LaTeX2e &#8211; ABNTex2 &#8211; UFPR. Curitiba, 2018. Apostila digitada em LaTeX. 76p. Dispon\u00edvel em: <u>http:\/\/www.exatas.ufpr.br\/degraf_emilio\/wp-content\/uploads\/sites\/8\/2018\/04\/Modelo_ABNTeX2_UFPR-2018-01.pdf<\/u><\/p>\n<p style=\"text-align: justify\">MORA FLORES, W. <strong><b>Edician de Textos Cient\u00edficos con LATEX<\/b><\/strong>. Composici\u00f3n, Gr\u00e1ficos, Inkscape y resentaciones Beamer\/Walter Mora F. Alex\u00e1nder Borb\u00f3n A. \u2013 2ed. \u2013 Costa Rica, Escuela de Matem\u00e1tica, Instituto Tecnol\u00f3gico de Costa Rica. 2016. 311 pp. Disponivel em <u>https:\/\/tecdigital.tec.ac.cr\/revistamatematica\/Libros\/LATEX\/LaTeX_2014.pdf<\/u><\/p>\n","protected":false},"excerpt":{"rendered":"<p>N\u00edvel Mestrado\/Doutorado Natureza Concentrada Cr\u00e9ditos 01 Carga hor\u00e1ria 15 horas (11 te\u00f3ricas \/ 04 pr\u00e1ticas) Ementa Apresenta\u00e7\u00e3o do editor LaTeX para processamento de textos visando formata\u00e7\u00e3o de diversos tipos de documentos (cient\u00edficos, livros, tabelas e imagens e p\u00f4steres entre outros) de alta qualidade conforme normas de Programas de P\u00f3s-gradua\u00e7\u00e3o, de eventos cient\u00edficos; de peri\u00f3dicos cient\u00edficos. [&hellip;]<\/p>\n","protected":false},"author":3,"featured_media":0,"parent":0,"menu_order":0,"comment_status":"closed","ping_status":"closed","template":"","meta":{"footnotes":""},"class_list":["post-302","page","type-page","status-publish","hentry"],"_links":{"self":[{"href":"https:\/\/agrarias.ufpr.br\/pgapv\/wp-json\/wp\/v2\/pages\/302","targetHints":{"allow":["GET"]}}],"collection":[{"href":"https:\/\/agrarias.ufpr.br\/pgapv\/wp-json\/wp\/v2\/pages"}],"about":[{"href":"https:\/\/agrarias.ufpr.br\/pgapv\/wp-json\/wp\/v2\/types\/page"}],"author":[{"embeddable":true,"href":"https:\/\/agrarias.ufpr.br\/pgapv\/wp-json\/wp\/v2\/users\/3"}],"replies":[{"embeddable":true,"href":"https:\/\/agrarias.ufpr.br\/pgapv\/wp-json\/wp\/v2\/comments?post=302"}],"version-history":[{"count":8,"href":"https:\/\/agrarias.ufpr.br\/pgapv\/wp-json\/wp\/v2\/pages\/302\/revisions"}],"predecessor-version":[{"id":1842,"href":"https:\/\/agrarias.ufpr.br\/pgapv\/wp-json\/wp\/v2\/pages\/302\/revisions\/1842"}],"wp:attachment":[{"href":"https:\/\/agrarias.ufpr.br\/pgapv\/wp-json\/wp\/v2\/media?parent=302"}],"curies":[{"name":"wp","href":"https:\/\/api.w.org\/{rel}","templated":true}]}}