{"id":296,"date":"2018-07-04T12:57:44","date_gmt":"2018-07-04T12:57:44","guid":{"rendered":"https:\/\/agrarias.ufpr.br\/pgapv\/?page_id=296"},"modified":"2026-02-04T12:29:16","modified_gmt":"2026-02-04T12:29:16","slug":"agro-7032-seminarios-i","status":"publish","type":"page","link":"https:\/\/agrarias.ufpr.br\/pgapv\/agro-7032-seminarios-i\/","title":{"rendered":"AGRO 7032 \u2013 Semin\u00e1rios I: Metodologia Cient\u00edfica"},"content":{"rendered":"\n<p><strong>N\u00edvel<\/strong><\/p>\n\n\n\n<p>Mestrado\/Doutorado<\/p>\n\n\n\n<p><strong>Natureza<\/strong><\/p>\n\n\n\n<p>Concentrada<\/p>\n\n\n\n<p><strong>Cr\u00e9ditos <\/strong><\/p>\n\n\n\n<p>02<\/p>\n\n\n\n<p><strong>Carga hor\u00e1ria<\/strong><\/p>\n\n\n\n<p>30 horas<\/p>\n\n\n\n<p><strong>Ementa<\/strong><\/p>\n\n\n\n<p>Diretrizes para a elabora\u00e7\u00e3o, estrutura\u00e7\u00e3o e desenvolvimento de trabalhos cient\u00edficos pautadas nas normas&nbsp;da ABNT e UFPR, visando orientar o discente na execu\u00e7\u00e3o da disserta\u00e7\u00e3o, tese e artigos cient\u00edficos<\/p>\n\n\n\n<p><strong>Semestre<\/strong><\/p>\n\n\n\n<p>1\u00ba<\/p>\n\n\n\n<p><strong>Dia\/Hor\u00e1rio<\/strong><\/p>\n\n\n\n<p>A definir<\/p>\n\n\n\n<p><strong>Docentes<\/strong><\/p>\n\n\n\n<p><a href=\"https:\/\/agrarias.ufpr.br\/pgapv\/maria-aparecida-cassilha-zawadneak\/\">Maria Aparecida Cassilha Zawadneak<\/a><\/p>\n\n\n\n<p><a href=\"https:\/\/agrarias.ufpr.br\/pgapv\/renata-faier-calegario\/\">Renata Faier Caleg\u00e1rio<\/a><\/p>\n","protected":false},"excerpt":{"rendered":"<p>N\u00edvel Mestrado\/Doutorado Natureza Concentrada Cr\u00e9ditos 02 Carga hor\u00e1ria 30 horas Ementa Diretrizes para a elabora\u00e7\u00e3o, estrutura\u00e7\u00e3o e desenvolvimento de trabalhos cient\u00edficos pautadas nas normas&nbsp;da ABNT e UFPR, visando orientar o discente na execu\u00e7\u00e3o da disserta\u00e7\u00e3o, tese e artigos cient\u00edficos Semestre 1\u00ba Dia\/Hor\u00e1rio A definir Docentes Maria Aparecida Cassilha Zawadneak Renata Faier Caleg\u00e1rio<\/p>\n","protected":false},"author":3,"featured_media":0,"parent":0,"menu_order":0,"comment_status":"closed","ping_status":"closed","template":"","meta":{"footnotes":""},"class_list":["post-296","page","type-page","status-publish","hentry"],"_links":{"self":[{"href":"https:\/\/agrarias.ufpr.br\/pgapv\/wp-json\/wp\/v2\/pages\/296","targetHints":{"allow":["GET"]}}],"collection":[{"href":"https:\/\/agrarias.ufpr.br\/pgapv\/wp-json\/wp\/v2\/pages"}],"about":[{"href":"https:\/\/agrarias.ufpr.br\/pgapv\/wp-json\/wp\/v2\/types\/page"}],"author":[{"embeddable":true,"href":"https:\/\/agrarias.ufpr.br\/pgapv\/wp-json\/wp\/v2\/users\/3"}],"replies":[{"embeddable":true,"href":"https:\/\/agrarias.ufpr.br\/pgapv\/wp-json\/wp\/v2\/comments?post=296"}],"version-history":[{"count":11,"href":"https:\/\/agrarias.ufpr.br\/pgapv\/wp-json\/wp\/v2\/pages\/296\/revisions"}],"predecessor-version":[{"id":7644,"href":"https:\/\/agrarias.ufpr.br\/pgapv\/wp-json\/wp\/v2\/pages\/296\/revisions\/7644"}],"wp:attachment":[{"href":"https:\/\/agrarias.ufpr.br\/pgapv\/wp-json\/wp\/v2\/media?parent=296"}],"curies":[{"name":"wp","href":"https:\/\/api.w.org\/{rel}","templated":true}]}}

AGRO 7032 – Seminários I: Metodologia Científica

<p><strong>Nível</strong></p>



<p>Mestrado/Doutorado</p>



<p><strong>Natureza</strong></p>



<p>Concentrada</p>



<p><strong>Créditos </strong></p>



<p>02</p>



<p><strong>Carga horária</strong></p>



<p>30 horas</p>



<p><strong>Ementa</strong></p>



<p>Diretrizes para a elaboração, estruturação e desenvolvimento de trabalhos científicos pautadas nas normas&nbsp;da ABNT e UFPR, visando orientar o discente na execução da dissertação, tese e artigos científicos</p>



<p><strong>Semestre</strong></p>



<p>1º</p>



<p><strong>Dia/Horário</strong></p>



<p>A definir</p>



<p><strong>Docentes</strong></p>



<p><a href="https://agrarias.ufpr.br/pgapv/maria-aparecida-cassilha-zawadneak/">Maria Aparecida Cassilha Zawadneak</a></p>



<p><a href="https://agrarias.ufpr.br/pgapv/renata-faier-calegario/">Renata Faier Calegário</a></p>

<p>Nível Mestrado/Doutorado Natureza Concentrada Créditos 02 Carga horária 30 horas Ementa Diretrizes para a elaboração, estruturação e desenvolvimento de trabalhos científicos pautadas nas normas&nbsp;da ABNT e UFPR, visando orientar o discente na execução da dissertação, tese e artigos científicos Semestre 1º Dia/Horário A definir Docentes Maria Aparecida Cassilha Zawadneak Renata Faier Calegário</p>
