{"id":291,"date":"2018-07-04T12:49:42","date_gmt":"2018-07-04T12:49:42","guid":{"rendered":"https:\/\/agrarias.ufpr.br\/pgapv\/?page_id=291"},"modified":"2026-02-04T12:29:15","modified_gmt":"2026-02-04T12:29:15","slug":"agro7028-pratica-docente-ii","status":"publish","type":"page","link":"https:\/\/agrarias.ufpr.br\/pgapv\/agro7028-pratica-docente-ii\/","title":{"rendered":"AGRO 7028 &#8211; Pr\u00e1tica Docente II"},"content":{"rendered":"\n<p><strong>N\u00edvel<\/strong><\/p>\n\n\n\n<p>Mestrado\/Doutorado<\/p>\n\n\n\n<p><strong>Natureza<\/strong><\/p>\n\n\n\n<p>Semestral\/Concentrada<\/p>\n\n\n\n<p><strong>Cr\u00e9ditos <\/strong><\/p>\n\n\n\n<p>01<\/p>\n\n\n\n<p><strong>Carga hor\u00e1ria<\/strong><\/p>\n\n\n\n<p>15 horas&nbsp;<\/p>\n\n\n\n<p><strong>Ementa<\/strong><\/p>\n\n\n\n<p>Disciplina que visa preparar o aluno de p\u00f3s-gradua\u00e7\u00e3o para a doc\u00eancia. Consiste na experi\u00eancia pr\u00e1tica da a\u00e7\u00e3o profissional educativa, junto a uma disciplina do Curso de Gradua\u00e7\u00e3o em Agronomia\/Engenharia Florestal\/Zootecnia da UFPR, sendo assistido pelo professor respons\u00e1vel pela disciplina. Tamb\u00e9m objetiva a integra\u00e7\u00e3o da p\u00f3s-gradua\u00e7\u00e3o com a gradua\u00e7\u00e3o, estimulando a discuss\u00e3o pela diversidade do conhecimento e de pontos de vista.<\/p>\n\n\n\n<p><strong>Semestre<\/strong><\/p>\n\n\n\n<p>1\u00ba e 2\u00ba<\/p>\n\n\n\n<p><strong>Dia\/Hor\u00e1rio<\/strong><\/p>\n\n\n\n<p>De acordo com a disciplina da gradua\u00e7\u00e3o<\/p>\n\n\n\n<p><strong>Docentes<\/strong><\/p>\n\n\n\n<p>Todos do Programa de P\u00f3s-gradua\u00e7\u00e3o em Agronomia &#8211; Produ\u00e7\u00e3o Vegetal (PGAPV)<\/p>\n","protected":false},"excerpt":{"rendered":"<p>N\u00edvel Mestrado\/Doutorado Natureza Semestral\/Concentrada Cr\u00e9ditos 01 Carga hor\u00e1ria 15 horas&nbsp; Ementa Disciplina que visa preparar o aluno de p\u00f3s-gradua\u00e7\u00e3o para a doc\u00eancia. Consiste na experi\u00eancia pr\u00e1tica da a\u00e7\u00e3o profissional educativa, junto a uma disciplina do Curso de Gradua\u00e7\u00e3o em Agronomia\/Engenharia Florestal\/Zootecnia da UFPR, sendo assistido pelo professor respons\u00e1vel pela disciplina. Tamb\u00e9m objetiva a integra\u00e7\u00e3o da [&hellip;]<\/p>\n","protected":false},"author":3,"featured_media":0,"parent":0,"menu_order":0,"comment_status":"closed","ping_status":"closed","template":"","meta":{"footnotes":""},"class_list":["post-291","page","type-page","status-publish","hentry"],"_links":{"self":[{"href":"https:\/\/agrarias.ufpr.br\/pgapv\/wp-json\/wp\/v2\/pages\/291","targetHints":{"allow":["GET"]}}],"collection":[{"href":"https:\/\/agrarias.ufpr.br\/pgapv\/wp-json\/wp\/v2\/pages"}],"about":[{"href":"https:\/\/agrarias.ufpr.br\/pgapv\/wp-json\/wp\/v2\/types\/page"}],"author":[{"embeddable":true,"href":"https:\/\/agrarias.ufpr.br\/pgapv\/wp-json\/wp\/v2\/users\/3"}],"replies":[{"embeddable":true,"href":"https:\/\/agrarias.ufpr.br\/pgapv\/wp-json\/wp\/v2\/comments?post=291"}],"version-history":[{"count":8,"href":"https:\/\/agrarias.ufpr.br\/pgapv\/wp-json\/wp\/v2\/pages\/291\/revisions"}],"predecessor-version":[{"id":7643,"href":"https:\/\/agrarias.ufpr.br\/pgapv\/wp-json\/wp\/v2\/pages\/291\/revisions\/7643"}],"wp:attachment":[{"href":"https:\/\/agrarias.ufpr.br\/pgapv\/wp-json\/wp\/v2\/media?parent=291"}],"curies":[{"name":"wp","href":"https:\/\/api.w.org\/{rel}","templated":true}]}}