{"id":2895,"date":"2019-12-20T14:21:21","date_gmt":"2019-12-20T14:21:21","guid":{"rendered":"https:\/\/agrarias.ufpr.br\/pgapv\/?page_id=2895"},"modified":"2019-12-20T14:22:25","modified_gmt":"2019-12-20T14:22:25","slug":"agro7038-topicos-especiais-iv-crescimento-e-producao-do-componente-arboreo-em-sipa","status":"publish","type":"page","link":"https:\/\/agrarias.ufpr.br\/pgapv\/agro7038-topicos-especiais-iv-crescimento-e-producao-do-componente-arboreo-em-sipa\/","title":{"rendered":"AGRO7038 &#8211; T\u00f3picos Especiais IV &#8211; Crescimento e Produ\u00e7\u00e3o do Componente Arb\u00f3reo em SIPA"},"content":{"rendered":"<p><strong>N\u00edvel<\/strong><\/p>\n<p>Mestrado\/Doutorado<\/p>\n<p><strong>Natureza<\/strong><\/p>\n<p>Semestral<\/p>\n<p><strong>Cr\u00e9ditos<\/strong><\/p>\n<p>04<\/p>\n<p><strong>Carga hor\u00e1ria<\/strong><\/p>\n<p>60 horas (30 te\u00f3ricas \/ 30 pr\u00e1ticas)<\/p>\n<p><strong>Ementa<\/strong><\/p>\n<p>Conceitos sobre crescimento e produ\u00e7\u00e3o do componente arb\u00f3reo em SIPA. Medi\u00e7\u00f5es Florestais (Di\u00e2metros, Alturas). Principais tipos de erros de medi\u00e7\u00f5es. Avalia\u00e7\u00e3o da densidade da madeira. Distribui\u00e7\u00f5es diam\u00e9tricas. Rela\u00e7\u00f5es Hipsom\u00e9tricas. Idade de \u00e1rvores e povoamento. Estimativa da biomassa florestal. Sortimentos do povoamento. Estudos de crescimento florestal. Modelagem do componente florestal em Softwares (SAS, EasyFit e R)<\/p>\n<p><strong>Semestre<\/strong><\/p>\n<p>1\u00ba semestre de anos pares<\/p>\n<p><strong>Dia\/Hor\u00e1rio<\/strong><\/p>\n<p>Ter\u00e7a-feira\/ 08:00 \u2013 12:00 horas<\/p>\n<p><strong>Docentes<\/strong><\/p>\n<p><a href=\"https:\/\/agrarias.ufpr.br\/pgapv\/anibal-de-moraes\/\">Anibal de Moraes<\/a><\/p>\n<p>Jonathan William Trautenm\u00fcller<\/p>\n<p><strong>Bibliografia Recomendada<\/strong><\/p>\n<p>MACHADO, S.A. &amp; FIGUEIREDO FILHO, A. Dendromefria<\/p>\n<p>SCOLFORO, JR. S. Modelagem do Crescimento e da Produ\u00e7\u00e3o de Florestas Plantadas e Nativas<\/p>\n<p>SOARES, C. P. B, . PAULA NETO, F. &amp; SOUZA, A. L. DendrometTia e Invent\u00e1rio Florestal<\/p>\n<p>LEITE, HG. , &amp; CAMPOS,J. C. C. Mensura\u00e7\u00e3o Florestal &#8211; Perguntas e Respostas<\/p>\n<p>GOMES, A.M.A.; Medi\u00e7\u00e3o das Arvoredos.<\/p>\n<p>NETTO, S.P.; BRENA, P A. Inventario Florestal.<\/p>\n<p>PRODAN, M; PETERS, &nbsp;&amp; REAL, P. Mensura Forestal<\/p>\n<p>BITTERLICH, W.; The Relascope.<\/p>\n<p>SILVA &amp; PAULA NETO; Princ\u00edpios b\u00e1sicos de Dendromefria IO. SILVA, J.A.; Biometria e Estat\u00edstica Experimental<\/p>\n<p>Bibliografia complementar:<\/p>\n<p>HUSCH, B. : MILLER, C.I. &amp; BEERS, T.w. Mensuration<\/p>\n<p>LOETCH, ZOHRER &amp; HALLER. Forest<\/p>\n<p>ANUCHIM, NP. ; Forest Mensuration.<\/p>\n","protected":false},"excerpt":{"rendered":"<p>N\u00edvel Mestrado\/Doutorado Natureza Semestral Cr\u00e9ditos 04 Carga hor\u00e1ria 60 horas (30 te\u00f3ricas \/ 30 pr\u00e1ticas) Ementa Conceitos sobre crescimento e produ\u00e7\u00e3o do componente arb\u00f3reo em SIPA. Medi\u00e7\u00f5es Florestais (Di\u00e2metros, Alturas). Principais tipos de erros de medi\u00e7\u00f5es. Avalia\u00e7\u00e3o da densidade da madeira. Distribui\u00e7\u00f5es diam\u00e9tricas. Rela\u00e7\u00f5es Hipsom\u00e9tricas. Idade de \u00e1rvores e povoamento. Estimativa da biomassa florestal. Sortimentos [&hellip;]<\/p>\n","protected":false},"author":10269,"featured_media":0,"parent":0,"menu_order":0,"comment_status":"closed","ping_status":"closed","template":"","meta":{"footnotes":""},"class_list":["post-2895","page","type-page","status-publish","hentry"],"_links":{"self":[{"href":"https:\/\/agrarias.ufpr.br\/pgapv\/wp-json\/wp\/v2\/pages\/2895","targetHints":{"allow":["GET"]}}],"collection":[{"href":"https:\/\/agrarias.ufpr.br\/pgapv\/wp-json\/wp\/v2\/pages"}],"about":[{"href":"https:\/\/agrarias.ufpr.br\/pgapv\/wp-json\/wp\/v2\/types\/page"}],"author":[{"embeddable":true,"href":"https:\/\/agrarias.ufpr.br\/pgapv\/wp-json\/wp\/v2\/users\/10269"}],"replies":[{"embeddable":true,"href":"https:\/\/agrarias.ufpr.br\/pgapv\/wp-json\/wp\/v2\/comments?post=2895"}],"version-history":[{"count":1,"href":"https:\/\/agrarias.ufpr.br\/pgapv\/wp-json\/wp\/v2\/pages\/2895\/revisions"}],"predecessor-version":[{"id":2896,"href":"https:\/\/agrarias.ufpr.br\/pgapv\/wp-json\/wp\/v2\/pages\/2895\/revisions\/2896"}],"wp:attachment":[{"href":"https:\/\/agrarias.ufpr.br\/pgapv\/wp-json\/wp\/v2\/media?parent=2895"}],"curies":[{"name":"wp","href":"https:\/\/api.w.org\/{rel}","templated":true}]}}