{"id":280,"date":"2018-07-04T12:45:01","date_gmt":"2018-07-04T12:45:01","guid":{"rendered":"https:\/\/agrarias.ufpr.br\/pgapv\/?page_id=280"},"modified":"2026-04-07T23:56:29","modified_gmt":"2026-04-07T23:56:29","slug":"apv-7023-patologia-de-sementes","status":"publish","type":"page","link":"https:\/\/agrarias.ufpr.br\/pgapv\/apv-7023-patologia-de-sementes\/","title":{"rendered":"APV 7023 &#8211; PATOLOGIA DE SEMENTES"},"content":{"rendered":"\n<figure class=\"wp-block-image\"><img loading=\"lazy\" decoding=\"async\" width=\"300\" height=\"108\" src=\"https:\/\/agrarias.ufpr.br\/pgapv\/wp-content\/uploads\/sites\/39\/2018\/07\/foto-pos-gd-logo-maior-300x108.jpg\" alt=\"foto-pos-gd-logo-maior\" class=\"wp-image-196\" srcset=\"https:\/\/agrarias.ufpr.br\/pgapv\/wp-content\/uploads\/sites\/39\/2018\/07\/foto-pos-gd-logo-maior-300x108.jpg 300w, https:\/\/agrarias.ufpr.br\/pgapv\/wp-content\/uploads\/sites\/39\/2018\/07\/foto-pos-gd-logo-maior-768x277.jpg 768w, https:\/\/agrarias.ufpr.br\/pgapv\/wp-content\/uploads\/sites\/39\/2018\/07\/foto-pos-gd-logo-maior-1024x369.jpg 1024w, https:\/\/agrarias.ufpr.br\/pgapv\/wp-content\/uploads\/sites\/39\/2018\/07\/foto-pos-gd-logo-maior-250x90.jpg 250w, https:\/\/agrarias.ufpr.br\/pgapv\/wp-content\/uploads\/sites\/39\/2018\/07\/foto-pos-gd-logo-maior-160x58.jpg 160w, https:\/\/agrarias.ufpr.br\/pgapv\/wp-content\/uploads\/sites\/39\/2018\/07\/foto-pos-gd-logo-maior.jpg 1094w\" sizes=\"auto, (max-width: 300px) 100vw, 300px\" \/><\/figure>\n\n\n\n<p><\/p>\n\n\n\n<p>&nbsp;<\/p>\n\n\n\n<figure class=\"wp-block-table\"><table class=\"has-fixed-layout\"><tbody><tr><td>N\u00edvel: MESTRADO\/DOUTORADO &nbsp;<\/td><\/tr><tr><td>Natureza: SEMESTRAL &nbsp;<\/td><\/tr><tr><td>Carga Hor\u00e1ria: 60 horas (30 te\u00f3ricas\/30 pr\u00e1ticas) &nbsp;<\/td><\/tr><tr><td>Cr\u00e9dito: 04 &nbsp;<\/td><\/tr><tr><td>Ementa: As particularidades das sementes e os estudos de Patologia. Doen\u00e7as em plantas e tipos de associa\u00e7\u00e3o entre fungos e sementes. M\u00e9todos de detec\u00e7\u00e3o de fungos em sementes. Novos m\u00e9todos de detec\u00e7\u00e3o de fungos em sementes. &nbsp;\n<p>Caracter\u00edsticas dos fungos associados \u00e0s sementes. Tratamento de sementes. &nbsp;<\/p>\n<\/td><\/tr><tr><td>Cursos para os quais \u00e9 ministrada: Agronomia-Produ\u00e7\u00e3o Vegetal &nbsp;<\/td><\/tr><\/tbody><\/table><\/figure>\n","protected":false},"excerpt":{"rendered":"<p>&nbsp; N\u00edvel: MESTRADO\/DOUTORADO &nbsp; Natureza: SEMESTRAL &nbsp; Carga Hor\u00e1ria: 60 horas (30 te\u00f3ricas\/30 pr\u00e1ticas) &nbsp; Cr\u00e9dito: 04 &nbsp; Ementa: As particularidades das sementes e os estudos de Patologia. Doen\u00e7as em plantas e tipos de associa\u00e7\u00e3o entre fungos e sementes. M\u00e9todos de detec\u00e7\u00e3o de fungos em sementes. Novos m\u00e9todos de detec\u00e7\u00e3o de fungos em sementes. &nbsp; [&hellip;]<\/p>\n","protected":false},"author":3,"featured_media":0,"parent":0,"menu_order":0,"comment_status":"closed","ping_status":"closed","template":"","meta":{"footnotes":""},"class_list":["post-280","page","type-page","status-publish","hentry"],"_links":{"self":[{"href":"https:\/\/agrarias.ufpr.br\/pgapv\/wp-json\/wp\/v2\/pages\/280","targetHints":{"allow":["GET"]}}],"collection":[{"href":"https:\/\/agrarias.ufpr.br\/pgapv\/wp-json\/wp\/v2\/pages"}],"about":[{"href":"https:\/\/agrarias.ufpr.br\/pgapv\/wp-json\/wp\/v2\/types\/page"}],"author":[{"embeddable":true,"href":"https:\/\/agrarias.ufpr.br\/pgapv\/wp-json\/wp\/v2\/users\/3"}],"replies":[{"embeddable":true,"href":"https:\/\/agrarias.ufpr.br\/pgapv\/wp-json\/wp\/v2\/comments?post=280"}],"version-history":[{"count":2,"href":"https:\/\/agrarias.ufpr.br\/pgapv\/wp-json\/wp\/v2\/pages\/280\/revisions"}],"predecessor-version":[{"id":8163,"href":"https:\/\/agrarias.ufpr.br\/pgapv\/wp-json\/wp\/v2\/pages\/280\/revisions\/8163"}],"wp:attachment":[{"href":"https:\/\/agrarias.ufpr.br\/pgapv\/wp-json\/wp\/v2\/media?parent=280"}],"curies":[{"name":"wp","href":"https:\/\/api.w.org\/{rel}","templated":true}]}}