{"id":2776,"date":"2019-08-07T13:09:42","date_gmt":"2019-08-07T13:09:42","guid":{"rendered":"https:\/\/agrarias.ufpr.br\/pgapv\/?page_id=2776"},"modified":"2026-02-04T12:33:35","modified_gmt":"2026-02-04T12:33:35","slug":"agro-7038-topicos-especiais-iv-manejo-de-culturas-geneticamente-modificadas-em-sistemas-integrados","status":"publish","type":"page","link":"https:\/\/agrarias.ufpr.br\/pgapv\/agro-7038-topicos-especiais-iv-manejo-de-culturas-geneticamente-modificadas-em-sistemas-integrados\/","title":{"rendered":"AGRO 7050 &#8211; Controle Qu\u00edmico de Plantas Daninhas"},"content":{"rendered":"\n<p class=\"Normal_Web_ tm16\"><strong><span class=\"tm17\">N\u00edvel<\/span><\/strong><\/p>\n\n\n\n<p class=\"Normal_Web_ tm16\"><span class=\"tm18\">Mestrado\/Doutorado<\/span><\/p>\n\n\n\n<p class=\"Normal_Web_ tm16\"><strong><span class=\"Forte\">Natureza<\/span><\/strong><\/p>\n\n\n\n<p class=\"Normal_Web_ tm16\"><span class=\"tm18\">Concentrada<\/span><\/p>\n\n\n\n<p class=\"Normal_Web_ tm16\"><strong><span class=\"tm17\">Cr\u00e9ditos<\/span><\/strong><\/p>\n\n\n\n<p class=\"Normal_Web_ tm16\"><span class=\"tm18\">04<\/span><\/p>\n\n\n\n<p class=\"Normal_Web_ tm16\"><strong><span class=\"Forte\">Carga hor\u00e1ria<\/span><\/strong><\/p>\n\n\n\n<p class=\"Normal_Web_ tm16\"><span class=\"tm18\">60 horas&nbsp;<\/span><\/p>\n\n\n\n<p class=\"Normal_Web_ tm16\"><strong><span class=\"Forte\">Ementa<\/span><\/strong><\/p>\n\n\n\n<p>Estudo e reflex\u00f5es sobre o controle qu\u00edmico de plantas daninhas e seus impactos nas principais culturas agr\u00edcolas encontradas no Brasil. Aprofundamento e caracteriza\u00e7\u00e3o dos mecanismos de a\u00e7\u00f5es dos herbicidas e sua utiliza\u00e7\u00e3o.<\/p>\n\n\n\n<p class=\"tm20\"><strong><span class=\"Forte\">Semestre<\/span><\/strong><\/p>\n\n\n\n<p class=\"Normal_Web_ tm16\"><span class=\"tm18\">2\u00ba semestre de anos pares<\/span><\/p>\n\n\n\n<p class=\"Normal_Web_ tm16\"><strong><span class=\"tm17\">Dia\/Hor\u00e1rio<\/span><\/strong><\/p>\n\n\n\n<p class=\"Normal_Web_ tm16\"><span class=\"tm23\">A definir<\/span><\/p>\n\n\n\n<p class=\"Normal_Web_ tm16\"><strong><span class=\"Forte\">Docente<\/span><\/strong><\/p>\n\n\n\n<p><a href=\"https:\/\/agrarias.ufpr.br\/pgapv\/alfredo-junior-paiola-albrecht\/\">Alfredo Junior Paiola Albrecht<\/a><\/p>\n\n\n\n<p><a href=\"https:\/\/agrarias.ufpr.br\/pgapv\/arthur-arrobas-martins-barroso\/\">Arthur Arrobas Martins Barroso<\/a><\/p>\n\n\n\n<p><a href=\"https:\/\/agrarias.ufpr.br\/pgapv\/leandropaiola\/\" data-type=\"page\" data-id=\"6773\">Leandro Paiola Albreicht<\/a><\/p>\n\n\n\n<p class=\"Normal_Web_ tm16\"><strong><span class=\"tm25\">Bibliografia Recomendada<\/span><\/strong><\/p>\n\n\n\n<p>Baker, B. P., Green, T. A., &amp; Loker, A. J. (2020). Biological control and integrated pest management in organic and conventional systems. Biological Control, 140, 104095.<\/p>\n\n\n\n<p>Barroso, A. A. M., Murata, A. T. Matologia: Estudos sobre plantas daninhas. Jaboticabal-SP: F\u00e1brica da Palavra, 2021. 547 p.<\/p>\n\n\n\n<p>Camargo, E. R., Zapiola, M. L., de Avila, L. A., Garcia, M. A., Plaza, G., Gazziero, D., &amp; Hoyos, V. (2020). Current situation regarding herbicide regulation and public perception in South America. Weed Science, 68(3), 232-239.<\/p>\n\n\n\n<p>Lopes, E. A. et al. A Qu\u00edmica na Produ\u00e7\u00e3o Vegetal. Rio Parana\u00edba: UFV, 2017. 399 p. https:\/\/www.researchgate.net\/publication\/320559510_A_quimica_na_producao_vegetal<\/p>\n\n\n\n<p>Mendes, K.F. (2020). Plantas daninhas resistentes ao glyphosate no brasil: biologia, mecanismo de resist\u00eancia e manejo. Brazil Publishing, 266 p. https:\/\/doi.org\/10.31012\/978-65-87836-49-2<\/p>\n\n\n\n<p>Mendes, K. F. (2020). Radioisotopes in weed research. 1a ed. CRC Press, 224 p.<\/p>\n\n\n\n<p>Monquero, P. A. Aspectos da Biologia e Manejo das Plantas Daninhas. S\u00e3o Carlos: Rima, 2014. 400 p.<\/p>\n\n\n\n<p>Monquero, P.A. Experimenta\u00e7\u00e3o com herbicidas. S\u00e3o Carlos: Rima, 2014. 192p.<\/p>\n\n\n\n<p>Moss, S. (2019). Integrated weed management (IWM): why are farmers reluctant to adopt non\u2010chemical alternatives to herbicides?. Pest Management Science, 75(5), 1205-1211.<\/p>\n\n\n\n<p>Neve, P., Barney, J. N., Buckley, Y., Cousens, R. D., Graham, S., Jordan, N. R., &#8230; &amp; Shaw, J. (2018). Reviewing research priorities in weed ecology, evolution and management: a horizon scan. Weed Research, 58(4), 250-258.<\/p>\n\n\n\n<p>Oliveira Junior, R. S; Constantin, J.; Inoue, M.H. (ed.). Biologia e Manejo de Plantas Daninhas, Curitiba-PR, Omnipax, 2011 348p.<\/p>\n\n\n\n<p>Oliveira, M. F.; Brighenti, A. M. Controle de plantas daninhas: M\u00e9todos f\u00edsico, mec\u00e2nico, cultural, biol\u00f3gico e alelopatia. Embrapa Milho e Sorgo, 2018. 196 p. Dispon\u00edvel em: https:\/\/www.embrapa.br\/busca-de-publicacoes\/-\/publicacao\/1103281\/controle-de-plantas-daninhas-metodos-fisico-mecanico-cultural-biologico-e-alelopatia<\/p>\n\n\n\n<p>Pacanoski, Z. Herbicide Resistance in Weeds and Crops. Londres: IntechOpen, 2017. https:\/\/www.intechopen.com\/books\/herbicide-resistance-in-weeds-and-crops<\/p>\n\n\n\n<p>Rodrigues, B. N.; &amp; Almeida, F. S. Guia de herbicidas. 7\u00aa edi\u00e7\u00e3o. Londrina: Ed. dos autores, 2018. 764 p.<\/p>\n","protected":false},"excerpt":{"rendered":"<p>N\u00edvel Mestrado\/Doutorado Natureza Concentrada Cr\u00e9ditos 04 Carga hor\u00e1ria 60 horas&nbsp; Ementa Estudo e reflex\u00f5es sobre o controle qu\u00edmico de plantas daninhas e seus impactos nas principais culturas agr\u00edcolas encontradas no Brasil. Aprofundamento e caracteriza\u00e7\u00e3o dos mecanismos de a\u00e7\u00f5es dos herbicidas e sua utiliza\u00e7\u00e3o. Semestre 2\u00ba semestre de anos pares Dia\/Hor\u00e1rio A definir Docente Alfredo Junior [&hellip;]<\/p>\n","protected":false},"author":10269,"featured_media":0,"parent":0,"menu_order":0,"comment_status":"closed","ping_status":"closed","template":"","meta":{"footnotes":""},"class_list":["post-2776","page","type-page","status-publish","hentry"],"_links":{"self":[{"href":"https:\/\/agrarias.ufpr.br\/pgapv\/wp-json\/wp\/v2\/pages\/2776","targetHints":{"allow":["GET"]}}],"collection":[{"href":"https:\/\/agrarias.ufpr.br\/pgapv\/wp-json\/wp\/v2\/pages"}],"about":[{"href":"https:\/\/agrarias.ufpr.br\/pgapv\/wp-json\/wp\/v2\/types\/page"}],"author":[{"embeddable":true,"href":"https:\/\/agrarias.ufpr.br\/pgapv\/wp-json\/wp\/v2\/users\/10269"}],"replies":[{"embeddable":true,"href":"https:\/\/agrarias.ufpr.br\/pgapv\/wp-json\/wp\/v2\/comments?post=2776"}],"version-history":[{"count":8,"href":"https:\/\/agrarias.ufpr.br\/pgapv\/wp-json\/wp\/v2\/pages\/2776\/revisions"}],"predecessor-version":[{"id":7648,"href":"https:\/\/agrarias.ufpr.br\/pgapv\/wp-json\/wp\/v2\/pages\/2776\/revisions\/7648"}],"wp:attachment":[{"href":"https:\/\/agrarias.ufpr.br\/pgapv\/wp-json\/wp\/v2\/media?parent=2776"}],"curies":[{"name":"wp","href":"https:\/\/api.w.org\/{rel}","templated":true}]}}

AGRO 7050 &#8211; Controle Químico de Plantas Daninhas

<p class="Normal_Web_ tm16"><strong><span class="tm17">Nível</span></strong></p>



<p class="Normal_Web_ tm16"><span class="tm18">Mestrado/Doutorado</span></p>



<p class="Normal_Web_ tm16"><strong><span class="Forte">Natureza</span></strong></p>



<p class="Normal_Web_ tm16"><span class="tm18">Concentrada</span></p>



<p class="Normal_Web_ tm16"><strong><span class="tm17">Créditos</span></strong></p>



<p class="Normal_Web_ tm16"><span class="tm18">04</span></p>



<p class="Normal_Web_ tm16"><strong><span class="Forte">Carga horária</span></strong></p>



<p class="Normal_Web_ tm16"><span class="tm18">60 horas&nbsp;</span></p>



<p class="Normal_Web_ tm16"><strong><span class="Forte">Ementa</span></strong></p>



<p>Estudo e reflexões sobre o controle químico de plantas daninhas e seus impactos nas principais culturas agrícolas encontradas no Brasil. Aprofundamento e caracterização dos mecanismos de ações dos herbicidas e sua utilização.</p>



<p class="tm20"><strong><span class="Forte">Semestre</span></strong></p>



<p class="Normal_Web_ tm16"><span class="tm18">2º semestre de anos pares</span></p>



<p class="Normal_Web_ tm16"><strong><span class="tm17">Dia/Horário</span></strong></p>



<p class="Normal_Web_ tm16"><span class="tm23">A definir</span></p>



<p class="Normal_Web_ tm16"><strong><span class="Forte">Docente</span></strong></p>



<p><a href="https://agrarias.ufpr.br/pgapv/alfredo-junior-paiola-albrecht/">Alfredo Junior Paiola Albrecht</a></p>



<p><a href="https://agrarias.ufpr.br/pgapv/arthur-arrobas-martins-barroso/">Arthur Arrobas Martins Barroso</a></p>



<p><a href="https://agrarias.ufpr.br/pgapv/leandropaiola/" data-type="page" data-id="6773">Leandro Paiola Albreicht</a></p>



<p class="Normal_Web_ tm16"><strong><span class="tm25">Bibliografia Recomendada</span></strong></p>



<p>Baker, B. P., Green, T. A., &amp; Loker, A. J. (2020). Biological control and integrated pest management in organic and conventional systems. Biological Control, 140, 104095.</p>



<p>Barroso, A. A. M., Murata, A. T. Matologia: Estudos sobre plantas daninhas. Jaboticabal-SP: Fábrica da Palavra, 2021. 547 p.</p>



<p>Camargo, E. R., Zapiola, M. L., de Avila, L. A., Garcia, M. A., Plaza, G., Gazziero, D., &amp; Hoyos, V. (2020). Current situation regarding herbicide regulation and public perception in South America. Weed Science, 68(3), 232-239.</p>



<p>Lopes, E. A. et al. A Química na Produção Vegetal. Rio Paranaíba: UFV, 2017. 399 p. https://www.researchgate.net/publication/320559510_A_quimica_na_producao_vegetal</p>



<p>Mendes, K.F. (2020). Plantas daninhas resistentes ao glyphosate no brasil: biologia, mecanismo de resistência e manejo. Brazil Publishing, 266 p. https://doi.org/10.31012/978-65-87836-49-2</p>



<p>Mendes, K. F. (2020). Radioisotopes in weed research. 1a ed. CRC Press, 224 p.</p>



<p>Monquero, P. A. Aspectos da Biologia e Manejo das Plantas Daninhas. São Carlos: Rima, 2014. 400 p.</p>



<p>Monquero, P.A. Experimentação com herbicidas. São Carlos: Rima, 2014. 192p.</p>



<p>Moss, S. (2019). Integrated weed management (IWM): why are farmers reluctant to adopt non‐chemical alternatives to herbicides?. Pest Management Science, 75(5), 1205-1211.</p>



<p>Neve, P., Barney, J. N., Buckley, Y., Cousens, R. D., Graham, S., Jordan, N. R., &#8230; &amp; Shaw, J. (2018). Reviewing research priorities in weed ecology, evolution and management: a horizon scan. Weed Research, 58(4), 250-258.</p>



<p>Oliveira Junior, R. S; Constantin, J.; Inoue, M.H. (ed.). Biologia e Manejo de Plantas Daninhas, Curitiba-PR, Omnipax, 2011 348p.</p>



<p>Oliveira, M. F.; Brighenti, A. M. Controle de plantas daninhas: Métodos físico, mecânico, cultural, biológico e alelopatia. Embrapa Milho e Sorgo, 2018. 196 p. Disponível em: https://www.embrapa.br/busca-de-publicacoes/-/publicacao/1103281/controle-de-plantas-daninhas-metodos-fisico-mecanico-cultural-biologico-e-alelopatia</p>



<p>Pacanoski, Z. Herbicide Resistance in Weeds and Crops. Londres: IntechOpen, 2017. https://www.intechopen.com/books/herbicide-resistance-in-weeds-and-crops</p>



<p>Rodrigues, B. N.; &amp; Almeida, F. S. Guia de herbicidas. 7ª edição. Londrina: Ed. dos autores, 2018. 764 p.</p>

<p>Nível Mestrado/Doutorado Natureza Concentrada Créditos 04 Carga horária 60 horas&nbsp; Ementa Estudo e reflexões sobre o controle químico de plantas daninhas e seus impactos nas principais culturas agrícolas encontradas no Brasil. Aprofundamento e caracterização dos mecanismos de ações dos herbicidas e sua utilização. Semestre 2º semestre de anos pares Dia/Horário A definir Docente Alfredo Junior [&hellip;]</p>
