{"id":2771,"date":"2022-07-20T18:06:12","date_gmt":"2022-07-20T18:06:12","guid":{"rendered":"https:\/\/agrarias.ufpr.br\/pgapv\/?page_id=2771"},"modified":"2022-07-27T17:32:06","modified_gmt":"2022-07-27T17:32:06","slug":"agro7038-topicos-especiais-iv-manejo-integrado-p-controle-doencas-resist-microbiana-prospeccao-de-alternativas-manejo-de-doencas","status":"publish","type":"page","link":"https:\/\/agrarias.ufpr.br\/pgapv\/agro7038-topicos-especiais-iv-manejo-integrado-p-controle-doencas-resist-microbiana-prospeccao-de-alternativas-manejo-de-doencas\/","title":{"rendered":"AGRO7038 &#8211; T\u00f3picos Especiais IV &#8211; Manejo Integrado p\/Controle Doen\u00e7as, Resist. Microbiana Prospec\u00e7\u00e3o de Alternativas  Manejo de Doen\u00e7as"},"content":{"rendered":"\n<p><strong>N\u00edvel<\/strong><\/p>\n\n\n\n<p>Mestrado\/doutorado<\/p>\n\n\n\n<p><strong>Natureza<\/strong><\/p>\n\n\n\n<p>Semestral<\/p>\n\n\n\n<p><strong>Cr\u00e9ditos<\/strong><\/p>\n\n\n\n<p>&nbsp;04<\/p>\n\n\n\n<p><strong>Carga Hor\u00e1ria<\/strong><\/p>\n\n\n\n<p>&nbsp;60 h &nbsp;<\/p>\n\n\n\n<p><strong>Ementa<\/strong><\/p>\n\n\n\n<p>Busca de compreens\u00e3o das bases do manejo integrado para controle de doen\u00e7as com uma vis\u00e3o pr\u00e1tica e aplic\u00e1vel para a realidade do produtor. Estudos de caso da realidade da produ\u00e7\u00e3o local em rela\u00e7\u00e3o a estrat\u00e9gias de manejos recomendadas considerando risco para resist\u00eancia a fungicidas e novas alternativas de controle.<\/p>\n\n\n\n<p><strong>Semestre<\/strong><\/p>\n\n\n\n<p>2\u00ba<\/p>\n\n\n\n<p><strong>Dia\/Hor\u00e1rio<\/strong><\/p>\n\n\n\n<p>De 6 a 18 de novembro (dias 14 e 15\/11 n\u00e3o ter\u00e1 curso presencial, reservado para preparo da apresenta\u00e7\u00e3o final)<\/p>\n\n\n\n<p><strong>Docente<\/strong><\/p>\n\n\n\n<p><a href=\"https:\/\/agrarias.ufpr.br\/pgapv\/louise-larissa-may-de-mio\/\">Louise Larissa May De Mio<\/a> &#8211; UFPR<br>Guido Schnabel \u2013 Universidade de Clemson &#8211; EUA<br>Jhulia Gelain &#8211; Universidade de Clemson &#8211; EUA<br>Heloisa Thomazi Kleina \u2013 Pos Doc da UFPR<\/p>\n\n\n\n<p><\/p>\n\n\n\n<p><strong>Bibliografia recomendada<\/strong><\/p>\n\n\n\n<p>AMORIM, L.; REZENDE, J.A.; BERGAMIN FILHO, A.; Manual de Fitopatologia. Vol 1. 2018. Quinta edi\u00e7\u00e3o.<\/p>\n\n\n\n<p>OLIVER, R.P.; HEWITT, H.G. Fungicides in Crop Protection, CAB International. 2014. Plant Pathology, 67:1697:1705.<\/p>\n\n\n\n<p>BRENT, K.; HOLLOMON, D. W. Fungicide resistance in crop pathogens: How can it be managed, FRAC Monograph n.1, 2007<\/p>\n\n\n\n<p>BRENT, K.; HOLLOMON, D. W. Fungicide Resistance: The assessment of risk. FRAC monograph, n. 2.<\/p>\n\n\n\n<p>DUTRA, P. S.S.; LICHTEMBERG, P.S.F.; MARTINEZ, M. B.; MICHAILIDES, T.J.; MAY DE MIO, L.L. (2020). Cross-Resistance Among Demethylation Inhibitor Fungicides with Brazilian Monilinia fructicola Isolates as a Foundation to Discuss Brown Rot Control in Stone Fruit. Plant Disease. https:\/\/doi.org\/10.1094\/PDIS-04-20-0714-RE<\/p>\n\n\n\n<p>FLINCKH, M.R; van BRUGGEN. A.H.C.; TAMM, L. Plant Disease and their Management in organic agriculture, APS Press, 2015<\/p>\n\n\n\n<p>KLOSOWSKI, A. C.; CASTELLAR, C.; STAMMLER, G; MAY DE MIO, L L . (2018). Fungicide sensitivity and monocyclic parameters related to soybean pathosystem from organic and conventional soybean production systems.<\/p>\n\n\n\n<p>LICHTEMBERG, P.F.S.; MICHAILIDES, T.J.; PUCKETT, R. D.; ZEVIANE, W.M.; MAY-DE MIO, L.L. (2019) . Fitness costs associated with G461S mutants of Monilinia fructicola could favor the management of tebuconazole resistance in Brazil. Tropical Plant Pathology 44:140-150.<\/p>\n\n\n\n<p>MOREIRA, R.R.; HAMADA, N. A.; PERES, N. A.; MAY DE MIO, L.L. (2019) Sensitivity of Colletotrichum acutatum species complex from apple trees in Brazil to dithiocarbamates, MBC and QoI fungicides. Plant Disease, https:\/\/doi.org\/10.1094\/PDIS-07-18-1144-RE<\/p>\n\n\n\n<p>FRANCL, L.J.; NEHER, D.A. (Eds.). Exercises in plant disease epidemiology. St. Paul: APS Press, 1997. 242p.<\/p>\n\n\n\n<p>FRANNTSZEN, J. Epidemiology and plant Ecology. Principles and applications.World Scientific. 2007. 172 p.<\/p>\n\n\n\n<p>MADDEN, L.V.; HUGHES, G.; VAN DEN BOSCH, F. The study of plant disease epidemics. St. Paul: APS Press, 2007. 421p.<\/p>\n\n\n\n<p>ROESE, A. D. ; RIBERIO Jr, P.J.; MAY-DE MIO, L. L. (2017). Microclimate in agrosilvopastoral system enhances powdery mildew severity compared to agropastoral and non-integrated crop. Tropical Plant Pathology, 42: 382-390.<\/p>\n","protected":false},"excerpt":{"rendered":"<p>N\u00edvel Mestrado\/doutorado Natureza Semestral Cr\u00e9ditos &nbsp;04 Carga Hor\u00e1ria &nbsp;60 h &nbsp; Ementa Busca de compreens\u00e3o das bases do manejo integrado para controle de doen\u00e7as com uma vis\u00e3o pr\u00e1tica e aplic\u00e1vel para a realidade do produtor. Estudos de caso da realidade da produ\u00e7\u00e3o local em rela\u00e7\u00e3o a estrat\u00e9gias de manejos recomendadas considerando risco para resist\u00eancia a [&hellip;]<\/p>\n","protected":false},"author":10269,"featured_media":0,"parent":0,"menu_order":0,"comment_status":"closed","ping_status":"closed","template":"","meta":{"footnotes":""},"class_list":["post-2771","page","type-page","status-publish","hentry"],"_links":{"self":[{"href":"https:\/\/agrarias.ufpr.br\/pgapv\/wp-json\/wp\/v2\/pages\/2771","targetHints":{"allow":["GET"]}}],"collection":[{"href":"https:\/\/agrarias.ufpr.br\/pgapv\/wp-json\/wp\/v2\/pages"}],"about":[{"href":"https:\/\/agrarias.ufpr.br\/pgapv\/wp-json\/wp\/v2\/types\/page"}],"author":[{"embeddable":true,"href":"https:\/\/agrarias.ufpr.br\/pgapv\/wp-json\/wp\/v2\/users\/10269"}],"replies":[{"embeddable":true,"href":"https:\/\/agrarias.ufpr.br\/pgapv\/wp-json\/wp\/v2\/comments?post=2771"}],"version-history":[{"count":5,"href":"https:\/\/agrarias.ufpr.br\/pgapv\/wp-json\/wp\/v2\/pages\/2771\/revisions"}],"predecessor-version":[{"id":4976,"href":"https:\/\/agrarias.ufpr.br\/pgapv\/wp-json\/wp\/v2\/pages\/2771\/revisions\/4976"}],"wp:attachment":[{"href":"https:\/\/agrarias.ufpr.br\/pgapv\/wp-json\/wp\/v2\/media?parent=2771"}],"curies":[{"name":"wp","href":"https:\/\/api.w.org\/{rel}","templated":true}]}}

AGRO7038 &#8211; Tópicos Especiais IV &#8211; Manejo Integrado p/Controle Doenças, Resist. Microbiana Prospecção de Alternativas  Manejo de Doenças

<p><strong>Nível</strong></p>



<p>Mestrado/doutorado</p>



<p><strong>Natureza</strong></p>



<p>Semestral</p>



<p><strong>Créditos</strong></p>



<p>&nbsp;04</p>



<p><strong>Carga Horária</strong></p>



<p>&nbsp;60 h &nbsp;</p>



<p><strong>Ementa</strong></p>



<p>Busca de compreensão das bases do manejo integrado para controle de doenças com uma visão prática e aplicável para a realidade do produtor. Estudos de caso da realidade da produção local em relação a estratégias de manejos recomendadas considerando risco para resistência a fungicidas e novas alternativas de controle.</p>



<p><strong>Semestre</strong></p>



<p>2º</p>



<p><strong>Dia/Horário</strong></p>



<p>De 6 a 18 de novembro (dias 14 e 15/11 não terá curso presencial, reservado para preparo da apresentação final)</p>



<p><strong>Docente</strong></p>



<p><a href="https://agrarias.ufpr.br/pgapv/louise-larissa-may-de-mio/">Louise Larissa May De Mio</a> &#8211; UFPR<br>Guido Schnabel – Universidade de Clemson &#8211; EUA<br>Jhulia Gelain &#8211; Universidade de Clemson &#8211; EUA<br>Heloisa Thomazi Kleina – Pos Doc da UFPR</p>



<p></p>



<p><strong>Bibliografia recomendada</strong></p>



<p>AMORIM, L.; REZENDE, J.A.; BERGAMIN FILHO, A.; Manual de Fitopatologia. Vol 1. 2018. Quinta edição.</p>



<p>OLIVER, R.P.; HEWITT, H.G. Fungicides in Crop Protection, CAB International. 2014. Plant Pathology, 67:1697:1705.</p>



<p>BRENT, K.; HOLLOMON, D. W. Fungicide resistance in crop pathogens: How can it be managed, FRAC Monograph n.1, 2007</p>



<p>BRENT, K.; HOLLOMON, D. W. Fungicide Resistance: The assessment of risk. FRAC monograph, n. 2.</p>



<p>DUTRA, P. S.S.; LICHTEMBERG, P.S.F.; MARTINEZ, M. B.; MICHAILIDES, T.J.; MAY DE MIO, L.L. (2020). Cross-Resistance Among Demethylation Inhibitor Fungicides with Brazilian Monilinia fructicola Isolates as a Foundation to Discuss Brown Rot Control in Stone Fruit. Plant Disease. https://doi.org/10.1094/PDIS-04-20-0714-RE</p>



<p>FLINCKH, M.R; van BRUGGEN. A.H.C.; TAMM, L. Plant Disease and their Management in organic agriculture, APS Press, 2015</p>



<p>KLOSOWSKI, A. C.; CASTELLAR, C.; STAMMLER, G; MAY DE MIO, L L . (2018). Fungicide sensitivity and monocyclic parameters related to soybean pathosystem from organic and conventional soybean production systems.</p>



<p>LICHTEMBERG, P.F.S.; MICHAILIDES, T.J.; PUCKETT, R. D.; ZEVIANE, W.M.; MAY-DE MIO, L.L. (2019) . Fitness costs associated with G461S mutants of Monilinia fructicola could favor the management of tebuconazole resistance in Brazil. Tropical Plant Pathology 44:140-150.</p>



<p>MOREIRA, R.R.; HAMADA, N. A.; PERES, N. A.; MAY DE MIO, L.L. (2019) Sensitivity of Colletotrichum acutatum species complex from apple trees in Brazil to dithiocarbamates, MBC and QoI fungicides. Plant Disease, https://doi.org/10.1094/PDIS-07-18-1144-RE</p>



<p>FRANCL, L.J.; NEHER, D.A. (Eds.). Exercises in plant disease epidemiology. St. Paul: APS Press, 1997. 242p.</p>



<p>FRANNTSZEN, J. Epidemiology and plant Ecology. Principles and applications.World Scientific. 2007. 172 p.</p>



<p>MADDEN, L.V.; HUGHES, G.; VAN DEN BOSCH, F. The study of plant disease epidemics. St. Paul: APS Press, 2007. 421p.</p>



<p>ROESE, A. D. ; RIBERIO Jr, P.J.; MAY-DE MIO, L. L. (2017). Microclimate in agrosilvopastoral system enhances powdery mildew severity compared to agropastoral and non-integrated crop. Tropical Plant Pathology, 42: 382-390.</p>

<p>Nível Mestrado/doutorado Natureza Semestral Créditos &nbsp;04 Carga Horária &nbsp;60 h &nbsp; Ementa Busca de compreensão das bases do manejo integrado para controle de doenças com uma visão prática e aplicável para a realidade do produtor. Estudos de caso da realidade da produção local em relação a estratégias de manejos recomendadas considerando risco para resistência a [&hellip;]</p>
