{"id":249,"date":"2018-07-04T12:29:21","date_gmt":"2018-07-04T12:29:21","guid":{"rendered":"https:\/\/agrarias.ufpr.br\/pgapv\/?page_id=249"},"modified":"2026-04-07T23:55:50","modified_gmt":"2026-04-07T23:55:50","slug":"apv-7013-fundamentos-para-o-manejo-de-plantas-cultivadas","status":"publish","type":"page","link":"https:\/\/agrarias.ufpr.br\/pgapv\/apv-7013-fundamentos-para-o-manejo-de-plantas-cultivadas\/","title":{"rendered":"APV 7013 &#8211; FUNDAMENTOS PARA O MANEJO DE PLANTAS CULTIVADAS"},"content":{"rendered":"\n<figure class=\"wp-block-image\"><img loading=\"lazy\" decoding=\"async\" width=\"300\" height=\"108\" src=\"https:\/\/agrarias.ufpr.br\/pgapv\/wp-content\/uploads\/sites\/39\/2018\/07\/foto-pos-gd-logo-maior-300x108.jpg\" alt=\"foto-pos-gd-logo-maior\" class=\"wp-image-196\" srcset=\"https:\/\/agrarias.ufpr.br\/pgapv\/wp-content\/uploads\/sites\/39\/2018\/07\/foto-pos-gd-logo-maior-300x108.jpg 300w, https:\/\/agrarias.ufpr.br\/pgapv\/wp-content\/uploads\/sites\/39\/2018\/07\/foto-pos-gd-logo-maior-768x277.jpg 768w, https:\/\/agrarias.ufpr.br\/pgapv\/wp-content\/uploads\/sites\/39\/2018\/07\/foto-pos-gd-logo-maior-1024x369.jpg 1024w, https:\/\/agrarias.ufpr.br\/pgapv\/wp-content\/uploads\/sites\/39\/2018\/07\/foto-pos-gd-logo-maior-250x90.jpg 250w, https:\/\/agrarias.ufpr.br\/pgapv\/wp-content\/uploads\/sites\/39\/2018\/07\/foto-pos-gd-logo-maior-160x58.jpg 160w, https:\/\/agrarias.ufpr.br\/pgapv\/wp-content\/uploads\/sites\/39\/2018\/07\/foto-pos-gd-logo-maior.jpg 1094w\" sizes=\"auto, (max-width: 300px) 100vw, 300px\" \/><\/figure>\n\n\n\n<p><\/p>\n\n\n\n<p>&nbsp;<\/p>\n\n\n\n<figure class=\"wp-block-table\"><table class=\"has-fixed-layout\"><tbody><tr><td>N\u00edvel:&nbsp; MESTRADO\/DOUTORADO<\/td><\/tr><tr><td>Natureza: SEMESTRAL<\/td><\/tr><tr><td>Carga Hor\u00e1ria: 60 horas (30 te\u00f3rica\/30 pr\u00e1tica)<\/td><\/tr><tr><td>Cr\u00e9dito: 04<\/td><\/tr><tr><td>Ementa: Princ\u00edpios de Fisioecologia aplicados ao manejo. Discuss\u00e3o dos avan\u00e7os em t\u00e9c- nicas de manejo de plantas cultivadas. Interrelacionamento entre a morfologia, fisiologia e express\u00e3o final do produto econ\u00f4mico das culturas. Inova\u00e7\u00f5es que permitam a obten\u00e7\u00e3o de alta efici\u00eancia na produ\u00e7\u00e3o de gr\u00e3os.<\/td><\/tr><tr><td>Cursos para os quais \u00e9 ministrada: Agronomia-Produ\u00e7\u00e3o Vegetal &nbsp;<\/td><\/tr><tr><td>Professor Respons\u00e1vel: Prof. Dr. Ricardo Augusto de Oliveira<\/td><\/tr><\/tbody><\/table><\/figure>\n","protected":false},"excerpt":{"rendered":"<p>&nbsp; N\u00edvel:&nbsp; MESTRADO\/DOUTORADO Natureza: SEMESTRAL Carga Hor\u00e1ria: 60 horas (30 te\u00f3rica\/30 pr\u00e1tica) Cr\u00e9dito: 04 Ementa: Princ\u00edpios de Fisioecologia aplicados ao manejo. Discuss\u00e3o dos avan\u00e7os em t\u00e9c- nicas de manejo de plantas cultivadas. Interrelacionamento entre a morfologia, fisiologia e express\u00e3o final do produto econ\u00f4mico das culturas. Inova\u00e7\u00f5es que permitam a obten\u00e7\u00e3o de alta efici\u00eancia na produ\u00e7\u00e3o [&hellip;]<\/p>\n","protected":false},"author":3,"featured_media":0,"parent":0,"menu_order":0,"comment_status":"closed","ping_status":"closed","template":"","meta":{"footnotes":""},"class_list":["post-249","page","type-page","status-publish","hentry"],"_links":{"self":[{"href":"https:\/\/agrarias.ufpr.br\/pgapv\/wp-json\/wp\/v2\/pages\/249","targetHints":{"allow":["GET"]}}],"collection":[{"href":"https:\/\/agrarias.ufpr.br\/pgapv\/wp-json\/wp\/v2\/pages"}],"about":[{"href":"https:\/\/agrarias.ufpr.br\/pgapv\/wp-json\/wp\/v2\/types\/page"}],"author":[{"embeddable":true,"href":"https:\/\/agrarias.ufpr.br\/pgapv\/wp-json\/wp\/v2\/users\/3"}],"replies":[{"embeddable":true,"href":"https:\/\/agrarias.ufpr.br\/pgapv\/wp-json\/wp\/v2\/comments?post=249"}],"version-history":[{"count":2,"href":"https:\/\/agrarias.ufpr.br\/pgapv\/wp-json\/wp\/v2\/pages\/249\/revisions"}],"predecessor-version":[{"id":8159,"href":"https:\/\/agrarias.ufpr.br\/pgapv\/wp-json\/wp\/v2\/pages\/249\/revisions\/8159"}],"wp:attachment":[{"href":"https:\/\/agrarias.ufpr.br\/pgapv\/wp-json\/wp\/v2\/media?parent=249"}],"curies":[{"name":"wp","href":"https:\/\/api.w.org\/{rel}","templated":true}]}}