{"id":2365,"date":"2018-11-09T16:11:31","date_gmt":"2018-11-09T16:11:31","guid":{"rendered":"https:\/\/agrarias.ufpr.br\/pgapv\/?page_id=2365"},"modified":"2018-11-11T17:49:46","modified_gmt":"2018-11-11T17:49:46","slug":"laboratorio-de-plantas-daninhas-setor-palotina-11806402","status":"publish","type":"page","link":"https:\/\/agrarias.ufpr.br\/pgapv\/laboratorio-de-plantas-daninhas-setor-palotina-11806402\/","title":{"rendered":"Laborat\u00f3rio de Plantas Daninhas \u2013 Setor Palotina"},"content":{"rendered":"<p><strong><b>Interesses de pesquisa<\/b><\/strong><\/p>\n<p style=\"text-align: justify\">\u00c9 utilizado principalmente para identifica\u00e7\u00e3o e secagem de plantas daninhas, bem como para preparo de amostras referentes a experimentos realizados em campo e em casa de vegeta\u00e7\u00e3o, em que conta basicamente com estufas de secagem, balan\u00e7as e moinhos.<\/p>\n<p><strong><b>Coordenador<\/b><\/strong><\/p>\n<p>Juliano Cordeiro<\/p>\n<p><strong><b>Vice-coordenador<\/b><\/strong><\/p>\n<p><a href=\"https:\/\/agrarias.ufpr.br\/pgapv\/alfredo-junior-paiola-albrecht\/\">Alfredo Junior Paiola Albrecht<\/a> &nbsp;<\/p>\n<p><strong><b>T\u00e9cnico respons\u00e1vel<\/b><\/strong><\/p>\n<p>Jamilson Bispo de Oliveira<\/p>\n<p><strong><b>Contato:&nbsp;&nbsp;<img loading=\"lazy\" decoding=\"async\" class=\"wp-image-758 alignnone\" src=\"https:\/\/agrarias.ufpr.br\/fitotecnia\/wp-content\/uploads\/sites\/26\/2016\/03\/telefone.png\" alt=\"telefone\" width=\"22\" height=\"22\"><\/b><\/strong><strong><b>&nbsp;<\/b><\/strong>+55 (41) 3211-1317<\/p>\n<p><strong>Fotos<\/strong><\/p>\n<p>[Best_Wordpress_Gallery id=&#8221;26&#8243; gal_title=&#8221;Plantas daninhas Palotina&#8221;]<\/p>\n","protected":false},"excerpt":{"rendered":"<p>Interesses de pesquisa \u00c9 utilizado principalmente para identifica\u00e7\u00e3o e secagem de plantas daninhas, bem como para preparo de amostras referentes a experimentos realizados em campo e em casa de vegeta\u00e7\u00e3o, em que conta basicamente com estufas de secagem, balan\u00e7as e moinhos. Coordenador Juliano Cordeiro Vice-coordenador Alfredo Junior Paiola Albrecht &nbsp; T\u00e9cnico respons\u00e1vel Jamilson Bispo de [&hellip;]<\/p>\n","protected":false},"author":3,"featured_media":0,"parent":0,"menu_order":0,"comment_status":"closed","ping_status":"closed","template":"","meta":{"footnotes":""},"class_list":["post-2365","page","type-page","status-publish","hentry"],"_links":{"self":[{"href":"https:\/\/agrarias.ufpr.br\/pgapv\/wp-json\/wp\/v2\/pages\/2365","targetHints":{"allow":["GET"]}}],"collection":[{"href":"https:\/\/agrarias.ufpr.br\/pgapv\/wp-json\/wp\/v2\/pages"}],"about":[{"href":"https:\/\/agrarias.ufpr.br\/pgapv\/wp-json\/wp\/v2\/types\/page"}],"author":[{"embeddable":true,"href":"https:\/\/agrarias.ufpr.br\/pgapv\/wp-json\/wp\/v2\/users\/3"}],"replies":[{"embeddable":true,"href":"https:\/\/agrarias.ufpr.br\/pgapv\/wp-json\/wp\/v2\/comments?post=2365"}],"version-history":[{"count":4,"href":"https:\/\/agrarias.ufpr.br\/pgapv\/wp-json\/wp\/v2\/pages\/2365\/revisions"}],"predecessor-version":[{"id":2378,"href":"https:\/\/agrarias.ufpr.br\/pgapv\/wp-json\/wp\/v2\/pages\/2365\/revisions\/2378"}],"wp:attachment":[{"href":"https:\/\/agrarias.ufpr.br\/pgapv\/wp-json\/wp\/v2\/media?parent=2365"}],"curies":[{"name":"wp","href":"https:\/\/api.w.org\/{rel}","templated":true}]}}