{"id":2360,"date":"2018-11-09T15:33:12","date_gmt":"2018-11-09T15:33:12","guid":{"rendered":"https:\/\/agrarias.ufpr.br\/pgapv\/?page_id=2360"},"modified":"2026-04-08T00:21:59","modified_gmt":"2026-04-08T00:21:59","slug":"areas-experimentais-setor-palotina","status":"publish","type":"page","link":"https:\/\/agrarias.ufpr.br\/pgapv\/areas-experimentais-setor-palotina\/","title":{"rendered":"\u00c1reas Experimentais &#8211; Setor Palotina\u00a0"},"content":{"rendered":"\n<p><strong>Interesses<\/strong><\/p>\n\n\n\n<p>Al\u00e9m da \u00e1rea experimental existente em redor da Sede do Setor Palotina (\u00e1rea urbana) onde tamb\u00e9m est\u00e3o localizadas a maioria das casas de vegeta\u00e7\u00e3o e outras estruturas de apoio, a UFPR \u2013 Setor Palotina conseguiu ter dispon\u00edvel este ano, uma \u00e1rea experimental em ambiente rural.<\/p>\n\n\n\n<p>No momento grande parte dos experimentos realizados pela equipe s\u00e3o no Campo experimental da C.Vale Cooperativa Agroindustrial e alguns trabalhos tamb\u00e9m s\u00e3o realizados em \u00e1rea de agricultores e outros parceiros na Regi\u00e3o Oeste do Estado do Paran\u00e1.<\/p>\n\n\n\n<p><strong>Coordenador<\/strong><\/p>\n\n\n\n<p><a href=\"https:\/\/agrarias.ufpr.br\/pgapv\/alfredo-junior-paiola-albrecht\/\">Alfredo Junior Paiola Albrecht&nbsp;&nbsp;<\/a><\/p>\n\n\n\n<p><strong>Contato<\/strong><\/p>\n\n\n\n<p><strong><\/strong><strong>&nbsp;<\/strong>+55 (41) 3211-1317<\/p>\n","protected":false},"excerpt":{"rendered":"<p>Interesses Al\u00e9m da \u00e1rea experimental existente em redor da Sede do Setor Palotina (\u00e1rea urbana) onde tamb\u00e9m est\u00e3o localizadas a maioria das casas de vegeta\u00e7\u00e3o e outras estruturas de apoio, a UFPR \u2013 Setor Palotina conseguiu ter dispon\u00edvel este ano, uma \u00e1rea experimental em ambiente rural. No momento grande parte dos experimentos realizados pela equipe [&hellip;]<\/p>\n","protected":false},"author":3,"featured_media":0,"parent":0,"menu_order":0,"comment_status":"closed","ping_status":"closed","template":"","meta":{"footnotes":""},"class_list":["post-2360","page","type-page","status-publish","hentry"],"_links":{"self":[{"href":"https:\/\/agrarias.ufpr.br\/pgapv\/wp-json\/wp\/v2\/pages\/2360","targetHints":{"allow":["GET"]}}],"collection":[{"href":"https:\/\/agrarias.ufpr.br\/pgapv\/wp-json\/wp\/v2\/pages"}],"about":[{"href":"https:\/\/agrarias.ufpr.br\/pgapv\/wp-json\/wp\/v2\/types\/page"}],"author":[{"embeddable":true,"href":"https:\/\/agrarias.ufpr.br\/pgapv\/wp-json\/wp\/v2\/users\/3"}],"replies":[{"embeddable":true,"href":"https:\/\/agrarias.ufpr.br\/pgapv\/wp-json\/wp\/v2\/comments?post=2360"}],"version-history":[{"count":8,"href":"https:\/\/agrarias.ufpr.br\/pgapv\/wp-json\/wp\/v2\/pages\/2360\/revisions"}],"predecessor-version":[{"id":8299,"href":"https:\/\/agrarias.ufpr.br\/pgapv\/wp-json\/wp\/v2\/pages\/2360\/revisions\/8299"}],"wp:attachment":[{"href":"https:\/\/agrarias.ufpr.br\/pgapv\/wp-json\/wp\/v2\/media?parent=2360"}],"curies":[{"name":"wp","href":"https:\/\/api.w.org\/{rel}","templated":true}]}}