{"id":221,"date":"2018-07-04T11:35:05","date_gmt":"2018-07-04T11:35:05","guid":{"rendered":"https:\/\/agrarias.ufpr.br\/pgapv\/?page_id=221"},"modified":"2026-02-04T12:56:52","modified_gmt":"2026-02-04T12:56:52","slug":"agro-7000-analise-de-sementes","status":"publish","type":"page","link":"https:\/\/agrarias.ufpr.br\/pgapv\/agro-7000-analise-de-sementes\/","title":{"rendered":"AGRO 7001 \u2013 An\u00e1lise de Sementes"},"content":{"rendered":"\n<p class=\"Normal_Web_ tm7\"><strong><span class=\"tm8\">N\u00edvel<\/span><\/strong><\/p>\n\n\n\n<p class=\"Normal_Web_ tm7\"><span class=\"tm9\">Mestrado\/Doutorado<\/span><\/p>\n\n\n\n<p class=\"Normal_Web_ tm7\"><strong><span class=\"Forte\">Natureza<\/span><\/strong><\/p>\n\n\n\n<p class=\"Normal_Web_ tm7\"><span class=\"tm9\">Semestral<\/span><\/p>\n\n\n\n<p class=\"Normal_Web_ tm7\"><strong><span class=\"tm8\">Cr\u00e9ditos <\/span><\/strong><\/p>\n\n\n\n<p class=\"Normal_Web_ tm7\"><span class=\"tm9\">04<\/span><\/p>\n\n\n\n<p class=\"Normal_Web_ tm7\"><strong><span class=\"Forte\">Carga hor\u00e1ria<\/span><\/strong><\/p>\n\n\n\n<p class=\"Normal_Web_ tm7\"><span class=\"tm9\">60 horas <\/span><\/p>\n\n\n\n<p class=\"Normal_Web_ tm7\"><strong><span class=\"Forte\">Ementa<\/span><\/strong><\/p>\n\n\n\n<p>Abordagem da import\u00e2ncia da an\u00e1lise no programa de controle de qualidade de sementes. Descri\u00e7\u00e3o das Regras para An\u00e1lise de Sementes. Caracteriza\u00e7\u00e3o dos procedimentos b\u00e1sicos de amostragem de sementes. Estudo dos m\u00e9todos para an\u00e1lise de sementes.<\/p>\n\n\n\n<p class=\"Normal_Web_ tm7\"><strong><span class=\"Forte\">Semestre<\/span><\/strong><\/p>\n\n\n\n<p class=\"Normal_Web_ tm7\"><span class=\"tm9\">1\u00ba semestre de anos \u00edmpares<\/span><\/p>\n\n\n\n<p class=\"Normal_Web_ tm7\"><strong><span class=\"tm8\">Dia\/Hor\u00e1rio<\/span><\/strong><\/p>\n\n\n\n<p class=\"Normal_Web_ tm7\"><span class=\"tm12\">Quinta-feira\/ 08:00 \u2013 12:00 horas<\/span><\/p>\n\n\n\n<p class=\"Normal_Web_ tm7\"><strong><span class=\"Forte\">Docente<\/span><\/strong><\/p>\n\n\n\n<p class=\"Normal_Web_ tm9\"><a href=\"https:\/\/agrarias.ufpr.br\/pgapv\/alfredo-junior-paiola-albrecht\/\">Alfredo Junior Paiola Albrecht<\/a><\/p>\n\n\n\n<p><a href=\"https:\/\/agrarias.ufpr.br\/pgapv\/arthur-arrobas-martins-barroso\/\">Arthur Arrobas Martins Barroso<\/a><\/p>\n\n\n\n<p><a href=\"https:\/\/agrarias.ufpr.br\/pgapv\/leandropaiola\/\" data-type=\"page\" data-id=\"6773\">Leandro Paiola Albrecht<\/a><\/p>\n\n\n\n<p class=\"Normal_Web_ tm7\"><strong><span class=\"tm14\">Bibliografia Recomendada<\/span><\/strong><\/p>\n\n\n\n<p>AOSA \u2013 ASSOCIATION OF OFFICIAL SEED ANALYSTS. Seed vigor testing handbook. Lincoln, 2009. 105 p. (Contribution, 32)<\/p>\n\n\n\n<p>BAALBAKI, R.; ELIAS, S.G.; MARCOS FILHO, J; McDONALD, M. B. Seed Vigor Testing Handbook. 1. ed. Ithaca, NY, EUA: AOSA, 2009. 341p.<\/p>\n\n\n\n<p>BEWLEY, J.D.; BRADFORD, K.; HILHORST, H.; NONOGAKI, H. Seeds &#8211; Physiology of Development, Germination and Dormancy, 3rd Edition. 2013. 392p.<\/p>\n\n\n\n<p>BRASIL. Minist\u00e9rio da Agricultura, Pecu\u00e1ria e Abastecimento. Secretaria de Defesa Agropecu\u00e1ria. Regras para An\u00e1lise de Sementes. MAPA\/ACS, Bras\u00edlia, 2009. 399p.<\/p>\n\n\n\n<p>BRASIL. Minist\u00e9rio da Agricultura, Pecu\u00e1ria e Abastecimento. Secretaria de Defesa Agropecu\u00e1ria. Instru\u00e7\u00f5es para an\u00e1lise de sementes florestais. MAPA, Bras\u00edlia, 2013. 98p.<\/p>\n\n\n\n<p>CARVALHO, N.M.; NAKAGAWA, J. Sementes: Ci\u00eancia, Tecnologia e Produ\u00e7\u00e3o. Jaboticabal: FUNEP, 2012. 590p.<\/p>\n\n\n\n<p>CARVALHO, N.M.; VANZOLINI, S. Considera\u00e7\u00f5es sobre o vigor de sementes e o desenvolvimento de novas tecnologias para sua avalia\u00e7\u00e3o. Informativo ABRATES, v.14, n.1,2,3, 2004.<\/p>\n\n\n\n<p>CICERO, S. M.; VIEIRA, R.D. Teste de Frio. In: Francisco Carlos Krzyzanowski; Roberval Daiton Vieira, Jos\u00e9 de Barros Fran\u00e7a-Neto; Julio Marcos-Filho. (Org.). Vigor de sementes: conceitos e testes. 2ed.Londrina, PR: Abrates, 2020, p.276-315. KRZYZANOWSKI, F.C.; VIEIRA, R.D.; FRAN\u00c7A-NETO, J.B.; MARCOS-FILHO, J. Vigor de sementes: conceitos e testes. 2.ed. Londrina: Abrates, 2020. 598p.<\/p>\n\n\n\n<p>ISTA \u2013 International Seed Testing Association. International Rules for Seed Testing. Bassersdorf: ISTA, 2020. Chapters 1\u201319.<\/p>\n\n\n\n<p>MARCOS -FILHO, J; NOVEMBRE, A. D. L. C. Avalia\u00e7\u00e3o do potencial fisiol\u00f3gico de sementes de hortali\u00e7as. In: Warley Marcos Nascimento. (Org.). Tecnologia de Sementes de Hortali\u00e7as. Bras\u00edlia: Tech Gr\u00e1fica e Editora Ltda, 2009, v.1, p.185-243.<\/p>\n\n\n\n<p>MARCOS-FILHO, J.; VIEIRA, R.D. Seed Vigor Tests: Principles &#8211; Conductivity Tests. In: Riad Baalbaki; Sabry Elias; Julio Marcos Filho; Miller B. McDonald. (Org.). Seed Vigor Testing Handbook. 1\u00aaed.Ithaca: AOSA, 2009, p.77-90.<\/p>\n\n\n\n<p>VIEIRA, R.D.; PANOBIANCO, M.; MARCOS-FILHO, J. Avalia\u00e7\u00e3o do potencial fisiol\u00f3gico de sementes. In: Tuneo Sediyama (Org.). Tecnologias de produ\u00e7\u00e3o de sementes de soja. 1ed. Londrina: Mecenas, 2013, p.109-134.<\/p>\n","protected":false},"excerpt":{"rendered":"<p>N\u00edvel Mestrado\/Doutorado Natureza Semestral Cr\u00e9ditos 04 Carga hor\u00e1ria 60 horas Ementa Abordagem da import\u00e2ncia da an\u00e1lise no programa de controle de qualidade de sementes. Descri\u00e7\u00e3o das Regras para An\u00e1lise de Sementes. Caracteriza\u00e7\u00e3o dos procedimentos b\u00e1sicos de amostragem de sementes. Estudo dos m\u00e9todos para an\u00e1lise de sementes. Semestre 1\u00ba semestre de anos \u00edmpares Dia\/Hor\u00e1rio Quinta-feira\/ 08:00 [&hellip;]<\/p>\n","protected":false},"author":3,"featured_media":0,"parent":0,"menu_order":0,"comment_status":"closed","ping_status":"closed","template":"","meta":{"footnotes":""},"class_list":["post-221","page","type-page","status-publish","hentry"],"_links":{"self":[{"href":"https:\/\/agrarias.ufpr.br\/pgapv\/wp-json\/wp\/v2\/pages\/221","targetHints":{"allow":["GET"]}}],"collection":[{"href":"https:\/\/agrarias.ufpr.br\/pgapv\/wp-json\/wp\/v2\/pages"}],"about":[{"href":"https:\/\/agrarias.ufpr.br\/pgapv\/wp-json\/wp\/v2\/types\/page"}],"author":[{"embeddable":true,"href":"https:\/\/agrarias.ufpr.br\/pgapv\/wp-json\/wp\/v2\/users\/3"}],"replies":[{"embeddable":true,"href":"https:\/\/agrarias.ufpr.br\/pgapv\/wp-json\/wp\/v2\/comments?post=221"}],"version-history":[{"count":13,"href":"https:\/\/agrarias.ufpr.br\/pgapv\/wp-json\/wp\/v2\/pages\/221\/revisions"}],"predecessor-version":[{"id":7685,"href":"https:\/\/agrarias.ufpr.br\/pgapv\/wp-json\/wp\/v2\/pages\/221\/revisions\/7685"}],"wp:attachment":[{"href":"https:\/\/agrarias.ufpr.br\/pgapv\/wp-json\/wp\/v2\/media?parent=221"}],"curies":[{"name":"wp","href":"https:\/\/api.w.org\/{rel}","templated":true}]}}